-- Dumping data for table `indicator_value_types`
--

INSERT INTO `indicator_value_types` VALUES (1,'Ratio'),(2,'Percentage'),(3,'Number in Lakhs'),(4,'Number of SHGs (All India figures in lakhs)'),(5,'Number'),(6,'Number per lakh'),(7,'Proportion'),(8,'kg/hectare'),(9,'Quintal (Cwt)'),(10,'Rate'),(11,'Number / 1000'),(12,'Number / Lakh'),(13,'Rate per Million'),(14,'Rate Per 1 Lakh'),(15,'Number per Lakh Population'),(16,'Per 1000 Women'),(17,'Rate'),(18,'Per 10,000 Population'),(19,'Number Per Lakh Women'),(20,'Females per 1000 males'),(21,'Rs. per day'),(22,'(m3/person)'),(23,'kilowatt-hours (kWh) '),(24,'Hours/Day'),(25,'Megawatt (MW) '),(26,'(in watts per capita)'),(27,'Rs. In Crore'),(28,'Crores'),(29,'Percentage '),(30,'KG Per Capita'),(31,'Per month in Rupees'),(32,'Per Ten Lakh population'),(33,'Subscribers/10000 Pop'),(34,'Co-efficient (Ratio)'),(35,'Rs (in crores) '),(36,'Persons per lakh population'),(37,'Rs. per capita'),(38,'Kgs/year'),(39,'Percentage loss'),(40,'MT/ person thousand person (Kg/Person)'),(41,'Million Tonnes'),(42,'watts per capita'),(43,'Area in the Sq. Km'),(44,'Hectares'),(45,'Percentage Change'),(46,'Rate per lakh children'),(47,'Rupees in crore'),(48,'Rupees in crore/Percentage');

--
-- Table structure for table `indicators`
--

CREATE TABLE `indicators` (
  `id` bigint unsigned NOT NULL AUTO_INCREMENT,
  `indicator_number` varchar(30) CHARACTER SET utf8mb4 COLLATE utf8mb4_unicode_ci NOT NULL,
  `indicator_name` varchar(500) CHARACTER SET utf8mb4 COLLATE utf8mb4_unicode_ci NOT NULL,
  `unit` enum('Percentage','Absolute','Ratio') CHARACTER SET utf8mb4 COLLATE utf8mb4_unicode_ci NOT NULL DEFAULT 'Percentage',
  `min_value` int NOT NULL DEFAULT '0',
  `max_value` int NOT NULL DEFAULT '100',
  `department_id` bigint unsigned DEFAULT NULL,
  `scheme_id` bigint unsigned DEFAULT NULL,
  `target_id` bigint unsigned NOT NULL,
  `goal_id` bigint unsigned NOT NULL,
  `is_positive_indicator` enum('Positive','Negative') CHARACTER SET utf8mb4 COLLATE utf8mb4_unicode_ci NOT NULL DEFAULT 'Positive',
  `is_utif` enum('No','Yes') CHARACTER SET utf8mb4 COLLATE utf8mb4_unicode_ci NOT NULL DEFAULT 'No',
  `is_dif` enum('No','Yes') CHARACTER SET utf8mb4 COLLATE utf8mb4_unicode_ci NOT NULL DEFAULT 'No',
  `baseline_year_id` bigint unsigned DEFAULT NULL,
  `baseline_year` varchar(10) CHARACTER SET utf8mb3 COLLATE utf8mb3_unicode_ci NOT NULL,
  `status` enum('Inactive','Active') CHARACTER SET utf8mb4 COLLATE utf8mb4_unicode_ci NOT NULL DEFAULT 'Active',
  `is_discontinue` enum('No','Yes') CHARACTER SET utf8mb4 COLLATE utf8mb4_unicode_ci NOT NULL DEFAULT 'No',
  `consider_for_ranking` enum('No','Yes') CHARACTER SET utf8mb4 COLLATE utf8mb4_unicode_ci NOT NULL DEFAULT 'No',
  `date_added` datetime NOT NULL DEFAULT CURRENT_TIMESTAMP,
  `date_updated` datetime DEFAULT NULL,
  PRIMARY KEY (`id`),
  KEY `indicators_department_id_foreign` (`department_id`),
  KEY `indicators_scheme_id_foreign` (`scheme_id`),
  KEY `indicators_target_id_foreign` (`target_id`),
  KEY `indicators_goal_id_foreign` (`goal_id`),
  CONSTRAINT `indicators_department_id_foreign` FOREIGN KEY (`department_id`) REFERENCES `departments` (`id`),
  CONSTRAINT `indicators_goal_id_foreign` FOREIGN KEY (`goal_id`) REFERENCES `goals` (`id`),
  CONSTRAINT `indicators_scheme_id_foreign` FOREIGN KEY (`scheme_id`) REFERENCES `schemes` (`scheme_id`),
  CONSTRAINT `indicators_target_id_foreign` FOREIGN KEY (`target_id`) REFERENCES `targets` (`target_id`)
) ENGINE=InnoDB AUTO_INCREMENT=568 DEFAULT CHARSET=utf8mb4 COLLATE=utf8mb4_unicode_ci;

--
-- Dumping data for table `indicators`
--

INSERT INTO `indicators` VALUES (1,'1.1.1.(i)','Poverty Gap Ratio (Rural)','Ratio',0,100,12,NULL,1,1,'Negative','Yes','No',3,'2020-2021','Active','No','No','2024-05-02 13:26:23','2024-05-02 13:26:23'),(2,'1.1.1.(ii)','Poverty Gap Ratio (Urban)','Ratio',0,100,12,NULL,1,1,'Negative','Yes','No',3,'2020-2021','Active','No','No','2024-05-02 13:44:00','2024-05-02 13:44:00'),(3,'1.1.1.a.(i)','Multi Dimensional Poverty Index (Total)','Percentage',0,100,12,NULL,1,1,'Negative','Yes','No',3,'2020-2021','Active','No','No','2024-05-02 13:44:00','2024-05-02 13:44:00'),(4,'1.1.1.a.(ii)','Multi Dimensional Poverty Index (Rural)','Percentage',0,100,12,NULL,1,1,'Negative','Yes','No',3,'2020-2021','Active','No','No','2024-05-02 13:44:00','2024-05-02 13:44:00'),(6,'1.1.1.a.(iii)','Multi Dimensional Poverty Index (Urban)','Percentage',0,100,12,NULL,1,1,'Negative','Yes','No',3,'2020-2021','Active','No','No','2024-05-02 13:44:00','2024-05-02 13:44:00'),(7,'1.2.1.(i)','Proportion of population living below the national poverty line (Total)','Percentage',0,100,12,NULL,2,1,'Negative','Yes','No',3,'2020-2021','Active','No','No','2024-05-02 13:44:00','2024-05-02 13:44:00'),(8,'1.2.1.(ii)','Proportion of population living below the national poverty line (Rural)','Percentage',0,100,12,NULL,2,1,'Negative','Yes','No',3,'2020-2021','Active','No','No','2024-05-02 13:44:00','2024-05-02 13:44:00'),(9,'1.2.1.(iii)','Proportion of population living below the national poverty line (Urban)','Percentage',0,100,12,NULL,2,1,'Negative','Yes','No',3,'2020-2021','Active','No','No','2024-05-02 13:44:00','2024-05-02 13:44:00'),(10,'1.2.1.a.i','Headcount Ratio as per the Multi-Dimensional Poverty Index (Total)','Ratio',0,100,12,NULL,2,1,'Negative','Yes','No',3,'2020-2021','Active','No','No','2024-05-02 13:44:00','2024-05-02 13:44:00'),(11,'1.2.1.a.ii','Headcount Ratio as per the Multi-Dimensional Poverty Index (Rural)','Ratio',0,100,12,NULL,2,1,'Negative','Yes','No',3,'2020-2021','Active','No','No','2024-05-02 13:44:00','2024-05-02 13:44:00'),(12,'1.2.1.a.iii','Headcount Ratio as per the Multi-Dimensional Poverty Index (Urban)','Ratio',0,100,12,NULL,2,1,'Negative','Yes','No',3,'2020-2021','Active','No','No','2024-05-02 13:44:00','2024-05-02 13:44:00'),(13,'1.3.1.i','Percentage of households with any usual member covered by a health scheme or health insurance (Overall)','Percentage',0,100,5,NULL,3,1,'Positive','Yes','No',3,'2020-2021','Active','No','No','2024-05-02 13:44:00','2024-05-02 13:44:00'),(14,'1.3.1.ii','Percentage of households with any usual member covered by a health scheme or health insurance (Rural)','Percentage',0,100,5,NULL,3,1,'Positive','Yes','No',3,'2020-2021','Active','No','No','2024-05-02 13:44:00','2024-05-02 13:44:00'),(15,'1.3.1.iii','Percentage of households with any usual member covered by a health scheme or health insurance (Urban)','Percentage',0,100,5,NULL,3,1,'Positive','Yes','No',3,'2020-2021','Active','No','No','2024-05-02 13:44:00','2024-05-02 13:44:00'),(16,'1.3.2.i','Number of beneficiaries under Integrated Child Development Scheme - ICDS (Overall)','Absolute',0,100,11,NULL,3,1,'Positive','Yes','No',3,'2020-2021','Active','No','No','2024-05-02 13:44:00','2024-05-02 13:44:00'),(17,'1.3.2.ii','Number of beneficiaries under Integrated Child Development Scheme - ICDS (Children)','Absolute',0,100,11,NULL,3,1,'Positive','Yes','No',3,'2020-2021','Active','No','No','2024-05-02 13:44:00','2024-05-02 13:44:00'),(18,'1.3.2.iii','Number of beneficiaries under Integrated Child Development Scheme - ICDS (P&L Mother)','Absolute',0,100,11,NULL,3,1,'Positive','Yes','No',3,'2020-2021','Active','No','No','2024-05-02 13:44:00','2024-05-02 13:44:00'),(19,'1.3.3','Persons offered employment as a percentage of persons who demanded employment under Mahatma Gandhi National Rural Employment Guarantee Act (MGNREGA)','Percentage',0,100,9,NULL,3,1,'Positive','Yes','No',3,'2020-2021','Active','No','No','2024-05-02 13:44:00','2024-05-02 13:44:00'),(20,'1.3.4','Number of Self Help Groups (SHGs) provided bank credit linkage','Absolute',0,100,14,NULL,3,1,'Positive','Yes','No',3,'2020-2021','Active','No','No','2024-05-02 13:44:00','2024-05-02 13:44:00'),(21,'1.3.5','Proportion of the population (out of total eligible population) receiving social protection benefits under Pradhan Mantri Matritva Vandana Yojana (PMMVY)','Percentage',0,100,11,NULL,3,1,'Positive','Yes','No',3,'2020-2021','Active','No','No','2024-05-02 13:44:00','2024-05-02 13:44:00'),(22,'1.3.6','Number of senior citizens provided institutional assistance through Senior Citizen Homes/Day Care Centers funded by the Government','Absolute',0,100,11,NULL,3,1,'Positive','Yes','No',3,'2020-2021','Active','No','No','2024-05-02 13:44:00','2024-05-02 13:44:00'),(23,'1.3.7.a','Percentage of population above 60 years getting Geriatric service','Percentage',0,100,5,NULL,3,1,'Positive','Yes','No',3,'2020-2021','Active','No','No','2024-05-02 13:44:00','2024-05-02 13:44:00'),(24,'1.3.7.b','Percentage of population above 60 years getting palliative service','Percentage',0,100,5,NULL,3,1,'Positive','Yes','No',3,'2020-2021','Active','No','No','2024-05-02 13:44:00','2024-05-02 13:44:00'),(25,'1.4.1.a','Percentage of currently married women aged 15-49 years who have their need for family planning satisfied with modern methods (Indicator 3.7.1)','Percentage',0,100,5,NULL,4,1,'Positive','Yes','No',3,'2020-2021','Active','No','No','2024-05-02 13:44:00','2024-05-02 13:44:00'),(26,'1.4.1.b.(i)','Percentage of students in grade 3 achieving at least a minimum proficiency level (Language) in terms of nationally defined learning outcomes to be attained by pupils at the end of each of above grade (Indicator 4.1.1.(i).a)','Percentage',0,100,27,NULL,4,1,'Positive','Yes','No',3,'2020-2021','Active','No','No','2024-05-02 13:44:00','2024-05-02 13:44:00'),(27,'1.4.1.b.(ii)','Percentage of students in grade 3 achieving at least a minimum proficiency level (Mathematics) in terms of nationally defined learning outcomes to be attained by pupils at the end of each of above grade (Indicator 4.1.1.(i).b)','Percentage',0,100,27,NULL,4,1,'Positive','Yes','No',3,'2020-2021','Active','No','No','2024-05-02 13:44:00','2024-05-02 13:44:00'),(28,'1.4.1.b.(iii)','Percentage of students in grade 5 achieving at least a minimum proficiency level (Language) in terms of nationally defined learning outcomes to be attained by pupils at the end of each of above grade (Indicator 4.1.1.(ii).a)','Percentage',0,100,27,NULL,4,1,'Positive','Yes','No',3,'2020-2021','Active','No','No','2024-05-02 13:44:00','2024-05-02 13:44:00'),(29,'1.4.1.b.(iv)','Percentage of students in grade 5 achieving at least a minimum proficiency level (Mathematics) in terms of nationally defined learning outcomes to be attained by pupils at the end of each of above grade (Indicator 4.1.1.(ii).b)','Percentage',0,100,27,NULL,4,1,'Positive','Yes','No',3,'2020-2021','Active','No','No','2024-05-02 13:44:00','2024-05-02 13:44:00'),(30,'1.4.1.b.(v)','Percentage of students in grade 8 achieving at least a minimum proficiency level (Language) in terms of nationally defined learning outcomes to be attained by pupils at the end of each of above grade (Indicator 4.1.1.(iii).a)','Percentage',0,100,27,NULL,4,1,'Positive','Yes','No',3,'2020-2021','Active','No','No','2024-05-02 13:44:00','2024-05-02 13:44:00'),(31,'1.4.1.b.(vi)','Percentage of students in grade 8 achieving at least a minimum proficiency level (Mathematics) in terms of nationally defined learning outcomes to be attained by pupils at the end of each of above grade (Indicator 4.1.1.(iii).b)','Percentage',0,100,27,NULL,4,1,'Positive','Yes','No',3,'2020-2021','Active','No','No','2024-05-02 13:44:00','2024-05-02 13:44:00'),(32,'1.4.1.c','Percentage of Population getting safe and adequate drinking water within premises through Pipe Water Supply (PWS) (Rural) (Indicator 6.1.1)','Percentage',0,100,20,NULL,4,1,'Positive','Yes','No',3,'2020-2021','Active','No','No','2024-05-02 13:44:00','2024-05-02 13:44:00'),(33,'1.4.1.d.(i)','Proportion of households having access to toilet facility (Overall)','Percentage',0,100,12,NULL,4,1,'Positive','Yes','No',3,'2020-2021','Active','No','No','2024-05-02 13:44:00','2024-05-02 13:44:00'),(34,'1.4.1.d.(ii)','Proportion of households having access to toilet facility (Rural) (Indicator 6.2.1(i))','Percentage',0,100,9,NULL,4,1,'Positive','Yes','No',3,'2020-2021','Active','No','No','2024-05-02 13:44:00','2024-05-02 13:44:00'),(35,'1.4.1.d.(iii)','Proportion of households having access to toilet facility (Urban) (Indicator 6.2.1(ii))','Percentage',0,100,17,NULL,4,1,'Positive','Yes','No',3,'2020-2021','Active','No','No','2024-05-02 13:44:00','2024-05-02 13:44:00'),(36,'1.4.1.e','Percentage of households electrified (Indicator 7.1.1)','Percentage',0,100,25,NULL,4,1,'Positive','Yes','No',3,'2020-2021','Active','No','No','2024-05-02 13:44:00','2024-05-02 13:44:00'),(37,'1.4.1.f','Percentage of households using clean cooking fuel (Indicator 7.1.2)','Percentage',0,100,4,NULL,4,1,'Positive','Yes','No',3,'2020-2021','Active','No','No','2024-05-02 13:44:00','2024-05-02 13:44:00'),(38,'1.4.2','Number of telephone subscriptions as percentage of total population','Percentage',0,100,19,NULL,4,1,'Positive','Yes','No',3,'2020-2021','Active','No','No','2024-05-02 13:44:00','2024-05-02 13:44:00'),(39,'1.4.3.a.i','Proportion of homeless population to total population (Homeless Households) (Total)','Percentage',0,100,12,NULL,4,1,'Negative','Yes','No',3,'2020-2021','Active','No','No','2024-05-02 13:44:00','2024-05-02 13:44:00'),(40,'1.4.3.a.ii','Proportion of homeless population to total population (Homeless Households) (Rural)','Percentage',0,100,12,NULL,4,1,'Negative','Yes','No',3,'2020-2021','Active','No','No','2024-05-02 13:44:00','2024-05-02 13:44:00'),(41,'1.4.3.a.iii','Proportion of homeless population to total population (Homeless Households) (Urban)','Percentage',0,100,12,NULL,4,1,'Negative','Yes','No',3,'2020-2021','Active','No','No','2024-05-02 13:44:00','2024-05-02 13:44:00'),(42,'1.4.3.b (i)','Proportion of households living in Katcha Houses (Rural)','Percentage',0,100,9,NULL,4,1,'Negative','Yes','No',3,'2020-2021','Active','No','No','2024-05-02 13:44:00','2024-05-02 13:44:00'),(43,'1.4.3.b (ii)','Proportion of households living in Katcha Houses (Urban)','Percentage',0,100,17,NULL,4,1,'Negative','Yes','No',3,'2020-2021','Active','No','No','2024-05-02 13:44:00','2024-05-02 13:44:00'),(44,'1.5.1','Number of deaths and missing persons attributed to disasters per 1,00,000 population (Indicator 13.1.1 and 11.5.1.b)','Absolute',0,100,3,NULL,5,1,'Negative','Yes','No',3,'2020-2021','Active','No','No','2024-05-02 13:44:00','2024-05-02 13:44:00'),(45,'1.5.2','Whether the UT has adopted and implemented national disaster risk reduction (Indicator 11.b.1 and 13.2.1)','Absolute',0,100,3,NULL,5,1,'Positive','Yes','No',3,'2020-2021','Active','No','No','2024-05-02 13:44:00','2024-05-02 13:44:00'),(46,'1.5.4.a','Number of transit shelter-sheds constructed for tribal population en-route nomadic routes','Absolute',0,100,29,NULL,5,1,'Positive','Yes','No',3,'2020-2021','Active','No','No','2024-05-02 13:44:00','2024-05-02 13:44:00'),(47,'1.a.2 (i)','Proportion of total government spending on essential services (Education)','Percentage',0,100,12,NULL,6,1,'Positive','Yes','No',3,'2020-2021','Active','No','No','2024-05-02 13:44:00','2024-05-02 13:44:00'),(48,'1.a.2 (ii)','Proportion of total government spending on essential services (Health)','Percentage',0,100,12,NULL,6,1,'Positive','Yes','No',3,'2020-2021','Active','No','No','2024-05-02 13:44:00','2024-05-02 13:44:00'),(49,'1.a.2 (iii)','Proportion of total government spending on essential services (Social Protection)','Percentage',0,100,12,NULL,6,1,'Positive','Yes','No',3,'2020-2021','Active','No','No','2024-05-02 13:44:00','2024-05-02 13:44:00'),(50,'1.a.2 (iv)','Proportion of total government spending on essential services (Health, Education & Social Protection)','Percentage',0,100,12,NULL,6,1,'Positive','Yes','No',3,'2020-2021','Active','No','No','2024-05-02 13:44:00','2024-05-02 13:44:00'),(51,'2.1.1.i','Percentage of children aged under 5 years who are underweight (Overall)','Percentage',0,100,11,NULL,7,2,'Negative','Yes','No',3,'2020-2021','Active','No','No','2024-05-02 13:44:00','2024-05-02 13:44:00'),(52,'2.1.1.ii','Percentage of children aged under 5 years who are underweight (Rural)','Percentage',0,100,11,NULL,7,2,'Negative','Yes','No',3,'2020-2021','Active','No','No','2024-05-02 13:44:00','2024-05-02 13:44:00'),(53,'2.1.1.iii','Percentage of children aged under 5 years who are underweight (Urban)','Percentage',0,100,11,NULL,7,2,'Negative','Yes','No',3,'2020-2021','Active','No','No','2024-05-02 13:44:00','2024-05-02 13:44:00'),(54,'2.1.2','Proportion of beneficiaries covered under National Food Security Act 2013','Percentage',0,100,4,NULL,7,2,'Positive','Yes','No',3,'2020-2021','Active','No','No','2024-05-02 13:44:00','2024-05-02 13:44:00'),(55,'2.1.3.a','Percentage of children aged 0-6 years enrolled in Anganwadi centres who are underweight','Percentage',0,100,11,NULL,7,2,'Negative','Yes','No',3,'2020-2021','Active','No','No','2024-05-02 13:44:00','2024-05-02 13:44:00'),(56,'2.1.3.b','Percentage of children aged 0-6 years enrolled in ICDS who are stunted','Percentage',0,100,11,NULL,7,2,'Negative','Yes','No',3,'2020-2021','Active','No','No','2024-05-02 13:44:00','2024-05-02 13:44:00'),(57,'2.1.3.c','Percentage of children aged 0-6 years enrolled in ICDS who are wasted','Percentage',0,100,11,NULL,7,2,'Negative','Yes','No',3,'2020-2021','Active','No','No','2024-05-02 13:44:00','2024-05-02 13:44:00'),(58,'2.2.1.i','Percentage of children under age 5 years who are stunted (Overall)','Percentage',0,100,11,NULL,8,2,'Negative','Yes','No',3,'2020-2021','Active','No','No','2024-05-02 13:44:00','2024-05-02 13:44:00'),(59,'2.2.1.ii','Percentage of children under age 5 years who are stunted (Rural)','Percentage',0,100,11,NULL,8,2,'Negative','Yes','No',3,'2020-2021','Active','No','No','2024-05-02 13:44:00','2024-05-02 13:44:00'),(60,'2.2.1.iii','Percentage of children under age 5 years who are stunted (Urban)','Percentage',0,100,11,NULL,8,2,'Negative','Yes','No',3,'2020-2021','Active','No','No','2024-05-02 13:44:00','2024-05-02 13:44:00'),(61,'2.2.2.i','Prevalence of malnutrition among children under 5 years of age, who are wasted (Overall)','Percentage',0,100,11,NULL,8,2,'Negative','Yes','No',3,'2020-2021','Active','No','No','2024-05-02 13:44:00','2024-05-02 13:44:00'),(62,'2.2.2.ii','Prevalence of malnutrition among children under 5 years of age, who are wasted (Rural)','Percentage',0,100,11,NULL,8,2,'Negative','Yes','No',3,'2020-2021','Active','No','No','2024-05-02 13:44:00','2024-05-02 13:44:00'),(63,'2.2.2.iii','Prevalence of malnutrition among children under 5 years of age, who are wasted (Urban)','Percentage',0,100,11,NULL,8,2,'Negative','Yes','No',3,'2020-2021','Active','No','No','2024-05-02 13:44:00','2024-05-02 13:44:00'),(64,'2.2.2.a','Proportion of Low Birth Weight babies among new born in the district','Percentage',0,100,5,NULL,8,2,'Negative','Yes','No',3,'2020-2021','Active','No','No','2024-05-02 13:44:00','2024-05-02 13:44:00'),(65,'2.2.3.i','Percentage of pregnant women age 15-49 years who are anaemic (<11g/dl) (Overall)','Percentage',0,100,5,NULL,8,2,'Negative','Yes','No',3,'2020-2021','Active','No','No','2024-05-02 13:44:00','2024-05-02 13:44:00'),(66,'2.2.3.ii','Percentage of pregnant women age 15-49 years who are anaemic (<11g/dl) (Rural)','Percentage',0,100,5,NULL,8,2,'Negative','Yes','No',3,'2020-2021','Active','No','No','2024-05-02 13:44:00','2024-05-02 13:44:00'),(67,'2.2.3.iii','Percentage of pregnant women age 15-49 years who are anaemic (<11g/dl) (Urban)','Percentage',0,100,5,NULL,8,2,'Negative','Yes','No',3,'2020-2021','Active','No','No','2024-05-02 13:44:00','2024-05-02 13:44:00'),(68,'2.2.3.a','Percentage of pregnant women age 15-49 who are severely anaemic (<7g/dl)','Percentage',0,100,5,NULL,8,2,'Negative','Yes','No',3,'2020-2021','Active','No','No','2024-05-02 13:44:00','2024-05-02 13:44:00'),(69,'2.2.3.b','Percentage of women age 15-49 who are severely anaemic (<7g/dl)','Percentage',0,100,5,NULL,8,2,'Negative','Yes','No',3,'2020-2021','Active','No','No','2024-05-02 13:44:00','2024-05-02 13:44:00'),(70,'2.2.4.i','Percentage of Women whose Body Mass Index (BMI) is below normal (BMI <18.5 kg/m^2) (Overall)','Percentage',0,100,5,NULL,8,2,'Negative','Yes','No',3,'2020-2021','Active','No','No','2024-05-02 13:44:00','2024-05-02 13:44:00'),(71,'2.2.4.ii','Percentage of Women whose Body Mass Index (BMI) is below normal (BMI <18.5 kg/m^2) (Rural)','Percentage',0,100,5,NULL,8,2,'Negative','Yes','No',3,'2020-2021','Active','No','No','2024-05-02 13:44:00','2024-05-02 13:44:00'),(72,'2.2.4.iii','Percentage of Women whose Body Mass Index (BMI) is below normal (BMI <18.5 kg/m^2) (Urban)','Percentage',0,100,5,NULL,8,2,'Negative','Yes','No',3,'2020-2021','Active','No','No','2024-05-02 13:44:00','2024-05-02 13:44:00'),(73,'2.2.5.i','Percentage of children age 6-59 months who are anaemic (Hb<11.0 g/dl) (Overall)','Percentage',0,100,11,NULL,8,2,'Negative','Yes','No',3,'2020-2021','Active','No','No','2024-05-02 13:44:00','2024-05-02 13:44:00'),(74,'2.2.5.ii','Percentage of children age 6-59 months who are anaemic (Hb<11.0 g/dl) (Rural)','Percentage',0,100,11,NULL,8,2,'Negative','Yes','No',3,'2020-2021','Active','No','No','2024-05-02 13:44:00','2024-05-02 13:44:00'),(75,'2.2.5.iii','Percentage of children age 6-59 months who are anaemic (Hb<11.0 g/dl) (Urban)','Percentage',0,100,11,NULL,8,2,'Negative','Yes','No',3,'2020-2021','Active','No','No','2024-05-02 13:44:00','2024-05-02 13:44:00'),(76,'2.3.1 (i)','Agriculture productivity of rice (yield in kg/hectare)','Absolute',0,100,1,NULL,9,2,'Positive','Yes','No',3,'2020-2021','Active','No','No','2024-05-02 13:44:00','2024-05-02 13:44:00'),(77,'2.3.1 (ii)','Agriculture productivity of wheat (yield in kg/hectare)','Absolute',0,100,1,NULL,9,2,'Positive','Yes','No',3,'2020-2021','Active','No','No','2024-05-02 13:44:00','2024-05-02 13:44:00'),(78,'2.3.1.a','Percentage increase in Horticulture Produce (Fresh Fruits + Dry Fruits)','Percentage',0,100,7,NULL,9,2,'Positive','Yes','No',3,'2020-2021','Active','No','No','2024-05-02 13:44:00','2024-05-02 13:44:00'),(79,'2.3.1.b','Percentage increase in Value of Horticulture Produce (Fresh Fruits + Dry Fruits)','Percentage',0,100,7,NULL,9,2,'Positive','Yes','No',3,'2020-2021','Active','No','No','2024-05-02 13:44:00','2024-05-02 13:44:00'),(80,'2.3.1.c','Contribution of Horticulture Produce in the Agriculture sector','Percentage',0,100,7,NULL,9,2,'Positive','Yes','No',3,'2020-2021','Active','No','No','2024-05-02 13:44:00','2024-05-02 13:44:00'),(81,'2.3.1.d','Saffron production in the State','Absolute',0,100,1,NULL,9,2,'Positive','Yes','No',3,'2020-2021','Active','No','No','2024-05-02 13:44:00','2024-05-02 13:44:00'),(82,'2.4.1','Proportion of Net Sown Area to Cultivable land','Percentage',0,100,1,NULL,10,2,'Positive','Yes','No',3,'2020-2021','Active','No','No','2024-05-02 13:44:00','2024-05-02 13:44:00'),(83,'2.4.2','Percentage of farmers issued Soil Health Card','Percentage',0,100,1,NULL,10,2,'Positive','Yes','No',3,'2020-2021','Active','No','No','2024-05-02 13:44:00','2024-05-02 13:44:00'),(84,'2.4.3','Percentage of net area under organic farming','Percentage',0,100,1,NULL,10,2,'Positive','Yes','No',3,'2020-2021','Active','No','No','2024-05-02 13:44:00','2024-05-02 13:44:00'),(85,'2.4.4','Percentage increase in the production of millets in UT','Percentage',0,100,1,NULL,10,2,'Positive','Yes','No',3,'2020-2021','Active','No','No','2024-05-02 13:44:00','2024-05-02 13:44:00'),(86,'2.a.2','Percentage share of expenditure in Intellectual Property Product (R&D) in agriculture to GVA agriculture','Percentage',0,100,1,NULL,11,2,'Positive','Yes','No',3,'2020-2021','Active','No','No','2024-05-02 13:44:00','2024-05-02 13:44:00'),(87,'2.c.1','Percentage of Agriculture Mandis enrolled in e-market','Percentage',0,100,7,NULL,12,2,'Positive','Yes','No',3,'2020-2021','Active','No','No','2024-05-02 13:44:00','2024-05-02 13:44:00'),(88,'2.c.2','Ratio of available cold storage capacity to fruit production in the UT','Ratio',0,100,7,NULL,12,2,'Positive','Yes','No',3,'2020-2021','Active','No','No','2024-05-02 13:44:00','2024-05-02 13:44:00'),(89,'3.1.1','Maternal Mortality Ratio (MMR), (per 1,00,000 live births)','Ratio',0,100,5,NULL,13,3,'Negative','Yes','No',3,'2020-2021','Active','No','No','2024-05-02 13:44:00','2024-05-02 13:44:00'),(90,'3.1.2.i','Percentage of births attended by skilled health personnel (period 5 years) (Overall)','Percentage',0,100,5,NULL,13,3,'Positive','Yes','No',3,'2020-2021','Active','No','No','2024-05-02 13:44:00','2024-05-02 13:44:00'),(91,'3.1.2.ii','Percentage of births attended by skilled health personnel (period 5 years) (Rural)','Percentage',0,100,5,NULL,13,3,'Positive','Yes','No',3,'2020-2021','Active','No','No','2024-05-02 13:44:00','2024-05-02 13:44:00'),(92,'3.1.2.iii','Percentage of births attended by skilled health personnel (period 5 years) (Urban)','Percentage',0,100,5,NULL,13,3,'Positive','Yes','No',3,'2020-2021','Active','No','No','2024-05-02 13:44:00','2024-05-02 13:44:00'),(93,'3.1.3','Percentage of births attended by skilled health personnel (period 1 years)','Percentage',0,100,5,NULL,13,3,'Positive','Yes','No',3,'2020-2021','Active','No','No','2024-05-02 13:44:00','2024-05-02 13:44:00'),(94,'3.1.4.i','Percentage of women aged 15-49 years with a live birth, for last birth, who received antenatal care, four times or more (Overall)','Percentage',0,100,5,NULL,13,3,'Positive','Yes','No',3,'2020-2021','Active','No','No','2024-05-02 13:44:00','2024-05-02 13:44:00'),(95,'3.1.4.ii','Percentage of women aged 15-49 years with a live birth, for last birth, who received antenatal care, four times or more (Rural)','Percentage',0,100,5,NULL,13,3,'Positive','Yes','No',3,'2020-2021','Active','No','No','2024-05-02 13:44:00','2024-05-02 13:44:00'),(96,'3.1.4.iii','Percentage of women aged 15-49 years with a live birth, for last birth, who received antenatal care, four times or more (Urban)','Percentage',0,100,5,NULL,13,3,'Positive','Yes','No',3,'2020-2021','Active','No','No','2024-05-02 13:44:00','2024-05-02 13:44:00'),(97,'3.2.1.i','Under-five Mortality Rate (per 1000 birth) (Overall)','Absolute',0,100,5,NULL,14,3,'Negative','Yes','No',3,'2020-2021','Active','No','No','2024-05-02 13:44:00','2024-05-02 13:44:00'),(98,'3.2.1.ii','Under-five Mortality Rate (per 1000 birth) (Rural)','Absolute',0,100,5,NULL,14,3,'Negative','Yes','No',3,'2020-2021','Active','No','No','2024-05-02 13:44:00','2024-05-02 13:44:00'),(99,'3.2.1.iii','Under-five Mortality Rate (per 1000 birth) (Urban)','Absolute',0,100,5,NULL,14,3,'Negative','Yes','No',3,'2020-2021','Active','No','No','2024-05-02 13:44:00','2024-05-02 13:44:00'),(100,'3.2.2.i','Neonatal Mortality Rate (per 1000 birth) (Overall)','Absolute',0,100,5,NULL,14,3,'Negative','Yes','No',3,'2020-2021','Active','No','No','2024-05-02 13:44:00','2024-05-02 13:44:00'),(101,'3.2.2.ii','Neonatal Mortality Rate (per 1000 birth) (Rural)','Absolute',0,100,5,NULL,14,3,'Negative','Yes','No',3,'2020-2021','Active','No','No','2024-05-02 13:44:00','2024-05-02 13:44:00'),(102,'3.2.2.iii','Neonatal Mortality Rate (per 1000 birth) (Urban)','Absolute',0,100,5,NULL,14,3,'Negative','Yes','No',3,'2020-2021','Active','No','No','2024-05-02 13:44:00','2024-05-02 13:44:00'),(103,'3.3.1','Number of new HIV infections per 1,000 uninfected population','Absolute',0,100,5,NULL,15,3,'Negative','Yes','No',3,'2020-2021','Active','No','No','2024-05-02 13:44:00','2024-05-02 13:44:00'),(104,'3.3.2','Tuberculosis incidence per 1,00,000 population','Absolute',0,100,5,NULL,15,3,'Negative','Yes','No',3,'2020-2021','Active','No','No','2024-05-02 13:44:00','2024-05-02 13:44:00'),(105,'3.3.3','Malaria incidence per 1,000 population','Absolute',0,100,5,NULL,15,3,'Negative','Yes','No',3,'2020-2021','Active','No','No','2024-05-02 13:44:00','2024-05-02 13:44:00'),(106,'3.3.5','Dengue: Case Fatality Ratio (CFR)','Percentage',0,100,5,NULL,15,3,'Negative','Yes','No',3,'2020-2021','Active','No','No','2024-05-02 13:44:00','2024-05-02 13:44:00'),(107,'3.3.6','The proportion of grade-2 cases amongst new cases of Leprosy (per million population)','Absolute',0,100,5,NULL,15,3,'Negative','Yes','No',3,'2020-2021','Active','No','No','2024-05-02 13:44:00','2024-05-02 13:44:00'),(108,'3.3.6.a','HIV Prevalence Rate (in percentage)','Percentage',0,100,5,NULL,15,3,'Negative','Yes','No',3,'2020-2021','Active','No','No','2024-05-02 13:44:00','2024-05-02 13:44:00'),(109,'3.4.2','Suicide mortality rate (per 1,00,000 population)','Absolute',0,100,16,NULL,16,3,'Negative','Yes','No',3,'2020-2021','Active','No','No','2024-05-02 13:44:00','2024-05-02 13:44:00'),(110,'3.5.1','Number of persons who have undergone treatment in de-addiction centers (in the reference FY)','Absolute',0,100,5,NULL,17,3,'Negative','Yes','No',3,'2020-2021','Active','No','No','2024-05-02 13:44:00','2024-05-02 13:44:00'),(111,'3.6.1.i','People killed in road accidents per one lakh population (Indicator to 11.2.2)','Absolute',0,100,28,NULL,18,3,'Negative','Yes','No',3,'2020-2021','Active','No','No','2024-05-02 13:44:00','2024-05-02 13:44:00'),(112,'3.6.1.ii','People injured in road accidents per one lakh population (Indicator to 11.2.2)','Absolute',0,100,28,NULL,18,3,'Negative','Yes','No',3,'2020-2021','Active','No','No','2024-05-02 13:44:00','2024-05-02 13:44:00'),(113,'3.7.1','Percentage of currently married women aged 15-49 years who have their need for family planning satisfied with modern methods (Indicator 1.4.1.a)','Percentage',0,100,5,NULL,19,3,'Positive','Yes','No',3,'2020-2021','Active','No','No','2024-05-02 13:44:00','2024-05-02 13:44:00'),(114,'3.7.1.a','Total Fertility Rate','Absolute',0,100,5,NULL,19,3,'Positive','Yes','No',3,'2020-2021','Active','No','No','2024-05-02 13:44:00','2024-05-02 13:44:00'),(115,'3.7.2.i','Adolescent birth rate (aged 15–19 years) per 1,000 women in that age group (Overall)','Absolute',0,100,5,NULL,19,3,'Negative','Yes','No',3,'2020-2021','Active','No','No','2024-05-02 13:44:00','2024-05-02 13:44:00'),(116,'3.7.2.ii','Adolescent birth rate (aged 15–19 years) per 1,000 women in that age group (Rural)','Absolute',0,100,5,NULL,19,3,'Negative','Yes','No',3,'2020-2021','Active','No','No','2024-05-02 13:44:00','2024-05-02 13:44:00'),(117,'3.7.2.iii','Adolescent birth rate (aged 15–19 years) per 1,000 women in that age group (Urban)','Absolute',0,100,5,NULL,19,3,'Negative','Yes','No',3,'2020-2021','Active','No','No','2024-05-02 13:44:00','2024-05-02 13:44:00'),(118,'3.7.3.i','Percentage of institutional deliveries/birth (Period 5 year)','Percentage',0,100,5,NULL,19,3,'Positive','Yes','No',3,'2020-2021','Active','No','No','2024-05-02 13:44:00','2024-05-02 13:44:00'),(119,'3.7.3.ii','Percentage of institutional deliveries/birth (Period 1 year)','Percentage',0,100,5,NULL,19,3,'Positive','Yes','No',3,'2020-2021','Active','No','No','2024-05-02 13:44:00','2024-05-02 13:44:00'),(120,'3.7.4.i','Percentage of currently married women (15-49 years) who use any modern family planning methods (Overall) (Indicator 3.8.1, 5.6.1.a)','Percentage',0,100,5,NULL,19,3,'Positive','Yes','No',3,'2020-2021','Active','No','No','2024-05-02 13:44:00','2024-05-02 13:44:00'),(121,'3.7.4.ii','Percentage of currently married women (15-49 years) who use any modern family planning methods (Rural) (Indicator 3.8.1)','Percentage',0,100,5,NULL,19,3,'Positive','Yes','No',3,'2020-2021','Active','No','No','2024-05-02 13:44:00','2024-05-02 13:44:00'),(122,'3.7.4.iii','Percentage of currently married women (15-49 years) who use any modern family planning methods (Urban) (Indicator 3.8.1)','Percentage',0,100,5,NULL,19,3,'Positive','Yes','No',3,'2020-2021','Active','No','No','2024-05-02 13:44:00','2024-05-02 13:44:00'),(123,'3.8.1.i','Percentage of currently married women (15-49 years) who use any modern family planning methods (Overall)','Percentage',0,100,5,NULL,20,3,'Positive','Yes','No',3,'2020-2021','Active','No','No','2024-05-02 13:44:00','2024-05-02 13:44:00'),(124,'3.8.1.ii','Percentage of currently married women (15-49 years) who use any modern family planning methods (Indicator 3.7.4) (Rural)','Percentage',0,100,5,NULL,20,3,'Positive','Yes','No',3,'2020-2021','Active','No','No','2024-05-02 13:44:00','2024-05-02 13:44:00'),(125,'3.8.1.iii','Percentage of currently married women (15-49 years) who use any modern family planning methods (Indicator 3.7.4) (Urban)','Percentage',0,100,5,NULL,20,3,'Positive','Yes','No',3,'2020-2021','Active','No','No','2024-05-02 13:44:00','2024-05-02 13:44:00'),(126,'3.8.3','Percentage of people living with HIV currently receiving ART among the detected number of adults and children living with HIV','Percentage',0,100,5,NULL,20,3,'Positive','Yes','No',3,'2020-2021','Active','No','No','2024-05-02 13:44:00','2024-05-02 13:44:00'),(127,'3.8.4.i','Prevalence of hypertension among men age 15 years and above','Percentage',0,100,5,NULL,20,3,'Negative','Yes','No',3,'2020-2021','Active','No','No','2024-05-02 13:44:00','2024-05-02 13:44:00'),(128,'3.8.4.ii','Prevalence of hypertension among women age 15 years and above','Percentage',0,100,5,NULL,20,3,'Negative','Yes','No',3,'2020-2021','Active','No','No','2024-05-02 13:44:01','2024-05-02 13:44:01'),(129,'3.8.6.i','Percentage of women aged 30-49 years who have ever undergone a screening test for cervical cancer (Overall)','Percentage',0,100,5,NULL,20,3,'Positive','Yes','No',3,'2020-2021','Active','No','No','2024-05-02 13:44:01','2024-05-02 13:44:01'),(130,'3.8.6.ii','Percentage of women aged 30-49 years who have ever undergone a screening test for cervical cancer (Rural)','Percentage',0,100,5,NULL,20,3,'Positive','Yes','No',3,'2020-2021','Active','No','No','2024-05-02 13:44:01','2024-05-02 13:44:01'),(131,'3.8.6.iii','Percentage of women aged 30-49 years who have ever undergone a screening test for cervical cancer (Urban)','Percentage',0,100,5,NULL,20,3,'Positive','Yes','No',3,'2020-2021','Active','No','No','2024-05-02 13:44:01','2024-05-02 13:44:01'),(132,'3.8.7','Percentage of TB cases successfully treated (cured plus treatment completed) among TB cases notified to the national health authorities during a specified period','Percentage',0,100,5,NULL,20,3,'Positive','Yes','No',3,'2020-2021','Active','No','No','2024-05-02 13:44:01','2024-05-02 13:44:01'),(133,'3.9.2.i','Proportion of men reporting Asthma in the age group 15-49 years','Percentage',0,100,5,NULL,21,3,'Negative','Yes','No',3,'2020-2021','Active','No','No','2024-05-02 13:44:01','2024-05-02 13:44:01'),(134,'3.9.2.ii','Proportion of women reporting Asthma in the age group 15-49 years','Percentage',0,100,5,NULL,21,3,'Negative','Yes','No',3,'2020-2021','Active','No','No','2024-05-02 13:44:01','2024-05-02 13:44:01'),(135,'3.9.3','Mortality rate attributed to unintentional poisoning per lakh population','Absolute',0,100,5,NULL,21,3,'Negative','Yes','No',3,'2020-2021','Active','No','No','2024-05-02 13:44:01','2024-05-02 13:44:01'),(136,'3.9.4','Percentage of hazardous waste treated by type of treatment i) Incinerated ii) Landfill iii) Recycled (Indicator 12.4.1)','Percentage',0,100,15,NULL,21,3,'Positive','Yes','No',3,'2020-2021','Active','No','No','2024-05-02 13:44:01','2024-05-02 13:44:01'),(137,'3.9.5.a','Number of days in the FY with PM2.5 above the safe threshold level - (Jammu)','Absolute',0,100,15,NULL,21,3,'Negative','Yes','No',3,'2020-2021','Active','No','No','2024-05-02 13:44:01','2024-05-02 13:44:01'),(138,'3.9.5.b','Number of days in the FY with PM2.5 above the safe threshold level - (Srinagar)','Absolute',0,100,15,NULL,21,3,'Negative','Yes','No',3,'2020-2021','Active','No','No','2024-05-02 13:44:01','2024-05-02 13:44:01'),(139,'3.9.6.a','Number of days in the FY with PM10 above the safe threshold level - (Jammu)','Absolute',0,100,15,NULL,21,3,'Negative','Yes','No',3,'2020-2021','Active','No','No','2024-05-02 13:44:01','2024-05-02 13:44:01'),(140,'3.9.6.b','Number of days in the FY with PM10 above the safe threshold level - (Srinagar)','Absolute',0,100,15,NULL,21,3,'Negative','Yes','No',3,'2020-2021','Active','No','No','2024-05-02 13:44:01','2024-05-02 13:44:01'),(141,'3.a.1.i','Percentage of men aged 15-49 years with use of any kind of tobacco (smoking and smokeless) \r\n(UT Specific)','Percentage',0,100,5,NULL,22,3,'Negative','Yes','No',3,'2020-2021','Active','No','No','2024-05-02 13:44:01','2024-05-02 13:44:01'),(142,'3.a.1.ii','Percentage of women aged 15-49 years with use of any kind of tobacco (smoking and smokeless) \r\n(UT Specific)','Percentage',0,100,5,NULL,22,3,'Negative','Yes','No',3,'2020-2021','Active','No','No','2024-05-02 13:44:01','2024-05-02 13:44:01'),(143,'3.b.1','Percentage of children in the age group 12-23 months fully immunized','Percentage',0,100,5,NULL,23,3,'Positive','Yes','No',3,'2020-2021','Active','No','No','2024-05-02 13:44:01','2024-05-02 13:44:01'),(144,'3.c.1','Health worker density','Absolute',0,100,5,NULL,24,3,'Positive','Yes','No',3,'2020-2021','Active','No','No','2024-05-02 13:44:01','2024-05-02 13:44:01'),(145,'3.c.2','Percentage of government spending (including current and capital expenditure) in health sector to GDP','Percentage',0,100,5,NULL,24,3,'Positive','Yes','No',3,'2020-2021','Active','No','No','2024-05-02 13:44:01','2024-05-02 13:44:01'),(146,'3.c.2.a','Percentage of government spending (Current & Capital expenditure) in health sector to total spending','Percentage',0,100,5,NULL,24,3,'Positive','Yes','No',3,'2020-2021','Active','No','No','2024-05-02 13:44:01','2024-05-02 13:44:01'),(147,'4.1.1.(i).a','Percentage of students in grade 3 achieving at least a minimum proficiency level (Language) in terms of nationally defined learning outcomes to be attained by pupils at the end of each of above grade (Indicator 1.4.1.b.(i))','Percentage',0,100,27,NULL,25,4,'Positive','Yes','No',3,'2020-2021','Active','No','No','2024-05-02 13:44:01','2024-05-02 13:44:01'),(148,'4.1.1.(i).b','Percentage of students in grade 3 achieving at least a minimum proficiency level (Mathematics) in terms of nationally defined learning outcomes to be attained by pupils at the end of each of above grade (Indicator 1.4.1.b.(ii))','Percentage',0,100,27,NULL,25,4,'Positive','Yes','No',3,'2020-2021','Active','No','No','2024-05-02 13:44:01','2024-05-02 13:44:01'),(149,'4.1.1.(ii).a','Percentage of students in grade 5 achieving at least a minimum proficiency level (Language) in terms of nationally defined learning outcomes to be attained by pupils at the end of each of above grade (Indicator 1.4.1.b.(iii))','Percentage',0,100,27,NULL,25,4,'Positive','Yes','No',3,'2020-2021','Active','No','No','2024-05-02 13:44:01','2024-05-02 13:44:01'),(150,'4.1.1.(ii).b','Percentage of students in grade 5 achieving at least a minimum proficiency level (Mathematics) in terms of nationally defined learning outcomes to be attained by pupils at the end of each of above grade (Indicator 1.4.1.b.(iv))','Percentage',0,100,27,NULL,25,4,'Positive','Yes','No',3,'2020-2021','Active','No','No','2024-05-02 13:44:01','2024-05-02 13:44:01'),(151,'4.1.1.(iii).a','Percentage of students in grade 8 achieving at least a minimum proficiency level (Language) in terms of nationally defined learning outcomes to be attained by pupils at the end of each of above grade (Indicator 1.4.1.b.(v))','Percentage',0,100,27,NULL,25,4,'Positive','Yes','No',3,'2020-2021','Active','No','No','2024-05-02 13:44:01','2024-05-02 13:44:01'),(152,'4.1.1.(iii).b','Percentage of students in grade 8 achieving at least a minimum proficiency level (Mathematics) in terms of nationally defined learning outcomes to be attained by pupils at the end of each of above grade (Indicator 1.4.1.b.(vi))','Percentage',0,100,27,NULL,25,4,'Positive','Yes','No',3,'2020-2021','Active','No','No','2024-05-02 13:44:01','2024-05-02 13:44:01'),(153,'4.1.2. (i)','Completion rate for grade 5','Percentage',0,100,27,NULL,25,4,'Positive','Yes','No',3,'2020-2021','Active','No','No','2024-05-02 13:44:01','2024-05-02 13:44:01'),(154,'4.1.2.(ii)','Completion rate for grade 8','Percentage',0,100,27,NULL,25,4,'Positive','Yes','No',3,'2020-2021','Active','No','No','2024-05-02 13:44:01','2024-05-02 13:44:01'),(155,'4.1.2.(iii)','Completion rate for grade 10','Percentage',0,100,27,NULL,25,4,'Positive','Yes','No',3,'2020-2021','Active','No','No','2024-05-02 13:44:01','2024-05-02 13:44:01'),(156,'4.1.3','Gross Enrolment Ratio (GER) in higher secondary education','Percentage',0,100,27,NULL,25,4,'Positive','Yes','No',3,'2020-2021','Active','No','No','2024-05-02 13:44:01','2024-05-02 13:44:01'),(157,'4.1.4.(i)','Net Enrolment Ratio (NER) in primary education','Percentage',0,100,27,NULL,25,4,'Positive','Yes','No',3,'2020-2021','Active','No','No','2024-05-02 13:44:01','2024-05-02 13:44:01'),(158,'4.1.4.(ii)','Net Enrolment Ratio (NER) in upper primary education','Percentage',0,100,27,NULL,25,4,'Positive','Yes','No',3,'2020-2021','Active','No','No','2024-05-02 13:44:01','2024-05-02 13:44:01'),(159,'4.1.5.(i)','Adjusted Net Enrolment Ratio (ANER) in primary education','Ratio',0,100,27,NULL,25,4,'Positive','Yes','No',3,'2020-2021','Active','No','No','2024-05-02 13:44:01','2024-05-02 13:44:01'),(160,'4.1.5.(ii)','Adjusted Net Enrolment Ratio (ANER) in upper primary education','Ratio',0,100,27,NULL,25,4,'Positive','Yes','No',3,'2020-2021','Active','No','No','2024-05-02 13:44:01','2024-05-02 13:44:01'),(161,'4.1.5.(iii)','Adjusted Net Enrolment Ratio (ANER) in secondary education','Ratio',0,100,27,NULL,25,4,'Positive','Yes','No',3,'2020-2021','Active','No','No','2024-05-02 13:44:01','2024-05-02 13:44:01'),(162,'4.1.6.(i)','Proportion of students enrolled in Grade 1 who reaches primary (Retention rate)','Percentage',0,100,27,NULL,25,4,'Positive','Yes','No',3,'2020-2021','Active','No','No','2024-05-02 13:44:01','2024-05-02 13:44:01'),(163,'4.1.6.(ii)','Proportion of students enrolled in Grade 1 who reaches upper primary grade (Retention rate)','Percentage',0,100,27,NULL,25,4,'Positive','Yes','No',3,'2020-2021','Active','No','No','2024-05-02 13:44:01','2024-05-02 13:44:01'),(164,'4.1.6.(iii)','Proportion of students enrolled in Grade 1 who reaches secondary grade (Retention rate)','Percentage',0,100,27,NULL,25,4,'Positive','Yes','No',3,'2020-2021','Active','No','No','2024-05-02 13:44:01','2024-05-02 13:44:01'),(165,'4.1.7.a.(i)','Out of School Children Ratio (Primary)','Ratio',0,100,27,NULL,25,4,'Negative','Yes','No',3,'2020-2021','Active','No','No','2024-05-02 13:44:01','2024-05-02 13:44:01'),(166,'4.1.7.a.(ii)','Out of School Children Ratio (Upper Primary)','Ratio',0,100,27,NULL,25,4,'Negative','Yes','No',3,'2020-2021','Active','No','No','2024-05-02 13:44:01','2024-05-02 13:44:01'),(167,'4.1.7.b','Average Annual Drop Out Rate in Secondary Education','Percentage',0,100,27,NULL,25,4,'Negative','Yes','No',3,'2020-2021','Active','No','No','2024-05-02 13:44:01','2024-05-02 13:44:01'),(168,'4.2.1.(i)','Gross Enrolment Ratio in Anganwadi centres','Percentage',0,100,11,NULL,26,4,'Positive','Yes','No',3,'2020-2021','Active','No','No','2024-05-02 13:44:01','2024-05-02 13:44:01'),(169,'4.2.1.(ii)','Gross Early Childhood Education in pre-primary education','Percentage',0,100,27,NULL,26,4,'Positive','Yes','No',3,'2020-2021','Active','No','No','2024-05-02 13:44:01','2024-05-02 13:44:01'),(170,'4.2.2','Participation rate in organized learning (one year before the official primary entry age)','Percentage',0,100,27,NULL,26,4,'Positive','Yes','No',3,'2020-2021','Active','No','No','2024-05-02 13:44:01','2024-05-02 13:44:01'),(171,'4.3.2','Proportion of male-female enrolled in higher education, technical and vocational','Ratio',0,100,6,NULL,27,4,'Positive','Yes','No',3,'2020-2021','Active','No','No','2024-05-02 13:44:01','2024-05-02 13:44:01'),(172,'4.3.3','Gross Enrolment Ratio for higher education','Percentage',0,100,6,NULL,27,4,'Positive','Yes','No',3,'2020-2021','Active','No','No','2024-05-02 13:44:01','2024-05-02 13:44:01'),(173,'4.3.4','Completion Rate at graduation level in non-professional course','Absolute',0,100,6,NULL,27,4,'Positive','Yes','No',3,'2020-2021','Active','No','No','2024-05-02 13:44:01','2024-05-02 13:44:01'),(174,'4.5.1.(i)','Gender Parity Indices (GPI) for primary education','Percentage',0,100,27,NULL,28,4,'Positive','Yes','No',3,'2020-2021','Active','No','No','2024-05-02 13:44:01','2024-05-02 13:44:01'),(175,'4.5.1.(ii)','Gender Parity Indices (GPI) for secondary education','Percentage',0,100,27,NULL,28,4,'Positive','Yes','No',3,'2020-2021','Active','No','No','2024-05-02 13:44:01','2024-05-02 13:44:01'),(176,'4.5.1.(iii)','Gender Parity Indices (GPI) for higher education','Percentage',0,100,6,NULL,28,4,'Positive','Yes','No',3,'2020-2021','Active','No','No','2024-05-02 13:44:01','2024-05-02 13:44:01'),(177,'4.5.1.(iv)','Gender Parity Indices (GPI) for tertiary education','Percentage',0,100,6,NULL,28,4,'Positive','Yes','No',3,'2020-2021','Active','No','No','2024-05-02 13:44:01','2024-05-02 13:44:01'),(178,'4.5.2.(ia)','Enrolment ratio of children with disabilities in Schools (Primary)','Percentage',0,100,27,NULL,28,4,'Positive','Yes','No',3,'2020-2021','Active','No','No','2024-05-02 13:44:01','2024-05-02 13:44:01'),(179,'4.5.2.(ib)','Enrolment ratio of children with disabilities in Schools (Upper Primary)','Percentage',0,100,27,NULL,28,4,'Positive','Yes','No',3,'2020-2021','Active','No','No','2024-05-02 13:44:01','2024-05-02 13:44:01'),(180,'4.5.2.(ic)','Enrolment ratio of children with disabilities in Schools (Elementary)','Percentage',0,100,27,NULL,28,4,'Positive','Yes','No',3,'2020-2021','Active','No','No','2024-05-02 13:44:01','2024-05-02 13:44:01'),(181,'4.5.2.(id)','Enrolment ratio of children with disabilities in Schools (Secondary)','Percentage',0,100,27,NULL,28,4,'Positive','Yes','No',3,'2020-2021','Active','No','No','2024-05-02 13:44:01','2024-05-02 13:44:01'),(182,'4.5.2.(ie)','Enrolment ratio of children with disabilities in Schools (Higher Secondary)','Percentage',0,100,27,NULL,28,4,'Positive','Yes','No',3,'2020-2021','Active','No','No','2024-05-02 13:44:01','2024-05-02 13:44:01'),(183,'4.5.2.(iia)','Enrolment ratio of children with disabilities in Higher Education','Percentage',0,100,27,NULL,28,4,'Positive','Yes','No',3,'2020-2021','Active','No','No','2024-05-02 13:44:01','2024-05-02 13:44:01'),(184,'4.5.3','No. of pre and post matric scholarship to SC students as a proportion of total SC students in that age group','Absolute',0,100,11,NULL,28,4,'Positive','Yes','No',3,'2020-2021','Active','No','No','2024-05-02 13:44:01','2024-05-02 13:44:01'),(185,'4.5.4.a','Number of Scheduled Tribe Boys hostels in the UT','Absolute',0,100,29,NULL,28,4,'Positive','Yes','No',3,'2020-2021','Active','No','No','2024-05-02 13:44:01','2024-05-02 13:44:01'),(186,'4.5.4.b','Number of Scheduled Tribe Girls hostels in the UT','Absolute',0,100,29,NULL,28,4,'Positive','Yes','No',3,'2020-2021','Active','No','No','2024-05-02 13:44:01','2024-05-02 13:44:01'),(187,'4.5.4.c','Number of students enrolled in ST hostels in UT','Absolute',0,100,29,NULL,28,4,'Positive','Yes','No',3,'2020-2021','Active','No','No','2024-05-02 13:44:01','2024-05-02 13:44:01'),(188,'4.5.5.a','Number of Eklavya Model Residential Schools (EMRS) operational in UT','Absolute',0,100,29,NULL,28,4,'Positive','Yes','No',3,'2020-2021','Active','No','No','2024-05-02 13:44:01','2024-05-02 13:44:01'),(189,'4.5.5.b','Number of students enrolled in Eklavya Model Residential Schools (EMRS) in UT','Absolute',0,100,29,NULL,28,4,'Positive','Yes','No',3,'2020-2021','Active','No','No','2024-05-02 13:44:01','2024-05-02 13:44:01'),(190,'4.5.5.c','Number of male students enrolled in Eklavya Model Residential Schools (EMRS) in UT','Absolute',0,100,29,NULL,28,4,'Positive','Yes','No',3,'2020-2021','Active','No','No','2024-05-02 13:44:01','2024-05-02 13:44:01'),(191,'4.5.5.d','Number of female students enrolled in Eklavya Model Residential Schools (EMRS) in UT','Absolute',0,100,29,NULL,28,4,'Positive','Yes','No',3,'2020-2021','Active','No','No','2024-05-02 13:44:01','2024-05-02 13:44:01'),(192,'4.5.5.e','Number of ST students availing Post-Matric Scholarships','Absolute',0,100,29,NULL,28,4,'Positive','Yes','No',3,'2020-2021','Active','No','No','2024-05-02 13:44:01','2024-05-02 13:44:01'),(193,'4.a.1.a','Proportion of schools with access to electricity','Percentage',0,100,27,NULL,29,4,'Positive','Yes','No',3,'2020-2021','Active','No','No','2024-05-02 13:44:01','2024-05-02 13:44:01'),(194,'4.a.1.b','Proportion of schools with access to computers for pedagogical purposes','Percentage',0,100,27,NULL,29,4,'Positive','Yes','No',3,'2020-2021','Active','No','No','2024-05-02 13:44:01','2024-05-02 13:44:01'),(195,'4.a.1.c.(i)','Proportion of schools with access to disabled friendly ramps for students with disabilities','Percentage',0,100,27,NULL,29,4,'Positive','Yes','No',3,'2020-2021','Active','No','No','2024-05-02 13:44:01','2024-05-02 13:44:01'),(196,'4.a.1.c.(ii)','Proportion of schools with access to disabled friendly toilet for students with disabilities','Percentage',0,100,27,NULL,29,4,'Positive','Yes','No',3,'2020-2021','Active','No','No','2024-05-02 13:44:01','2024-05-02 13:44:01'),(197,'4.a.1.d','Proportion of schools with access to basic drinking water','Percentage',0,100,27,NULL,29,4,'Positive','Yes','No',3,'2020-2021','Active','No','No','2024-05-02 13:44:01','2024-05-02 13:44:01'),(198,'4.a.1.e.(i)','Proportion of schools with access to single-sex basic sanitation facilities (boys toilets)','Percentage',0,100,27,NULL,29,4,'Positive','Yes','No',3,'2020-2021','Active','No','No','2024-05-02 13:44:01','2024-05-02 13:44:01'),(199,'4.a.1.e.(ii)','Proportion of schools with access to single-sex basic sanitation facilities (girls toilets)','Percentage',0,100,27,NULL,29,4,'Positive','Yes','No',3,'2020-2021','Active','No','No','2024-05-02 13:44:01','2024-05-02 13:44:01'),(200,'4.a.1.f','Proportion of primary schools with access to basic hand washing facilities (asper the WASH indicator definitions)','Percentage',0,100,27,NULL,29,4,'Positive','Yes','No',3,'2020-2021','Active','No','No','2024-05-02 13:44:01','2024-05-02 13:44:01'),(201,'4.c.1.(i)','Proportion of trained teacher, by education level (Primary)','Percentage',0,100,27,NULL,30,4,'Positive','Yes','No',3,'2020-2021','Active','No','No','2024-05-02 13:44:01','2024-05-02 13:44:01'),(202,'4.c.1.(ii)','Proportion of trained teacher, by education level (Upper Primary)','Percentage',0,100,27,NULL,30,4,'Positive','Yes','No',3,'2020-2021','Active','No','No','2024-05-02 13:44:01','2024-05-02 13:44:01'),(203,'4.c.1.(iii)','Proportion of trained teacher, by education level (Elementary / Anganwadi)','Percentage',0,100,11,NULL,30,4,'Positive','Yes','No',3,'2020-2021','Active','No','No','2024-05-02 13:44:01','2024-05-02 13:44:01'),(204,'4.c.1.(iv)','Proportion of trained teacher, by education level (Secondary)','Percentage',0,100,27,NULL,30,4,'Positive','Yes','No',3,'2020-2021','Active','No','No','2024-05-02 13:44:01','2024-05-02 13:44:01'),(205,'4.c.1.(v)','Proportion of trained teacher, by education level (Higher Secondary)','Percentage',0,100,27,NULL,30,4,'Positive','Yes','No',3,'2020-2021','Active','No','No','2024-05-02 13:44:01','2024-05-02 13:44:01'),(206,'4.c.1.a','Percentage of government spending (Current & Capital expenditure) in Education Sector to Total Spending','Percentage',0,100,12,NULL,30,4,'Positive','Yes','No',3,'2020-2021','Active','No','No','2024-05-02 13:44:01','2024-05-02 13:44:01'),(207,'5.1.2','Per lakh women that have been subjected to dowry offences during the year','Absolute',0,100,16,NULL,31,5,'Negative','Yes','No',3,'2020-2021','Active','No','No','2024-05-02 13:44:01','2024-05-02 13:44:01'),(208,'5.1.3.(i)','Sex Ratio at Birth (Overall)','Absolute',0,100,5,NULL,31,5,'Positive','Yes','No',3,'2020-2021','Active','No','No','2024-05-02 13:44:01','2024-05-02 13:44:01'),(209,'5.1.3.(ii)','Sex Ratio at Birth (Rural)','Absolute',0,100,5,NULL,31,5,'Positive','Yes','No',3,'2020-2021','Active','No','No','2024-05-02 13:44:01','2024-05-02 13:44:01'),(210,'5.1.3.(iii)','Sex Ratio at Birth (Urban)','Absolute',0,100,5,NULL,31,5,'Positive','Yes','No',3,'2020-2021','Active','No','No','2024-05-02 13:44:01','2024-05-02 13:44:01'),(211,'5.1.4','Rate of Crimes Against Women Per 1,00,000 Female Population','Ratio',0,100,16,NULL,31,5,'Negative','Yes','No',3,'2020-2021','Active','No','No','2024-05-02 13:44:01','2024-05-02 13:44:01'),(212,'5.2.1','Proportion of ever-married women age 18-49 who have experienced physical, sexual or emotional violence by husband/partner in the past 12 months','Percentage',0,100,16,NULL,32,5,'Negative','Yes','No',3,'2020-2021','Active','No','No','2024-05-02 13:44:01','2024-05-02 13:44:01'),(213,'5.2.3','Per lakh women who have experienced sexual crimes during the calendar year','Absolute',0,100,16,NULL,32,5,'Negative','Yes','No',3,'2020-2021','Active','No','No','2024-05-02 13:44:01','2024-05-02 13:44:01'),(214,'5.2.3.a','Per lakh women (number of women) who have experienced cruelty/physical violence by husband or his relative during the calendar year','Absolute',0,100,16,NULL,32,5,'Negative','Yes','No',3,'2020-2021','Active','No','No','2024-05-02 13:44:01','2024-05-02 13:44:01'),(215,'5.2.4','Proportion of sexual crime against girl children to total crime against children during the calendar year','Percentage',0,100,16,NULL,32,5,'Negative','Yes','No',3,'2020-2021','Active','No','No','2024-05-02 13:44:01','2024-05-02 13:44:01'),(216,'5.2.5','Proportion of trafficking of girl children to total children trafficked during the calendar year','Percentage',0,100,16,NULL,32,5,'Negative','Yes','No',3,'2020-2021','Active','No','No','2024-05-02 13:44:01','2024-05-02 13:44:01'),(217,'5.2.6','Proportion of crime against women to total crime reported in the UT during the calendar year','Percentage',0,100,16,NULL,32,5,'Negative','Yes','No',3,'2020-2021','Active','No','No','2024-05-02 13:44:01','2024-05-02 13:44:01'),(218,'5.2.7','Child Sex Ratio (0-6 years) (Total)','Absolute',0,100,5,NULL,32,5,'Positive','Yes','No',3,'2020-2021','Active','No','No','2024-05-02 13:44:01','2024-05-02 13:44:01'),(219,'5.2.7.(i)','Child Sex Ratio (0-6 years) (Rural)','Absolute',0,100,5,NULL,32,5,'Positive','Yes','No',3,'2020-2021','Active','No','No','2024-05-02 13:44:01','2024-05-02 13:44:01'),(220,'5.2.7.(ii)','Child Sex Ratio (0-6 years) (Urban)','Absolute',0,100,5,NULL,32,5,'Positive','Yes','No',3,'2020-2021','Active','No','No','2024-05-02 13:44:01','2024-05-02 13:44:01'),(221,'5.3.2','Proportion of cases reported under the Prohibition of Child Marriage Act to total crime against children','Percentage',0,100,16,NULL,33,5,'Negative','Yes','No',3,'2020-2021','Active','No','No','2024-05-02 13:44:01','2024-05-02 13:44:01'),(222,'5.5.1','Proportion of seats held by women in National Parliament, State Legislative and Local Self Government (Indicator 10.2.2 and 16.7.1)','Percentage',0,100,22,NULL,34,5,'Positive','Yes','No',3,'2020-2021','Active','No','No','2024-05-02 13:44:01','2024-05-02 13:44:01'),(223,'5.5.1.a.(i)','Female Labour Force Participation Rate (Overall)','Ratio',0,100,21,NULL,34,5,'Positive','Yes','No',3,'2020-2021','Active','No','No','2024-05-02 13:44:01','2024-05-02 13:44:01'),(224,'5.5.1.a.(ii)','Female Labour Force Participation Rate (Rural)','Ratio',0,100,21,NULL,34,5,'Positive','Yes','No',3,'2020-2021','Active','No','No','2024-05-02 13:44:01','2024-05-02 13:44:01'),(225,'5.5.1.a.(iii)','Female Labour Force Participation Rate (Urban)','Ratio',0,100,21,NULL,34,5,'Positive','Yes','No',3,'2020-2021','Active','No','No','2024-05-02 13:44:01','2024-05-02 13:44:01'),(226,'5.5.1.b','Female to Male Ratio of average wage/salary earnings during the preceding calendar month among the regular wage salaried employees(R+U)','Ratio',0,100,21,NULL,34,5,'Positive','Yes','No',3,'2020-2021','Active','No','No','2024-05-02 13:44:01','2024-05-02 13:44:01'),(227,'5.5.2','Proportion of women in managerial positions','Percentage',0,100,18,NULL,34,5,'Positive','Yes','No',3,'2020-2021','Active','No','No','2024-05-02 13:44:01','2024-05-02 13:44:01'),(228,'5.5.3','Number of women candidates out of total candidates contesting elections (in percentage)','Percentage',0,100,22,NULL,34,5,'Positive','Yes','No',3,'2020-2021','Active','No','No','2024-05-02 13:44:01','2024-05-02 13:44:01'),(229,'5.6.1.a.(i)','Percentage of currently married woman (15-49 years) who use any modern family planning methods (Overall) (Indicator 3.7.4, 3.8.1) (UT Specific)','Percentage',0,100,5,NULL,35,5,'Positive','Yes','No',3,'2020-2021','Active','No','No','2024-05-02 13:44:01','2024-05-02 13:44:01'),(230,'5.6.1.a.(ii)','Percentage of currently married woman (15-49 years) who use any modern family planning methods (Rural) (Indicator 3.7.4, 3.8.1) (UT Specific)','Percentage',0,100,5,NULL,35,5,'Positive','Yes','No',3,'2020-2021','Active','No','No','2024-05-02 13:44:01','2024-05-02 13:44:01'),(231,'5.6.1.a.(iii)','Percentage of currently married woman (15-49 years) who use any modern family planning methods (Urban) (Indicator 3.7.4, 3.8.1) (UT Specific)','Percentage',0,100,5,NULL,35,5,'Positive','Yes','No',3,'2020-2021','Active','No','No','2024-05-02 13:44:01','2024-05-02 13:44:01'),(232,'5.6.3.(i)','Percentage of population aged 15-24 years with comprehensive knowledge of HIV/ AIDS (Male)','Percentage',0,100,5,NULL,35,5,'Positive','Yes','No',3,'2020-2021','Active','No','No','2024-05-02 13:44:01','2024-05-02 13:44:01'),(233,'5.6.3.(ii)','Percentage of population aged 15-24 years with comprehensive knowledge of HIV/ AIDS (Female)','Percentage',0,100,5,NULL,35,5,'Positive','Yes','No',3,'2020-2021','Active','No','No','2024-05-02 13:44:01','2024-05-02 13:44:01'),(234,'5.a.1','Operational land holdings - (female operated operational holding)','Percentage',0,100,1,NULL,36,5,'Positive','Yes','No',3,'2020-2021','Active','No','No','2024-05-02 13:44:01','2024-05-02 13:44:01'),(235,'5.a.3.(i)','Wages of casual labourers (gender-wise) other than public works, (Rs. per day) (Overall)','Absolute',0,100,21,NULL,36,5,'Positive','Yes','No',3,'2020-2021','Active','No','No','2024-05-02 13:44:01','2024-05-02 13:44:01'),(236,'5.a.3.(ii)','Wages of casual labourers (gender-wise) other than public works, (Rs. per day) (Male)','Absolute',0,100,21,NULL,36,5,'Positive','Yes','No',3,'2020-2021','Active','No','No','2024-05-02 13:44:01','2024-05-02 13:44:01'),(237,'5.a.3.(iii)','Wages of casual labourers (gender-wise) other than public works, (Rs. per day) (Female)','Absolute',0,100,21,NULL,36,5,'Positive','Yes','No',3,'2020-2021','Active','No','No','2024-05-02 13:44:01','2024-05-02 13:44:01'),(238,'5.a.4.(i)','Average agricultural wage earnings from casual labour work other than public works, (Rs. per day) (Overall)','Absolute',0,100,21,NULL,36,5,'Positive','Yes','No',3,'2020-2021','Active','No','No','2024-05-02 13:44:01','2024-05-02 13:44:01'),(239,'5.a.4.(ii)','Average agricultural wage earnings from casual labour work other than public works, (Rs. per day) (Male)','Absolute',0,100,21,NULL,36,5,'Positive','Yes','No',3,'2020-2021','Active','No','No','2024-05-02 13:44:01','2024-05-02 13:44:01'),(240,'5.a.4.(iii)','Average agricultural wage earnings from casual labour work other than public works, (Rs. per day) (Female)','Absolute',0,100,21,NULL,36,5,'Positive','Yes','No',3,'2020-2021','Active','No','No','2024-05-02 13:44:01','2024-05-02 13:44:01'),(241,'5.a.5','Exclusive women SHGs in Bank linked SHGs, (in percentage) (Rural)','Percentage',0,100,9,NULL,36,5,'Positive','Yes','No',3,'2020-2021','Active','No','No','2024-05-02 13:44:01','2024-05-02 13:44:01'),(242,'6.1.1','Percentage of Population getting safe and adequate drinking water within premises through Pipe Water Supply (PWS) (Rural) (Indicator 1.4.1.c)','Percentage',0,100,20,NULL,37,6,'Positive','Yes','No',3,'2020-2021','Active','No','No','2024-05-02 13:44:01','2024-05-02 13:44:01'),(243,'6.1.2','Percentage of population using an improved drinking water source (Rural)','Percentage',0,100,20,NULL,37,6,'Positive','Yes','No',3,'2020-2021','Active','No','No','2024-05-02 13:44:01','2024-05-02 13:44:01'),(244,'6.2.1.(i)','Proportion of households having access to toilet facility (Rural) (Indicator 1.4.1.d.(i))','Percentage',0,100,9,NULL,38,6,'Positive','Yes','No',3,'2020-2021','Active','No','No','2024-05-02 13:44:01','2024-05-02 13:44:01'),(245,'6.2.1.(ii)','Proportion of households having access to toilet facility (Urban) (Indicator 1.4.1.d. (ii))','Percentage',0,100,17,NULL,38,6,'Positive','Yes','No',3,'2020-2021','Active','No','No','2024-05-02 13:44:01','2024-05-02 13:44:01'),(246,'6.2.2','Percentage of Districts achieving Open Defecation Free (ODF) target','Percentage',0,100,17,NULL,38,6,'Positive','Yes','No',3,'2020-2021','Active','No','No','2024-05-02 13:44:01','2024-05-02 13:44:01'),(247,'6.2.3.(i)','Proportion of Primary schools with separate toilet facility for girls (in percentage)','Percentage',0,100,27,NULL,38,6,'Positive','Yes','No',3,'2020-2021','Active','No','No','2024-05-02 13:44:01','2024-05-02 13:44:01'),(248,'6.2.3.(ii)','Proportion of Secondary schools with separate toilet facility for girls (in percentage)','Percentage',0,100,27,NULL,38,6,'Positive','Yes','No',3,'2020-2021','Active','No','No','2024-05-02 13:44:01','2024-05-02 13:44:01'),(249,'6.3.1','Percentage of sewage treated before discharge into surface water bodies','Percentage',0,100,15,NULL,39,6,'Positive','Yes','No',3,'2020-2021','Active','No','No','2024-05-02 13:44:01','2024-05-02 13:44:01'),(250,'6.4.1','Per capita storage of water, (in m3/person)','Absolute',0,100,20,NULL,40,6,'Positive','Yes','No',3,'2020-2021','Active','No','No','2024-05-02 13:44:01','2024-05-02 13:44:01'),(251,'6.4.2','Percentage ground water withdrawal against availability (Indicator 12.2.1.a)','Percentage',0,100,20,NULL,40,6,'Negative','Yes','No',3,'2020-2021','Active','No','No','2024-05-02 13:44:01','2024-05-02 13:44:01'),(252,'6.4.3','Per capita availability of water (in m3/person)','Absolute',0,100,20,NULL,40,6,'Positive','Yes','No',3,'2020-2021','Active','No','No','2024-05-02 13:44:01','2024-05-02 13:44:01'),(253,'6.6.2','Percentage of blocks/mandals/taluka over-exploited','Percentage',0,100,20,NULL,41,6,'Negative','Yes','No',3,'2020-2021','Active','No','No','2024-05-02 13:44:01','2024-05-02 13:44:01'),(254,'6.6.3','Number of Sarovars protected under Amrit Sarovar Scheme','Absolute',0,100,9,NULL,41,6,'Positive','Yes','No',3,'2020-2021','Active','No','No','2024-05-02 13:44:01','2024-05-02 13:44:01'),(255,'6.b.1','Percentage of Panchayats having Pani Samittees','Percentage',0,100,20,NULL,42,6,'Positive','Yes','No',3,'2020-2021','Active','No','No','2024-05-02 13:44:01','2024-05-02 13:44:01'),(256,'7.1.1','Percentage of households electrified (Indicator 1.4.1.e) (Overall)','Percentage',0,100,25,NULL,43,7,'Positive','Yes','No',3,'2020-2021','Active','No','No','2024-05-02 13:44:01','2024-05-02 13:44:01'),(257,'7.1.1.(i)','Percentage of households electrified (Indicator 1.4.1.e) (Rural)','Percentage',0,100,25,NULL,43,7,'Positive','Yes','No',3,'2020-2021','Active','No','No','2024-05-02 13:44:01','2024-05-02 13:44:01'),(258,'7.1.1.(ii)','Percentage of households electrified (Indicator 1.4.1.e) (Urban)','Percentage',0,100,25,NULL,43,7,'Positive','Yes','No',3,'2020-2021','Active','No','No','2024-05-02 13:44:01','2024-05-02 13:44:01'),(259,'7.1.2','Percentage of households using clean cooking fuel (Indicator 1.4.1.f)','Percentage',0,100,4,NULL,43,7,'Positive','Yes','No',3,'2020-2021','Active','No','No','2024-05-02 13:44:01','2024-05-02 13:44:01'),(260,'7.1.3','Per capita energy consumption in the UT','Absolute',0,100,25,NULL,43,7,'Positive','Yes','No',3,'2020-2021','Active','No','No','2024-05-02 13:44:01','2024-05-02 13:44:01'),(261,'7.1.4','Average hours of Power outage in a day in the financial year','Absolute',0,100,25,NULL,43,7,'Negative','Yes','No',3,'2020-2021','Active','No','No','2024-05-02 13:44:01','2024-05-02 13:44:01'),(262,'7.1.5','AT&C losses (transmission losses)','Percentage',0,100,25,NULL,43,7,'Negative','Yes','No',3,'2020-2021','Active','No','No','2024-05-02 13:44:01','2024-05-02 13:44:01'),(263,'7.1.6','Number of Units Installed under Govardhan - Bio gas project','Absolute',0,100,9,NULL,43,7,'Positive','Yes','No',3,'2020-2021','Active','No','No','2024-05-02 13:44:01','2024-05-02 13:44:01'),(264,'7.2.1','Renewable energy share in the total installed electricity generation (Indicator 13.1.2.a)','Percentage',0,100,10,NULL,44,7,'Positive','Yes','No',3,'2020-2021','Active','No','No','2024-05-02 13:44:01','2024-05-02 13:44:01'),(265,'7.2.2','Installed solar energy capacity in the UT','Absolute',0,100,10,NULL,44,7,'Positive','Yes','No',3,'2020-2021','Active','No','No','2024-05-02 13:44:01','2024-05-02 13:44:01'),(266,'7.2.2.a','Percentage share of Solar energy in the total installed renewable energy share','Percentage',0,100,10,NULL,44,7,'Positive','Yes','No',3,'2020-2021','Active','No','No','2024-05-02 13:44:01','2024-05-02 13:44:01'),(267,'7.2.2.b','Year on Year % growth in installed solar energy capacity','Percentage',0,100,10,NULL,44,7,'Positive','Yes','No',3,'2020-2021','Active','No','No','2024-05-02 13:44:01','2024-05-02 13:44:01'),(268,'7.b.1','Installed renewable energy generating capacity in the country (in watts per capita) (Indicator 12.a.1)','Absolute',0,100,10,NULL,45,7,'Positive','Yes','No',3,'2020-2021','Active','No','No','2024-05-02 13:44:01','2024-05-02 13:44:01'),(269,'8.1.1.(i)','Annual growth rate of GDP (adjusted to price changes) per capita (Constant price)','Percentage',0,100,12,NULL,46,8,'Positive','Yes','No',3,'2020-2021','Active','No','No','2024-05-02 13:44:01','2024-05-02 13:44:01'),(270,'8.1.1.(i)','Annual growth rate of GDP (adjusted to price changes) per capita (Current price)','Percentage',0,100,12,NULL,46,8,'Positive','Yes','No',3,'2020-2021','Active','No','No','2024-05-02 13:44:01','2024-05-02 13:44:01'),(271,'8.1.1.a.(i)','Annual growth rate of NSDP (adjusted to price changes) per capita (Constant price)','Percentage',0,100,12,NULL,46,8,'Positive','Yes','No',3,'2020-2021','Active','No','No','2024-05-02 13:44:01','2024-05-02 13:44:01'),(272,'8.1.1.a.(ii)','Annual growth rate of NSDP (adjusted to price changes) per capita (Current price)','Percentage',0,100,12,NULL,46,8,'Positive','Yes','No',3,'2020-2021','Active','No','No','2024-05-02 13:44:01','2024-05-02 13:44:01'),(273,'8.2.3','Annual growth in manufacturing sector at constant prices','Percentage',0,100,12,NULL,47,8,'Positive','Yes','No',3,'2020-2021','Active','No','No','2024-05-02 13:44:01','2024-05-02 13:44:01'),(274,'8.2.4','Annual growth in agriculture sector at constant prices','Percentage',0,100,12,NULL,47,8,'Positive','Yes','No',3,'2020-2021','Active','No','No','2024-05-02 13:44:01','2024-05-02 13:44:01'),(275,'8.2.4.a','Annual growth in tourism sector at constant prices','Absolute',0,100,12,NULL,47,8,'Positive','Yes','No',3,'2020-2021','Active','No','No','2024-05-02 13:44:01','2024-05-02 13:44:01'),(276,'8.3.1','Percentage of workers in informal sector among total workers engaged in non-agriculture sector','Percentage',0,100,21,NULL,48,8,'Positive','Yes','No',3,'2020-2021','Active','No','No','2024-05-02 13:44:01','2024-05-02 13:44:01'),(277,'8.3.3','Outstanding Credit to MSME (in Rs crore)','Absolute',0,100,18,NULL,48,8,'Negative','Yes','No',3,'2020-2021','Active','No','No','2024-05-02 13:44:01','2024-05-02 13:44:01'),(278,'8.3.4','Number of MSME units registered under the online Udyam registration Portal','Absolute',0,100,18,NULL,48,8,'Positive','Yes','No',3,'2020-2021','Active','No','No','2024-05-02 13:44:01','2024-05-02 13:44:01'),(279,'8.3.5','Number of start-ups recognized under Start-up India','Absolute',0,100,18,NULL,48,8,'Positive','Yes','No',3,'2020-2021','Active','No','No','2024-05-02 13:44:01','2024-05-02 13:44:01'),(280,'8.3.5.a','Average revenue generated by co-operatives in the UT','Absolute',0,100,18,NULL,48,8,'Positive','Yes','No',3,'2020-2021','Active','No','No','2024-05-02 13:44:01','2024-05-02 13:44:01'),(281,'8.3.6','Percentage Increase in export of Handicrafts & Handloom sector','Percentage',0,100,18,NULL,48,8,'Positive','Yes','No',3,'2020-2021','Active','No','No','2024-05-02 13:44:01','2024-05-02 13:44:01'),(282,'8.3.7 (i)','Number of MSME units registered','Absolute',0,100,18,NULL,48,8,'Positive','Yes','No',3,'2020-2021','Active','No','No','2024-05-02 13:44:01','2024-05-02 13:44:01'),(283,'8.3.7 (ii)','Employment generated from MSME','Absolute',0,100,18,NULL,48,8,'Positive','Yes','No',3,'2020-2021','Active','No','No','2024-05-02 13:44:01','2024-05-02 13:44:01'),(284,'8.3.7 (iii)','Investment realized in MSME units','Absolute',0,100,18,NULL,48,8,'Positive','Yes','No',3,'2020-2021','Active','No','No','2024-05-02 13:44:01','2024-05-02 13:44:01'),(285,'8.4.1','Proportion of hazardous waste recycled vs. waste generated','Percentage',0,100,15,NULL,49,8,'Positive','Yes','No',3,'2020-2021','Active','No','No','2024-05-02 13:44:01','2024-05-02 13:44:01'),(286,'8.4.2','Per capita fossil fuel consumption, (in Kg.)','Absolute',0,100,4,NULL,49,8,'Negative','Yes','No',3,'2020-2021','Active','No','No','2024-05-02 13:44:01','2024-05-02 13:44:01'),(287,'8.5.1','Average hourly earnings of employees by occupation category (in Rs) (Overall)','Ratio',0,100,21,NULL,50,8,'Positive','Yes','No',3,'2020-2021','Active','No','No','2024-05-02 13:44:01','2024-05-02 13:44:01'),(288,'8.5.1.(i)','Average hourly earnings of female employees by occupation category (in Rs)','Ratio',0,100,21,NULL,50,8,'Positive','Yes','No',3,'2020-2021','Active','No','No','2024-05-02 13:44:01','2024-05-02 13:44:01'),(289,'8.5.1.(ii)','Average hourly earnings of male employees by occupation category (in Rs)','Ratio',0,100,21,NULL,50,8,'Positive','Yes','No',3,'2020-2021','Active','No','No','2024-05-02 13:44:01','2024-05-02 13:44:01'),(290,'8.5.2','Unemployment rate (Overall)','Percentage',0,100,21,NULL,50,8,'Negative','Yes','No',3,'2020-2021','Active','No','No','2024-05-02 13:44:01','2024-05-02 13:44:01'),(291,'8.5.2.(i)','Unemployment rate (Rural)','Percentage',0,100,21,NULL,50,8,'Negative','Yes','No',3,'2020-2021','Active','No','No','2024-05-02 13:44:01','2024-05-02 13:44:01'),(292,'8.5.2.(ii)','Unemployment rate (Urban)','Percentage',0,100,21,NULL,50,8,'Negative','Yes','No',3,'2020-2021','Active','No','No','2024-05-02 13:44:01','2024-05-02 13:44:01'),(293,'8.5.2.a.(i)','Workforce Participation Ratio (All)(PS+SS) (in rate per 100) (Overall)','Percentage',0,100,21,NULL,50,8,'Positive','Yes','No',3,'2020-2021','Active','No','No','2024-05-02 13:44:01','2024-05-02 13:44:01'),(294,'8.5.2.a.(ii)','Workforce Participation Ratio (All)(PS+SS) (in rate per 100) (Rural)','Percentage',0,100,21,NULL,50,8,'Positive','Yes','No',3,'2020-2021','Active','No','No','2024-05-02 13:44:01','2024-05-02 13:44:01'),(295,'8.5.2.a.(iii)','Workforce Participation Ratio (All)(PS+SS) (in rate per 100) (Urban)','Percentage',0,100,21,NULL,50,8,'Positive','Yes','No',3,'2020-2021','Active','No','No','2024-05-02 13:44:01','2024-05-02 13:44:01'),(296,'8.5.2.b.(i)','Wage earned by male-female in regular wage/salaried employment (Overall)','Absolute',0,100,21,NULL,50,8,'Positive','Yes','No',3,'2020-2021','Active','No','No','2024-05-02 13:44:01','2024-05-02 13:44:01'),(297,'8.5.2.b.(ii)','Wage earned by male-female in regular wage/salaried employment (Male)','Absolute',0,100,21,NULL,50,8,'Positive','Yes','No',3,'2020-2021','Active','No','No','2024-05-02 13:44:01','2024-05-02 13:44:01'),(298,'8.5.2.b.(iii)','Wage earned by male-female in regular wage/salaried employment (Female)','Absolute',0,100,21,NULL,50,8,'Positive','Yes','No',3,'2020-2021','Active','No','No','2024-05-02 13:44:01','2024-05-02 13:44:01'),(299,'8.6.1.a','Unemployment rate (15-29 years) in rate per 100','Percentage',0,100,21,NULL,51,8,'Negative','Yes','No',3,'2020-2021','Active','No','No','2024-05-02 13:44:01','2024-05-02 13:44:01'),(300,'8.7.1','Human trafficking cases per 10,00,000 population','Absolute',0,100,16,NULL,52,8,'Negative','Yes','No',3,'2020-2021','Active','No','No','2024-05-02 13:44:01','2024-05-02 13:44:01'),(301,'8.7.2','Number of Missing Children (Indicator 16.2.2.a) (Overall)','Absolute',0,100,16,NULL,52,8,'Negative','Yes','No',3,'2020-2021','Active','No','No','2024-05-02 13:44:01','2024-05-02 13:44:01'),(302,'8.7.2.(i)','Number of Missing Children (Boys)','Absolute',0,100,16,NULL,52,8,'Negative','Yes','No',3,'2020-2021','Active','No','No','2024-05-02 13:44:01','2024-05-02 13:44:01'),(303,'8.7.2.(ii)','Number of Missing Children (Girls)','Absolute',0,100,16,NULL,52,8,'Negative','Yes','No',3,'2020-2021','Active','No','No','2024-05-02 13:44:01','2024-05-02 13:44:01'),(304,'8.7.2.(iii)','Number of Missing Children (Trans)','Absolute',0,100,16,NULL,52,8,'Negative','Yes','No',3,'2020-2021','Active','No','No','2024-05-02 13:44:01','2024-05-02 13:44:01'),(305,'8.8.1','Fatal and non-fatal occupational injuries per 100,000 workers','Absolute',0,100,16,NULL,53,8,'Negative','Yes','No',3,'2020-2021','Active','No','No','2024-05-02 13:44:01','2024-05-02 13:44:01'),(306,'8.8.2','Percentage of migrant workers, (in percentage) (Overall)','Percentage',0,100,21,NULL,53,8,'Positive','Yes','No',3,'2020-2021','Active','No','No','2024-05-02 13:44:01','2024-05-02 13:44:01'),(307,'8.8.2.(i)','Percentage of migrant workers, (in percentage) (Male)','Percentage',0,100,21,NULL,53,8,'Positive','Yes','No',3,'2020-2021','Active','No','No','2024-05-02 13:44:01','2024-05-02 13:44:01'),(308,'8.8.2.(ii)','Percentage of migrant workers, (in percentage) (Female)','Percentage',0,100,21,NULL,53,8,'Positive','Yes','No',3,'2020-2021','Active','No','No','2024-05-02 13:44:01','2024-05-02 13:44:01'),(309,'8.8.3','Percentage of households receiving social protection benefits under MGNREGA','Percentage',0,100,9,NULL,53,8,'Positive','Yes','No',3,'2020-2021','Active','No','No','2024-05-02 13:44:01','2024-05-02 13:44:01'),(310,'8.9.1.(i)','Direct contribution of Tourism to total GDP/GSDP','Percentage',0,100,12,NULL,54,8,'Positive','Yes','No',3,'2020-2021','Active','No','No','2024-05-02 13:44:01','2024-05-02 13:44:01'),(311,'8.9.1.(ii)','Direct contribution of Tourism to Growth Rate','Percentage',0,100,12,NULL,54,8,'Positive','Yes','No',3,'2020-2021','Active','No','No','2024-05-02 13:44:01','2024-05-02 13:44:01'),(312,'8.9.2','Percentage change in number of visits by tourists (domestic and foreign) over previous years','Percentage',0,100,12,NULL,54,8,'Positive','Yes','No',3,'2020-2021','Active','No','No','2024-05-02 13:44:01','2024-05-02 13:44:01'),(313,'8.9.3','Number of Home Stays registered with Department of Tourism during the reference year','Absolute',0,100,13,NULL,54,8,'Positive','Yes','No',3,'2020-2021','Active','No','No','2024-05-02 13:44:01','2024-05-02 13:44:01'),(314,'8.10.1.(a)','Number of banking outlets per 1,00,000 population','Absolute',0,100,14,NULL,55,8,'Positive','Yes','No',3,'2020-2021','Active','No','No','2024-05-02 13:44:01','2024-05-02 13:44:01'),(315,'8.10.1.(b)','Number of Automated Teller Machines (ATMs) per 1,00,000 population','Absolute',0,100,14,NULL,55,8,'Positive','Yes','No',3,'2020-2021','Active','No','No','2024-05-02 13:44:01','2024-05-02 13:44:01'),(316,'8.10.2','Number of accounts (include deposit and credit accounts) of scheduled commercial banks per 1,000 population','Absolute',0,100,14,NULL,55,8,'Positive','Yes','No',3,'2020-2021','Active','No','No','2024-05-02 13:44:01','2024-05-02 13:44:01'),(317,'9.1.1.a','Percentage of habitations covered by all weather/season roads','Percentage',0,100,26,NULL,56,9,'Positive','Yes','No',3,'2020-2021','Active','No','No','2024-05-02 13:44:01','2024-05-02 13:44:01'),(318,'9.1.1.b','Percentage coverage of unconnected population with population >250 (Census:2011)','Percentage',0,100,26,NULL,56,9,'Negative','Yes','No',3,'2020-2021','Active','No','No','2024-05-02 13:44:01','2024-05-02 13:44:01'),(319,'9.1.1.c','Ratio of surfaced road length to total road length','Percentage',0,100,26,NULL,56,9,'Positive','Yes','No',3,'2020-2021','Active','No','No','2024-05-02 13:44:01','2024-05-02 13:44:01'),(320,'9.2.2','Manufacturing employment as a proportion of total employment','Percentage',0,100,21,NULL,57,9,'Positive','Yes','No',3,'2020-2021','Active','No','No','2024-05-02 13:44:01','2024-05-02 13:44:01'),(321,'9.c.1','Number of Internet Subscription as percentage of total population','Percentage',0,100,19,NULL,58,9,'Positive','Yes','No',3,'2020-2021','Active','No','No','2024-05-02 13:44:01','2024-05-02 13:44:01'),(322,'9.c.2','No. of Broadband Subscribers per 10,000 persons','Absolute',0,100,19,NULL,58,9,'Positive','Yes','No',3,'2020-2021','Active','No','No','2024-05-02 13:44:01','2024-05-02 13:44:01'),(323,'9.C.2.a','Percentage of Gram Panchayat covered under Bharat Net','Percentage',0,100,19,NULL,58,9,'Positive','Yes','No',3,'2020-2021','Active','No','No','2024-05-02 13:44:01','2024-05-02 13:44:01'),(324,'10.1.1.(i)','Growth rates of household expenditure per capita among the bottom 40 percent of the population and the total population (Rural)','Percentage',0,100,12,NULL,61,10,'Positive','Yes','No',3,'2020-2021','Active','No','No','2024-05-02 13:44:01','2024-05-02 13:44:01'),(325,'10.1.1.(ii)','Growth rates of household expenditure per capita among the bottom 40 percent of the population and the total population (Urban)','Percentage',0,100,12,NULL,61,10,'Positive','Yes','No',3,'2020-2021','Active','No','No','2024-05-02 13:44:01','2024-05-02 13:44:01'),(326,'10.1.2.(i)','Gini Coefficient of Household Expenditure (Rural)','Absolute',0,100,12,NULL,61,10,'Positive','Yes','No',3,'2020-2021','Active','No','No','2024-05-02 13:44:01','2024-05-02 13:44:01'),(327,'10.1.2.(ii)','Gini Coefficient of Household Expenditure (Urban)','Absolute',0,100,12,NULL,61,10,'Positive','Yes','No',3,'2020-2021','Active','No','No','2024-05-02 13:44:01','2024-05-02 13:44:01'),(328,'10.2.1.(i)','Percentage of people living below 50 per cent of median per capita (Rural)','Percentage',0,100,12,NULL,62,10,'Negative','Yes','No',3,'2020-2021','Active','No','No','2024-05-02 13:44:01','2024-05-02 13:44:01'),(329,'10.2.1.(ii)','Percentage of people living below 50 per cent of median per capita (Urban)','Percentage',0,100,12,NULL,62,10,'Negative','Yes','No',3,'2020-2021','Active','No','No','2024-05-02 13:44:01','2024-05-02 13:44:01'),(330,'10.2.2','Proportion of seats held by women in National Parliament, State Legislative and Local Self Government (Indicator 5.5.1 and 16.7.1)','Percentage',0,100,22,NULL,62,10,'Positive','Yes','No',3,'2020-2021','Active','No','No','2024-05-02 13:44:01','2024-05-02 13:44:01'),(331,'10.2.3','Proportion of SC/ST persons in Elected bodies in Lok Sabha (Indicator 16.7.2)','Percentage',0,100,22,NULL,62,10,'Positive','Yes','No',3,'2020-2021','Active','No','No','2024-05-02 13:44:01','2024-05-02 13:44:01'),(332,'10.4.1.a','Percentage of funds utilised under Border Area Development Programme','Percentage',0,100,23,NULL,63,10,'Positive','Yes','No',3,'2020-2021','Active','No','No','2024-05-02 13:44:01','2024-05-02 13:44:01'),(333,'10.4.1.b','Percentage of Tribal Sub Plan Funds utilised (SCA to TSS)','Percentage',0,100,29,NULL,63,10,'Positive','Yes','No',3,'2020-2021','Active','No','No','2024-05-02 13:44:01','2024-05-02 13:44:01'),(334,'10.4.1.c','Percentage of Tribal Sub Plan Funds utilised 275(1)','Percentage',0,100,29,NULL,63,10,'Positive','Yes','No',3,'2020-2021','Active','No','No','2024-05-02 13:44:01','2024-05-02 13:44:01'),(335,'10.4.2','Fiscal Deficit in the financial year','Absolute',0,100,14,NULL,63,10,'Negative','Yes','No',3,'2020-2021','Active','No','No','2024-05-02 13:44:01','2024-05-02 13:44:01'),(336,'10.4.3','Percentage Growth in government spending in the Financial Year','Percentage',0,100,14,NULL,63,10,'Positive','Yes','No',3,'2020-2021','Active','No','No','2024-05-02 13:44:01','2024-05-02 13:44:01'),(337,'10.4.4','Primary Deficit in the Financial Year','Absolute',0,100,14,NULL,63,10,'Negative','Yes','No',3,'2020-2021','Active','No','No','2024-05-02 13:44:01','2024-05-02 13:44:01'),(338,'10.4.5','Debt to GSDP ratio of the UT','Percentage',0,100,14,NULL,63,10,'Negative','Yes','No',3,'2020-2021','Active','No','No','2024-05-02 13:44:01','2024-05-02 13:44:01'),(339,'10.4.6','Total government revenue as a proportion to GSDP','Percentage',0,100,14,NULL,63,10,'Positive','Yes','No',3,'2020-2021','Active','No','No','2024-05-02 13:44:01','2024-05-02 13:44:01'),(340,'11.1.1','Proportion of urban population living in slums, informal settlements or inadequate housing','Percentage',0,100,12,NULL,64,11,'Negative','Yes','No',3,'2020-2021','Active','No','No','2024-05-02 13:44:01','2024-05-02 13:44:01'),(341,'11.1.2.a','Houses completed under PMAY as a percentage of Net Demand Assessment of Houses (Rural)','Percentage',0,100,17,NULL,64,11,'Positive','Yes','No',3,'2020-2021','Active','No','No','2024-05-02 13:44:01','2024-05-02 13:44:01'),(342,'11.1.2.b','Houses completed under PMAY as a percentage of Net Demand Assessment of Houses (Urban)','Percentage',0,100,17,NULL,64,11,'Positive','Yes','No',3,'2020-2021','Active','No','No','2024-05-02 13:44:01','2024-05-02 13:44:01'),(343,'11.2.2.(i)','People killed/death in road accidents (Indicator 3.6.1)','Absolute',0,100,16,NULL,65,11,'Negative','Yes','No',3,'2020-2021','Active','No','No','2024-05-02 13:44:01','2024-05-02 13:44:01'),(344,'11.2.2.(ii)','People injured in road accidents (Indicator 3.6.1)','Absolute',0,100,16,NULL,65,11,'Negative','Yes','No',3,'2020-2021','Active','No','No','2024-05-02 13:44:01','2024-05-02 13:44:01'),(345,'11.2.3','Proportion of Electric Buses as a proportion of total buses operated by JK Transport Undertaking','Percentage',0,100,28,NULL,65,11,'Positive','Yes','No',3,'2020-2021','Active','No','No','2024-05-02 13:44:01','2024-05-02 13:44:01'),(346,'11.3.1','Proportion of Cities with Master Plan (Indicator 11.a.1)','Percentage',0,100,17,NULL,66,11,'Positive','Yes','No',3,'2020-2021','Active','No','No','2024-05-02 13:44:01','2024-05-02 13:44:01'),(347,'11.4.1','Total per capita expenditure on the preservation, protection and conservation of all cultural','Absolute',0,100,2,NULL,67,11,'Positive','Yes','No',3,'2020-2021','Active','No','No','2024-05-02 13:44:01','2024-05-02 13:44:01'),(348,'11.5.1.a','Number of deaths attributed to extreme climate per 100,000 population (Indicator 13.1.1.a)','Absolute',0,100,3,NULL,68,11,'Negative','Yes','No',3,'2020-2021','Active','No','No','2024-05-02 13:44:01','2024-05-02 13:44:01'),(349,'11.5.1.b','Number of deaths, missing persons and directly affected persons attributed to disasters (Indicator 1.5.1 and 13.1.1)','Absolute',0,100,3,NULL,68,11,'Negative','Yes','No',3,'2020-2021','Active','No','No','2024-05-02 13:44:01','2024-05-02 13:44:01'),(350,'11.5.2','Number of personnels trained under Aapda Mitra Scheme in the UT','Absolute',0,100,3,NULL,68,11,'Positive','Yes','No',3,'2020-2021','Active','No','No','2024-05-02 13:44:01','2024-05-02 13:44:01'),(351,'11.6.1','Percentage of Waste processed','Percentage',0,100,17,NULL,69,11,'Positive','Yes','No',3,'2020-2021','Active','No','No','2024-05-02 13:44:01','2024-05-02 13:44:01'),(352,'11.6.2','Percentage of wards with 100% door to door waste collection','Percentage',0,100,17,NULL,69,11,'Positive','Yes','No',3,'2020-2021','Active','No','No','2024-05-02 13:44:01','2024-05-02 13:44:01'),(353,'11.a.1','Proportion of Cities with Master Plan (Indicator 11.3.1)','Percentage',0,100,17,NULL,70,11,'Positive','Yes','No',3,'2020-2021','Active','No','No','2024-05-02 13:44:01','2024-05-02 13:44:01'),(354,'11.b.1','Whether the UT has adopted and implemented national disaster risk reduction (Indicator 1.5.2 and 13.2.1)','Absolute',0,100,3,NULL,71,11,'Positive','Yes','No',3,'2020-2021','Active','No','No','2024-05-02 13:44:01','2024-05-02 13:44:01'),(355,'11.b.2','Proportion of local governments that adopt and implement local disaster risk reduction (Indicator 13.1.3)','Absolute',0,100,3,NULL,71,11,'Positive','Yes','No',3,'2020-2021','Active','No','No','2024-05-02 13:44:01','2024-05-02 13:44:01'),(356,'12.2.1.a','Percentage of ground water withdrawal against availability (Indicator 6.4.2)','Percentage',0,100,20,NULL,72,12,'Negative','Yes','No',3,'2020-2021','Active','No','No','2024-05-02 13:44:01','2024-05-02 13:44:01'),(357,'12.2.1.b','Forest area as a proportion of total land area','Percentage',0,100,15,NULL,72,12,'Positive','Yes','No',3,'2020-2021','Active','No','No','2024-05-02 13:44:01','2024-05-02 13:44:01'),(358,'12.3.1','Per capita food availability','Absolute',0,100,4,NULL,73,12,'Positive','Yes','No',3,'2020-2021','Active','No','No','2024-05-02 13:44:01','2024-05-02 13:44:01'),(359,'12.3.2.a','Percentage of fresh fruit processed to total production in the State','Percentage',0,100,7,NULL,73,12,'Positive','Yes','No',3,'2020-2021','Active','No','No','2024-05-02 13:44:01','2024-05-02 13:44:01'),(360,'12.3.2.b','Percentage increase in cold storage capacity','Percentage',0,100,7,NULL,73,12,'Positive','Yes','No',3,'2020-2021','Active','No','No','2024-05-02 13:44:01','2024-05-02 13:44:01'),(361,'12.3.2.c','Post harvest storage and distribution losses of Central/States Pool stocks of wheat and rice (Storage)','Absolute',0,100,4,NULL,73,12,'Negative','Yes','No',3,'2020-2021','Active','No','No','2024-05-02 13:44:01','2024-05-02 13:44:01'),(362,'12.3.2.d','Post harvest storage and distribution losses of Central/States Pool stocks of wheat and rice (T&D)','Absolute',0,100,4,NULL,73,12,'Negative','Yes','No',3,'2020-2021','Active','No','No','2024-05-02 13:44:01','2024-05-02 13:44:01'),(363,'12.4.1.a','Hazardous waste generated per capita','Absolute',0,100,24,NULL,74,12,'Negative','Yes','No',3,'2020-2021','Active','No','No','2024-05-02 13:44:01','2024-05-02 13:44:01'),(364,'12.4.1.b','Proportion of hazardous waste treated, by incineration (Indicator 3.9.4)','Percentage',0,100,15,NULL,74,12,'Positive','Yes','No',3,'2020-2021','Active','No','No','2024-05-02 13:44:01','2024-05-02 13:44:01'),(365,'12.4.1.c','Proportion of hazardous waste treated, by recycling (Indicator 3.9.4)','Percentage',0,100,15,NULL,74,12,'Positive','Yes','No',3,'2020-2021','Active','No','No','2024-05-02 13:44:01','2024-05-02 13:44:01'),(366,'12.4.1.d','Proportion of hazardous waste treated, in Landfills (Indicator 3.9.4)','Percentage',0,100,15,NULL,74,12,'Positive','Yes','No',3,'2020-2021','Active','No','No','2024-05-02 13:44:01','2024-05-02 13:44:01'),(367,'12.5.1','Number of waste recycling plants installed during the reference year','Absolute',0,100,17,NULL,75,12,'Positive','Yes','No',3,'2020-2021','Active','No','No','2024-05-02 13:44:01','2024-05-02 13:44:01'),(368,'12.5.2','Percentage of wards with 100% source segregation','Percentage',0,100,17,NULL,75,12,'Positive','Yes','No',3,'2020-2021','Active','No','No','2024-05-02 13:44:01','2024-05-02 13:44:01'),(369,'12.5.3','Number of municipal corporations banning single use plastic','Absolute',0,100,17,NULL,75,12,'Positive','Yes','No',3,'2020-2021','Active','No','No','2024-05-02 13:44:01','2024-05-02 13:44:01'),(370,'12.5.3.a','Quantity of single use plastic seized/confiscated in a year (in MT)','Absolute',0,100,15,NULL,75,12,'Positive','Yes','No',3,'2020-2021','Active','No','No','2024-05-02 13:44:01','2024-05-02 13:44:01'),(371,'12.a.1','Installed renewable energy generating capacity in the country (in watts per capita) (Indicator 7.b.1)','Absolute',0,100,10,NULL,76,12,'Positive','Yes','No',3,'2020-2021','Active','No','No','2024-05-02 13:44:01','2024-05-02 13:44:01'),(372,'13.1.1','Number of deaths and missing persons attributed to disasters (Indicator 1.5.1 and 11.5.1.b)','Absolute',0,100,3,NULL,77,13,'Negative','Yes','No',3,'2020-2021','Active','No','No','2024-05-02 13:44:01','2024-05-02 13:44:01'),(373,'13.1.1.a','Number of deaths attributed to extreme climate per 1 lakh population (Indicator 11.5.1.a)','Absolute',0,100,3,NULL,77,13,'Negative','Yes','No',3,'2020-2021','Active','No','No','2024-05-02 13:44:01','2024-05-02 13:44:01'),(374,'13.1.2.a','Renewable energy share in the total installed electricity generation (Indicator 7.2.1)','Percentage',0,100,25,NULL,77,13,'Positive','Yes','No',3,'2020-2021','Active','No','No','2024-05-02 13:44:01','2024-05-02 13:44:01'),(375,'13.1.3','Proportion of local governments that adopt and implement local disaster risk reduction (Indicator 11.b.2)','Absolute',0,100,3,NULL,77,13,'Positive','Yes','No',3,'2020-2021','Active','No','No','2024-05-02 13:44:01','2024-05-02 13:44:01'),(376,'13.2.1','Whether the UTs has adopted and implemented national disaster risk reduction strategies in line with the Sendai Framework for Disaster Risk Reduction 2015-2030 (Indicator 1.5.2 and 11.b.1)','Absolute',0,100,3,NULL,78,13,'Positive','Yes','No',3,'2020-2021','Active','No','No','2024-05-02 13:44:01','2024-05-02 13:44:01'),(377,'15.1.1','Forest cover as a percentage of total geographical area (Repeated 5 times)','Percentage',0,100,15,NULL,79,15,'Positive','Yes','No',3,'2020-2021','Active','No','No','2024-05-02 13:44:01','2024-05-02 13:44:01'),(378,'15.1.2','Protected area as a percentage of total geographical area (Repeated 6 times)','Absolute',0,100,15,NULL,79,15,'Positive','Yes','No',3,'2020-2021','Active','No','No','2024-05-02 13:44:01','2024-05-02 13:44:01'),(379,'15.1.3','Area of Ramsar sites as a percentage to the total wetland area (Repeated 7 times)','Percentage',0,100,15,NULL,79,15,'Positive','Yes','No',3,'2020-2021','Active','No','No','2024-05-02 13:44:01','2024-05-02 13:44:01'),(380,'15.2.1.a','Percent change in forest cover','Percentage',0,100,15,NULL,80,15,'Positive','Yes','No',3,'2020-2021','Active','No','No','2024-05-02 13:44:01','2024-05-02 13:44:01'),(381,'15.2.1.b','Total area covered under different afforestation schemes','Absolute',0,100,15,NULL,80,15,'Positive','Yes','No',3,'2020-2021','Active','No','No','2024-05-02 13:44:01','2024-05-02 13:44:01'),(382,'15.2.1.c','Tree cover as percentage of total geographical area','Percentage',0,100,15,NULL,80,15,'Positive','Yes','No',3,'2020-2021','Active','No','No','2024-05-02 13:44:01','2024-05-02 13:44:01'),(383,'15.3.1','Proportion of land that is degraded over total land area','Percentage',0,100,1,NULL,81,15,'Negative','Yes','No',3,'2020-2021','Active','No','No','2024-05-02 13:44:01','2024-05-02 13:44:01'),(384,'15.4.1','Percentage change in forest cover in hill districts','Absolute',0,100,15,NULL,82,15,'Positive','Yes','No',3,'2020-2021','Active','No','No','2024-05-02 13:44:01','2024-05-02 13:44:01'),(385,'15.4.2','Percentage change in per capita income of Himalayan States over previous year','Percentage',0,100,12,NULL,82,15,'Positive','Yes','No',3,'2020-2021','Active','No','No','2024-05-02 13:44:01','2024-05-02 13:44:01'),(386,'15.4.3','Number of incidences of forest fire in the UT','Absolute',0,100,15,NULL,82,15,'Negative','Yes','No',3,'2020-2021','Active','No','No','2024-05-02 13:44:01','2024-05-02 13:44:01'),(387,'15.4.3.a','Area impacted by forest fire as a percentage of forest cover','Percentage',0,100,15,NULL,82,15,'Negative','Yes','No',3,'2020-2021','Active','No','No','2024-05-02 13:44:01','2024-05-02 13:44:01'),(388,'15.7.1','Number of cases registered under the Wildlife Protection Act, 1972 (Indicator 15.c.1)','Absolute',0,100,15,NULL,83,15,'Negative','Yes','No',3,'2020-2021','Active','No','No','2024-05-02 13:44:01','2024-05-02 13:44:01'),(389,'15.7.2','Number of Incidences of Man-wild animal conflict ( Human injury and death )','Absolute',0,100,15,NULL,83,15,'Negative','Yes','No',3,'2020-2021','Active','No','No','2024-05-02 13:44:01','2024-05-02 13:44:01'),(390,'15.c.1','Number of cases registered under the Wildlife Protection Act, 1972 (Indicator 15.7.1)','Absolute',0,100,15,NULL,84,15,'Negative','Yes','No',3,'2020-2021','Active','No','No','2024-05-02 13:44:01','2024-05-02 13:44:01'),(391,'16.1.1','Number of victims of intentional homicide per 1,00,000 population.','Absolute',0,100,16,NULL,85,16,'Negative','Yes','No',3,'2020-2021','Active','No','No','2024-05-02 13:44:01','2024-05-02 13:44:01'),(392,'16.1.2','Per 1,00,000 Population subjected to physical, psychological or sexual violence in the previous 12 months','Absolute',0,100,16,NULL,85,16,'Negative','Yes','No',3,'2020-2021','Active','No','No','2024-05-02 13:44:01','2024-05-02 13:44:01'),(393,'16.2.1','Proportion of Crime Committed against Children during the year, (rate per 1,00,000 children)','Absolute',0,100,16,NULL,86,16,'Negative','Yes','No',3,'2020-2021','Active','No','No','2024-05-02 13:44:01','2024-05-02 13:44:01'),(394,'16.2.2','Number of children rescued from human trafficking per 1,00,000 population ( 8.7.1 /10 as 8.7.1 is in per 10,00,000 population)','Absolute',0,100,16,NULL,86,16,'Positive','Yes','No',3,'2020-2021','Active','No','No','2024-05-02 13:44:01','2024-05-02 13:44:01'),(395,'16.2.2.a','Number of missing children (Indicator 8.7.2)','Absolute',0,100,16,NULL,86,16,'Negative','Yes','No',3,'2020-2021','Active','No','No','2024-05-02 13:44:01','2024-05-02 13:44:01'),(396,'16.3.1','Number of courts per lakh population','Absolute',0,100,8,NULL,87,16,'Positive','Yes','No',3,'2020-2021','Active','No','No','2024-05-02 13:44:01','2024-05-02 13:44:01'),(397,'16.3.2','Unsentenced detainees as a proportion of overall prison population','Absolute',0,100,16,NULL,87,16,'Negative','Yes','No',3,'2020-2021','Active','No','No','2024-05-02 13:44:01','2024-05-02 13:44:01'),(398,'16.3.3','Number of Judges (all levels) per lakh population','Absolute',0,100,8,NULL,87,16,'Positive','Yes','No',3,'2020-2021','Active','No','No','2024-05-02 13:44:01','2024-05-02 13:44:01'),(399,'16.4.1','Number of cases under the Arms Act','Absolute',0,100,16,NULL,88,16,'Negative','Yes','No',3,'2020-2021','Active','No','No','2024-05-02 13:44:01','2024-05-02 13:44:01'),(400,'16.4.2.(i)','Value of Property Stolen','Absolute',0,100,16,NULL,88,16,'Negative','Yes','No',3,'2020-2021','Active','No','No','2024-05-02 13:44:01','2024-05-02 13:44:01'),(401,'16.4.2.(ii)','Value of Property Stolen and Recovered','Absolute',0,100,16,NULL,88,16,'Positive','Yes','No',3,'2020-2021','Active','No','No','2024-05-02 13:44:01','2024-05-02 13:44:01'),(402,'16.4.2.(iii)','Value of Percentage Property Recovered','Absolute',0,100,16,NULL,88,16,'Positive','Yes','No',3,'2020-2021','Active','No','No','2024-05-02 13:44:01','2024-05-02 13:44:01'),(403,'16.5.1','Cases reported under Prevention of Corruption Act and related section of IPC per','Absolute',0,100,16,NULL,89,16,'Negative','Yes','No',3,'2020-2021','Active','No','No','2024-05-02 13:44:01','2024-05-02 13:44:01'),(404,'16.6.3','Number of Government services provided online to citizens','Absolute',0,100,19,NULL,90,16,'Positive','Yes','No',3,'2020-2021','Active','No','No','2024-05-02 13:44:01','2024-05-02 13:44:01'),(405,'16.7.1','Proportion of seats held by women in National Parliament, State Legislative and Local Self Government (Indicator 5.5.1 and 10.2.2)','Percentage',0,100,22,NULL,91,16,'Positive','Yes','No',3,'2020-2021','Active','No','No','2024-05-02 13:44:01','2024-05-02 13:44:01'),(406,'16.7.2','Proportion of SC/ST persons in Elected bodies in Lok Sabha(Indicator 10.2.3)','Percentage',0,100,22,NULL,91,16,'Positive','Yes','No',3,'2020-2021','Active','No','No','2024-05-02 13:44:01','2024-05-02 13:44:01'),(407,'16.9.1','Percentage of births registered','Percentage',0,100,12,NULL,92,16,'Positive','Yes','No',3,'2020-2021','Active','No','No','2024-05-02 13:44:01','2024-05-02 13:44:01'),(408,'16.9.2','Proportion of population covered under Aadhaar, (in percentage)','Percentage',0,100,19,NULL,92,16,'Positive','Yes','No',3,'2020-2021','Active','No','No','2024-05-02 13:44:01','2024-05-02 13:44:01'),(409,'1.1.1.(i)','Percentage of houses built against demanded (PMAY Rural + other schemes)','Percentage',0,100,NULL,NULL,1,1,'Positive','No','Yes',3,'2020-2021','Active','No','Yes','2024-05-02 16:10:29','2024-05-02 16:10:29'),(410,'1.1.1.(ii)','Percentage of houses built against demanded (PMAY Urban + other schemes)','Percentage',0,100,NULL,NULL,1,1,'Positive','No','Yes',3,'2020-2021','Active','No','Yes','2024-05-02 16:10:29','2024-05-02 16:10:29'),(411,'1.1.2','Percentage of eligible population with access to food grains at subsidized price/free of cost in the District under NFSA-PHH/AAY','Percentage',0,100,NULL,NULL,1,1,'Positive','No','Yes',3,'2020-2021','Active','No','Yes','2024-05-02 16:10:29','2024-05-02 16:10:29'),(412,'1.3.1','Percentage of population covered by any insurance scheme (Ayushman Bharat PMJAY - SEHAT+ any other government scheme) in the District','Percentage',0,100,NULL,NULL,3,1,'Positive','No','Yes',3,'2020-2021','Active','No','Yes','2024-05-02 16:10:29','2024-05-02 16:10:29'),(413,'1.3.2','Number of Beneficiaries under Integrated Child Development Scheme (ICDS) in the District','Absolute',0,100,NULL,NULL,3,1,'Positive','No','Yes',3,'2020-2021','Active','No','No','2024-05-02 16:10:29','2024-05-02 16:10:29'),(414,'1.3.3','Persons provided employment as a percentage of persons who  demanded employment  under Mahatma Gandhi National  Rural Employment Guarantee Act (MNREGA) in the District','Percentage',0,100,NULL,NULL,3,1,'Positive','No','Yes',3,'2020-2021','Active','No','Yes','2024-05-02 16:10:29','2024-05-02 16:10:29'),(415,'1.3.4','Number of Self Help Groups (SHGs) formed and provided bank credit linkage  in the District','Absolute',0,100,NULL,NULL,3,1,'Positive','No','Yes',3,'2020-2021','Active','No','No','2024-05-02 16:10:29','2024-05-02 16:10:29'),(416,'1.3.4.a','Percentage of  persons provided loans  under livelihood generations schemes (a.PMEGP, b.NRLM,c. NULM, d.Self Employment Scheme, e.Youth f.Start up Loan Scheme, g.Seed Capital Fund) against the target in the District','Percentage',0,100,NULL,NULL,3,1,'Positive','No','Yes',3,'2020-2021','Active','No','Yes','2024-05-02 16:10:29','2024-05-02 16:10:29'),(417,'1.3.5','Percentage of women (out of total eligible women) receiving social protection benefits under Maternity Benefit Scheme (PMMVY) in the District','Percentage',0,100,NULL,NULL,3,1,'Positive','No','Yes',3,'2020-2021','Active','No','Yes','2024-05-02 16:10:29','2024-05-02 16:10:29'),(418,'1.3.6','Percentage of eligible  persons provided financial assistance against registered under Old Age Pensions, Widow Pension, Disability Pension   in the District','Percentage',0,100,NULL,NULL,3,1,'Positive','No','Yes',3,'2020-2021','Active','No','Yes','2024-05-02 16:10:29','2024-05-02 16:10:29'),(419,'1.4.1.(i)','Percentage of households getting safe and adequate drinking water within premises through Piped  Water Supply (PWS) RURAL in the District','Percentage',0,100,NULL,NULL,4,1,'Positive','No','Yes',3,'2020-2021','Active','No','No','2024-05-02 16:10:29','2024-05-02 16:10:29'),(420,'1.4.1.(ii)','Percentage of households getting safe and adequate drinking water within premises through Piped  Water Supply (PWS) URBAN in the District','Percentage',0,100,NULL,NULL,4,1,'Positive','No','Yes',3,'2020-2021','Active','No','No','2024-05-02 16:10:29','2024-05-02 16:10:29'),(421,'1.4.2.(i)','Proportion of households (rural) with access to Sanitation  (IHHL) in the District','Absolute',0,100,NULL,NULL,4,1,'Positive','No','Yes',3,'2020-2021','Active','No','No','2024-05-02 16:10:29','2024-05-02 16:10:29'),(422,'1.4.2.(ii)','Proportion of households (Urban) with access to Sanitation- IHHL','Percentage',0,100,NULL,NULL,4,1,'Positive','No','Yes',3,'2020-2021','Active','No','Yes','2024-05-02 16:10:29','2024-05-02 16:10:29'),(423,'1.4.3','Percentage of Households electrified','Percentage',0,100,NULL,NULL,4,1,'Positive','No','Yes',3,'2020-2021','Active','No','No','2024-05-02 16:10:29','2024-05-02 16:10:29'),(424,'1.4.4','Number of operative accounts (including savings and current accoumts) of scheduled commercial banks per 1000 Population','Absolute',0,100,NULL,NULL,4,1,'Positive','No','Yes',3,'2020-2021','Active','No','No','2024-05-02 16:10:29','2024-05-02 16:10:29'),(425,'2.1.1','Percentage of registered children aged under 5 years who are underweight','Percentage',0,100,NULL,NULL,7,2,'Negative','No','Yes',3,'2020-2021','Active','No','Yes','2024-05-02 16:10:29','2024-05-02 16:10:29'),(426,'2.1.2','Percentage  of beneficiaries covered under National Food Security Act 2013 in the District','Percentage',0,100,NULL,NULL,7,2,'Positive','No','Yes',3,'2020-2021','Active','No','Yes','2024-05-02 16:10:29','2024-05-02 16:10:29'),(427,'2.1.2.a','Percentage of eligible population with access to food grains at subsidized price/free of cost in the District under NFSA-PHH/AAY','Percentage',0,100,NULL,NULL,7,2,'Positive','No','Yes',3,'2020-2021','Active','No','No','2024-05-02 16:10:29','2024-05-02 16:10:29'),(428,'2.1.2.b','Percentage of Fair Price Shop (FPS) covered under online transaction system for PDS in the District','Percentage',0,100,NULL,NULL,7,2,'Positive','No','Yes',3,'2020-2021','Active','No','Yes','2024-05-02 16:10:29','2024-05-02 16:10:29'),(429,'2.2.1','Percentage of registered children under age 5 years who are stunted','Percentage',0,100,NULL,NULL,8,2,'Negative','No','Yes',3,'2020-2021','Active','No','Yes','2024-05-02 16:10:29','2024-05-02 16:10:29'),(430,'2.2.1.a','Percentage of registered children weighed monthly out of total registered children in AWCs in the District','Percentage',0,100,NULL,NULL,8,2,'Positive','No','Yes',3,'2020-2021','Active','No','Yes','2024-05-02 16:10:29','2024-05-02 16:10:29'),(431,'2.2.2','Percentage of registered children under age 5 years who are wasted','Percentage',0,100,NULL,NULL,8,2,'Negative','No','Yes',3,'2020-2021','Active','No','Yes','2024-05-02 16:10:29','2024-05-02 16:10:29'),(432,'2.2.2.a','Proportion of Low Birth Weight babies among new borns in the district','Percentage',0,100,NULL,NULL,8,2,'Negative','No','Yes',3,'2020-2021','Active','No','Yes','2024-05-02 16:10:29','2024-05-02 16:10:29'),(433,'2.2.3','Percentage of pregnant women age 15 - 49 years who are severly anemic (<7.0g/dl)','Percentage',0,100,NULL,NULL,8,2,'Negative','No','Yes',3,'2020-2021','Active','No','Yes','2024-05-02 16:10:29','2024-05-02 16:10:29'),(434,'2.2.4','Percentage of registered children age 6-59 months who are anemic (< 11.0g/dl)','Percentage',0,100,NULL,NULL,8,2,'Negative','No','Yes',3,'2020-2021','Active','No','Yes','2024-05-02 16:10:29','2024-05-02 16:10:29'),(435,'2.3.1','Agriculture productivity of wheat and rice (Yield per hectare) in the District','Absolute',0,100,NULL,NULL,9,2,'Positive','No','Yes',3,'2020-2021','Active','No','No','2024-05-02 16:10:29','2024-05-02 16:10:29'),(436,'2.3.2.a','Percentage increase in Horticulture Produce (Fresh Fruits+ Dry Fruits)','Percentage',0,100,NULL,NULL,9,2,'Positive','No','Yes',3,'2020-2021','Active','No','No','2024-05-02 16:10:29','2024-05-02 16:10:29'),(437,'2.3.2.b','Percentage increase in Value of Horticulture Produce (Fresh fruits + Dry fruits)','Percentage',0,100,NULL,NULL,9,2,'Positive','No','Yes',3,'2020-2021','Active','No','No','2024-05-02 16:10:29','2024-05-02 16:10:29'),(438,'2.4.1','Proportion of Net Sown Area to Cultivable Land','Percentage',0,100,NULL,NULL,10,2,'Positive','No','Yes',3,'2020-2021','Active','No','Yes','2024-05-02 16:10:30','2024-05-02 16:10:30'),(439,'2.4.2','Percentage of farmers issued Soil Health Card','Percentage',0,100,NULL,NULL,10,2,'Positive','No','Yes',3,'2020-2021','Active','No','Yes','2024-05-02 16:10:30','2024-05-02 16:10:30'),(440,'2.4.3','Percentage of net area under organic farming','Percentage',0,100,NULL,NULL,10,2,'Positive','No','Yes',3,'2020-2021','Active','No','No','2024-05-02 16:10:30','2024-05-02 16:10:30'),(441,'2.4.3.a','Percentage of eligible agricultural Farmers issued Kissan Credit Cards in the District','Percentage',0,100,NULL,NULL,10,2,'Positive','No','Yes',3,'2020-2021','Active','No','No','2024-05-02 16:10:30','2024-05-02 16:10:30'),(442,'2.4.3.b','Percentage of Area Covered Under High Density Plantation in the District','Percentage',0,100,NULL,NULL,10,2,'Positive','No','Yes',3,'2020-2021','Active','No','No','2024-05-02 16:10:30','2024-05-02 16:10:30'),(443,'2.4.3.c','Percentage of Total Cropped Area covered under Quality Certified Seeds in the District','Percentage',0,100,NULL,NULL,10,2,'Positive','No','Yes',3,'2020-2021','Active','No','Yes','2024-05-02 16:10:30','2024-05-02 16:10:30'),(444,'3.1.1','Maternal deaths per 1000 live births  (Maternal Mortality) in the District','Percentage',0,100,NULL,NULL,13,3,'Negative','No','Yes',3,'2020-2021','Active','No','Yes','2024-05-02 16:10:30','2024-05-02 16:10:30'),(445,'3.1.1.a','Percentage of pregnant women who had an antenatal check up in the first trimester in the District','Percentage',0,100,NULL,NULL,13,3,'Positive','No','Yes',3,'2020-2021','Active','No','No','2024-05-02 16:10:30','2024-05-02 16:10:30'),(446,'3.1.1.b','Percentage of pregnant women who had atleast 4 Antenatal Care Visits in the District','Percentage',0,100,NULL,NULL,13,3,'Positive','No','Yes',3,'2020-2021','Active','No','Yes','2024-05-02 16:10:30','2024-05-02 16:10:30'),(447,'3.1.2','Percentage of births attended by skilled health personnel in the District','Percentage',0,100,NULL,NULL,13,3,'Positive','No','Yes',3,'2020-2021','Active','No','Yes','2024-05-02 16:10:30','2024-05-02 16:10:30'),(448,'3.1.2.a','Percentage of institutional deliveries/births','Percentage',0,100,NULL,NULL,13,3,'Positive','No','Yes',3,'2020-2021','Active','No','Yes','2024-05-02 16:10:30','2024-05-02 16:10:30'),(449,'3.2.1','Number of infant (children under the age of 1) deaths under to 1000 live births in the District','Percentage',0,100,NULL,NULL,14,3,'Negative','No','Yes',3,'2020-2021','Active','No','Yes','2024-05-02 16:10:30','2024-05-02 16:10:30'),(450,'3.2.2','Percentage of children age 9-11 months fully vaccinated with BCG, measles and three doses each of polio, DPT and Penta vaccine (excluding polio vaccine given at birth)','Percentage',0,100,NULL,NULL,14,3,'Positive','No','Yes',3,'2020-2021','Active','No','Yes','2024-05-02 16:10:30','2024-05-02 16:10:30'),(451,'3.3.1','Proportion of TB cases notified to target','Percentage',0,100,NULL,NULL,15,3,'Positive','No','Yes',3,'2020-2021','Active','No','Yes','2024-05-02 16:10:30','2024-05-02 16:10:30'),(452,'3.3.2','Malaria incidence per 1,000 population','Percentage',0,100,NULL,NULL,15,3,'Negative','No','Yes',3,'2020-2021','Active','No','Yes','2024-05-02 16:10:30','2024-05-02 16:10:30'),(453,'3.4.1.a','Number of Patients treated/currently under treatment for Cancer related illness in District Hospitals','Absolute',0,100,NULL,NULL,16,3,'Negative','No','Yes',3,'2020-2021','Active','No','No','2024-05-02 16:10:30','2024-05-02 16:10:30'),(454,'3.4.1.b','Number of Patients reported/observed with Diabetic illness per 1000 population screened in the District','Absolute',0,100,NULL,NULL,16,3,'Negative','No','Yes',3,'2020-2021','Active','No','No','2024-05-02 16:10:30','2024-05-02 16:10:30'),(455,'3.4.1.c','Number of Patients reported/observed with Hypertension illness per 1000 population screened in the District','Absolute',0,100,NULL,NULL,16,3,'Negative','No','Yes',3,'2020-2021','Active','No','No','2024-05-02 16:10:30','2024-05-02 16:10:30'),(456,'3.4.2','Suicide mortality rate (per 1,000 population)','Percentage',0,100,NULL,NULL,16,3,'Negative','No','Yes',3,'2020-2021','Active','No','Yes','2024-05-02 16:10:30','2024-05-02 16:10:30'),(457,'3.4.3.a','Number of persons availing mental health services per 1000 population','Absolute',0,100,NULL,NULL,16,3,'Negative','No','Yes',3,'2020-2021','Active','No','No','2024-05-02 16:10:30','2024-05-02 16:10:30'),(458,'3.4.3.b','Number of Mental Health Wellness Centres in the District','Absolute',0,100,NULL,NULL,16,3,'Positive','No','Yes',3,'2020-2021','Active','No','No','2024-05-02 16:10:30','2024-05-02 16:10:30'),(459,'3.4.4.a','Prevalence of hypertension among men and women age 30+ years  in the district','Percentage',0,100,NULL,NULL,16,3,'Negative','No','Yes',3,'2020-2021','Active','No','No','2024-05-02 16:10:30','2024-05-02 16:10:30'),(460,'3.4.4.b','Percentage of population in age group 30+ who sought treatment out of total population in that age group having diabetes','Percentage',0,100,NULL,NULL,16,3,'Negative','No','Yes',3,'2020-2021','Active','No','No','2024-05-02 16:10:30','2024-05-02 16:10:30'),(461,'3.4.4.c','Percentage of women aged 30- 49 yeas who have ever undergone a screening test for cervical cancer','Percentage',0,100,NULL,NULL,16,3,'Negative','No','Yes',3,'2020-2021','Active','No','No','2024-05-02 16:10:30','2024-05-02 16:10:30'),(462,'3.5.1','Number of de-addiction centres/rehabilitation/addiction treatment facilities','Absolute',0,100,NULL,NULL,17,3,'Negative','No','Yes',3,'2020-2021','Active','No','No','2024-05-02 16:10:30','2024-05-02 16:10:30'),(463,'3.6.1','People killed/injured in road accidents (per 1,00,000 population)','Percentage',0,100,NULL,NULL,18,3,'Negative','No','Yes',3,'2020-2021','Active','No','Yes','2024-05-02 16:10:30','2024-05-02 16:10:30'),(464,'3.7.1','Percentage of currently married women aged 15-49 years who have their need for family planning satisfied with modern methods','Percentage',0,100,NULL,NULL,19,3,'Positive','No','Yes',3,'2020-2021','Active','No','Yes','2024-05-02 16:10:30','2024-05-02 16:10:30'),(465,'3.7.2','Percentage of institutional deliveries/births','Percentage',0,100,NULL,NULL,19,3,'Positive','No','Yes',3,'2020-2021','Active','No','No','2024-05-02 16:10:30','2024-05-02 16:10:30'),(466,'3.8.1','Percentage of currently married women (15-49 years) who use any modern Family planning methods','Percentage',0,100,NULL,NULL,20,3,'Positive','No','Yes',3,'2020-2021','Active','No','Yes','2024-05-02 16:10:30','2024-05-02 16:10:30'),(467,'3.c.1','Total No. of health personnel (Doctors, Nurses, Dentists, Midwives, Pharmacists, Ayush) per 10,000 population during reference year','Absolute',0,100,NULL,NULL,24,3,'Positive','No','Yes',3,'2020-2021','Active','No','No','2024-05-02 16:10:30','2024-05-02 16:10:30'),(468,'4.1.1.(i)','Net Enrolment Ratio (NER) in Primary  in the District','Ratio',0,100,NULL,NULL,25,4,'Positive','No','Yes',3,'2020-2021','Active','No','Yes','2024-05-02 16:10:30','2024-05-02 16:10:30'),(469,'4.1.1.(ii)','Net Enrolment Ratio (NER) in  Upper Primary Education in the District','Ratio',0,100,NULL,NULL,25,4,'Positive','No','Yes',3,'2020-2021','Active','No','No','2024-05-02 16:10:30','2024-05-02 16:10:30'),(470,'4.1.2.(i)','Adjusted Net Enrolment Ratio in primary education','Ratio',0,100,NULL,NULL,25,4,'Positive','No','Yes',3,'2020-2021','Active','No','Yes','2024-05-02 16:10:30','2024-05-02 16:10:30'),(471,'4.1.2.(ii)','Adjusted Net Enrolment Ratio in upper primary education','Ratio',0,100,NULL,NULL,25,4,'Positive','No','Yes',3,'2020-2021','Active','No','Yes','2024-05-02 16:10:30','2024-05-02 16:10:30'),(472,'4.1.2.(iii)','Adjusted Net Enrolment Ratio in secondary education','Ratio',0,100,NULL,NULL,25,4,'Positive','No','Yes',3,'2020-2021','Active','No','Yes','2024-05-02 16:10:30','2024-05-02 16:10:30'),(473,'4.1.3','Gross enrollment ratio in higher secondary\r\neducation','Ratio',0,100,NULL,NULL,25,4,'Positive','No','Yes',3,'2020-2021','Active','No','Yes','2024-05-02 16:10:30','2024-05-02 16:10:30'),(474,'4.1.4.(i)','Percentage of students in grade 3 achieving at least a minimum proficiency level in terms  of nationally defined learning outcomes to be attained by pupils at the end of each of above grade','Percentage',0,100,NULL,NULL,25,4,'Positive','No','Yes',3,'2020-2021','Active','No','Yes','2024-05-02 16:10:30','2024-05-02 16:10:30'),(475,'4.1.4.(ii)','Percentage of students in grade 5  achieving at least a minimum proficiency level in terms  of nationally defined learning outcomes to be attained by pupils at the end of each of above grade','Percentage',0,100,NULL,NULL,25,4,'Positive','No','Yes',3,'2020-2021','Active','No','Yes','2024-05-02 16:10:30','2024-05-02 16:10:30'),(476,'4.1.4.(iii)','Percentage of students in grade  8 achieving at least a minimum proficiency level in terms  of nationally defined learning outcomes to be attained by pupils at the end of each of above grade','Percentage',0,100,NULL,NULL,25,4,'Positive','No','Yes',3,'2020-2021','Active','No','Yes','2024-05-02 16:10:30','2024-05-02 16:10:30'),(477,'4.1.5.(i)','Proportion of students enrolled in Grade 1 who reach primary (Retention rate)','Absolute',0,100,NULL,NULL,25,4,'Positive','No','Yes',3,'2020-2021','Active','No','No','2024-05-02 16:10:30','2024-05-02 16:10:30'),(478,'4.1.5.(ii)','Proportion of students enrolled in Grade 1 who reach upper primary grade (Retention rate)','Percentage',0,100,NULL,NULL,25,4,'Positive','No','Yes',3,'2020-2021','Active','No','Yes','2024-05-02 16:10:30','2024-05-02 16:10:30'),(479,'4.1.5.(iii)','Proportion of students enrolled in Grade 1 who reach  secondary grade (Retention rate)','Percentage',0,100,NULL,NULL,25,4,'Positive','No','Yes',3,'2020-2021','Active','No','Yes','2024-05-02 16:10:30','2024-05-02 16:10:30'),(480,'4.1.6.(i)','Out of School Children Ratio ( Primary)','Ratio',0,100,NULL,NULL,25,4,'Negative','No','Yes',3,'2020-2021','Active','No','No','2024-05-02 16:10:30','2024-05-02 16:10:30'),(481,'4.1.6.(ii)','Out of School Children Ratio ( Upper Primary)','Ratio',0,100,NULL,NULL,25,4,'Negative','No','Yes',3,'2020-2021','Active','No','Yes','2024-05-02 16:10:30','2024-05-02 16:10:30'),(482,'4.5.1.(i)','Gender Parity indices for Primary education','Percentage',0,100,NULL,NULL,28,4,'Positive','No','Yes',3,'2020-2021','Active','No','No','2024-05-02 16:10:30','2024-05-02 16:10:30'),(483,'4.5.1.(ii)','Gender Parity indices for Secondary education','Percentage',0,100,NULL,NULL,28,4,'Positive','No','Yes',3,'2020-2021','Active','No','Yes','2024-05-02 16:10:30','2024-05-02 16:10:30'),(484,'4.5.1.(iii)','Gender Parity indices for  Higher secondary education','Percentage',0,100,NULL,NULL,28,4,'Positive','No','Yes',3,'2020-2021','Active','No','Yes','2024-05-02 16:10:30','2024-05-02 16:10:30'),(485,'4.a.1.(a)','Proportion of schools with access to functional electricity','Percentage',0,100,NULL,NULL,29,4,'Positive','No','Yes',3,'2020-2021','Active','No','Yes','2024-05-02 16:10:30','2024-05-02 16:10:30'),(486,'4.a.1.(b)','Proportion of schools with access to computers for pedagogical purposes','Percentage',0,100,NULL,NULL,29,4,'Positive','No','Yes',3,'2020-2021','Active','No','Yes','2024-05-02 16:10:30','2024-05-02 16:10:30'),(487,'4.a.1.(c)','Proportion of schools with access to  adapted infrastructure and materials for students with disabilities/disabled friendly ramp and toilets','Percentage',0,100,NULL,NULL,29,4,'Positive','No','Yes',3,'2020-2021','Active','No','Yes','2024-05-02 16:10:30','2024-05-02 16:10:30'),(488,'4.a.1.(d)','Proportion of schools with access to  basic drinking water','Percentage',0,100,NULL,NULL,29,4,'Positive','No','Yes',3,'2020-2021','Active','No','Yes','2024-05-02 16:10:30','2024-05-02 16:10:30'),(489,'4.a.1.(e)','Proportion of  schools with access to single-sex basic sanitation facilities','Percentage',0,100,NULL,NULL,29,4,'Positive','No','Yes',3,'2020-2021','Active','No','Yes','2024-05-02 16:10:30','2024-05-02 16:10:30'),(490,'4.c.1','Proportion of trained teacher, by education level (primary)','Absolute',0,100,NULL,NULL,30,4,'Positive','No','Yes',3,'2020-2021','Active','No','No','2024-05-02 16:10:30','2024-05-02 16:10:30'),(491,'4.c.2','Proportion of trained teacher, by education level (upper primary)','Absolute',0,100,NULL,NULL,30,4,'Positive','No','Yes',3,'2020-2021','Active','No','No','2024-05-02 16:10:30','2024-05-02 16:10:30'),(492,'4.c.3','Proportion of trained teacher, by education level (elementary)','Percentage',0,100,NULL,NULL,30,4,'Positive','No','Yes',3,'2020-2021','Active','No','Yes','2024-05-02 16:10:30','2024-05-02 16:10:30'),(493,'4.c.4','Proportion of trained teacher, by education level ( secondary)','Percentage',0,100,NULL,NULL,30,4,'Positive','No','Yes',3,'2020-2021','Active','No','Yes','2024-05-02 16:10:30','2024-05-02 16:10:30'),(494,'4.c.5','Proportion of trained teacher, by education level (higher secondary education)','Percentage',0,100,NULL,NULL,30,4,'Positive','No','Yes',3,'2020-2021','Active','No','Yes','2024-05-02 16:10:30','2024-05-02 16:10:30'),(495,'5.1.1','Rate of crimes against women per 1,00,000 female population','Percentage',0,100,NULL,NULL,31,5,'Negative','No','Yes',3,'2020-2021','Active','No','Yes','2024-05-02 16:10:30','2024-05-02 16:10:30'),(496,'5.1.2','Number of Women (per lakh women) that have been subjected to dowry offences during the year in the District','Percentage',0,100,NULL,NULL,31,5,'Negative','No','Yes',3,'2020-2021','Active','No','Yes','2024-05-02 16:10:30','2024-05-02 16:10:30'),(497,'5.1.3','Sex Ratio at Birth','Ratio',0,100,NULL,NULL,31,5,'Positive','No','Yes',3,'2020-2021','Active','No','Yes','2024-05-02 16:10:30','2024-05-02 16:10:30'),(498,'5.2.1','Proportion of crime against women to total crime reported in the district during the calendar year','Absolute',0,100,NULL,NULL,32,5,'Negative','No','Yes',3,'2020-2021','Active','No','No','2024-05-02 16:10:30','2024-05-02 16:10:30'),(499,'5.2.2','Number of Women (per lakh women) who have experienced sexual crimes during the year in the District','Percentage',0,100,NULL,NULL,32,5,'Negative','No','Yes',3,'2020-2021','Active','No','Yes','2024-05-02 16:10:30','2024-05-02 16:10:30'),(500,'5.2.3','Number of Women per lakh women who have experienced Cruelty/ physical violence by husband or his relative during the calendar year in the District','Percentage',0,100,NULL,NULL,32,5,'Negative','No','Yes',3,'2020-2021','Active','No','Yes','2024-05-02 16:10:30','2024-05-02 16:10:30'),(501,'5.3.1','Proportion of cases reported under the Prohibition of Child Marriage Act (early marriage of children below 18 years of age) to total crime against\r\nchildren','Absolute',0,100,NULL,NULL,33,5,'Negative','No','Yes',3,'2020-2021','Active','No','No','2024-05-02 16:10:30','2024-05-02 16:10:30'),(502,'5.5.1','Proportion of seats held by women Local Self Government','Absolute',0,100,NULL,NULL,34,5,'Positive','No','Yes',3,'2020-2021','Active','No','No','2024-05-02 16:10:30','2024-05-02 16:10:30'),(503,'5.5.2','Number of women candidates out of total candidates contesting elections   (PRIs)','Absolute',0,100,NULL,NULL,34,5,'Positive','No','Yes',3,'2020-2021','Active','No','No','2024-05-02 16:10:30','2024-05-02 16:10:30'),(504,'5.a.1','Proportion of female owned Land Holdings/titles out of total land holdings/titles in the District','Percentage',0,100,NULL,NULL,36,5,'Positive','No','Yes',3,'2020-2021','Active','No','Yes','2024-05-02 16:10:30','2024-05-02 16:10:30'),(505,'6.1.1.(i)','Percentage of households getting safe and adequate drinking water within premises through Piped  Water Supply (PWS) in the district (Rural) (similiar to 1.4.1)','Percentage',0,100,NULL,NULL,37,6,'Positive','No','Yes',3,'2020-2021','Active','No','Yes','2024-05-02 16:10:30','2024-05-02 16:10:30'),(506,'6.1.1.(ii)','Percentage of households getting safe and adequate drinking water within premises through Piped  Water Supply (PWS) in the district (Urban) (similiar to 1.4.2)','Percentage',0,100,NULL,NULL,37,6,'Positive','No','Yes',3,'2020-2021','Active','No','Yes','2024-05-02 16:10:30','2024-05-02 16:10:30'),(507,'6.2.1.(i)','Proportion of households having  Individual Household Toilets (Rural )','Absolute',0,100,NULL,NULL,38,6,'Positive','No','Yes',3,'2020-2021','Active','No','No','2024-05-02 16:10:30','2024-05-02 16:10:30'),(508,'6.2.1.(ii)','Proportion of households having  Individual Household Toilets (Urban)','Percentage',0,100,NULL,NULL,38,6,'Positive','No','Yes',3,'2020-2021','Active','Yes','Yes','2024-05-02 16:10:30','2024-05-02 16:10:30'),(509,'6.2.2','Percentage of villages declared ODF+ in the District','Percentage',0,100,NULL,NULL,38,6,'Positive','No','Yes',3,'2020-2021','Active','No','Yes','2024-05-02 16:10:30','2024-05-02 16:10:30'),(510,'6.2.3','Proportion of schools with functional toilet facility for girls','Percentage',0,100,NULL,NULL,38,6,'Positive','No','Yes',3,'2020-2021','Active','No','Yes','2024-05-02 16:10:30','2024-05-02 16:10:30'),(511,'6.3.1','Percentage of industries (17 categories of highly polluting industries/ grossly polluting industry/ red category of industries) complying with waste water treatment as per CPCB norms','Percentage',0,100,NULL,NULL,39,6,'Positive','No','Yes',3,'2020-2021','Active','No','Yes','2024-05-02 16:10:30','2024-05-02 16:10:30'),(512,'6.b.1','Proportion of villages with functional Pani Samiittee','Percentage',0,100,NULL,NULL,42,6,'Positive','No','Yes',3,'2020-2021','Active','No','Yes','2024-05-02 16:10:30','2024-05-02 16:10:30'),(513,'7.1.1','Percentage of households electrified','Percentage',0,100,NULL,NULL,43,7,'Positive','No','Yes',3,'2020-2021','Active','No','Yes','2024-05-02 16:10:30','2024-05-02 16:10:30'),(514,'7.1.2','Percentage of households using clean cooking fuel (no of Households with LPG/PNG connections to\r\ntotal number of households)','Percentage',0,100,NULL,NULL,43,7,'Positive','No','Yes',3,'2020-2021','Active','No','Yes','2024-05-02 16:10:30','2024-05-02 16:10:30'),(515,'7.2.1','Renewable energy share in the total electricity consumption in the district','Percentage',0,100,NULL,NULL,44,7,'Positive','No','Yes',3,'2020-2021','Active','No','Yes','2024-05-02 16:10:30','2024-05-02 16:10:30'),(516,'8.3.1','Number of MSME units registered under the online Udyam Aadhar registration for entrepreneurship','Absolute',0,100,NULL,NULL,48,8,'Positive','No','Yes',3,'2020-2021','Active','No','No','2024-05-02 16:10:30','2024-05-02 16:10:30'),(517,'8.3.2','Number of start-ups recognized under start-up India','Absolute',0,100,NULL,NULL,48,8,'Positive','No','Yes',3,'2020-2021','Active','No','No','2024-05-02 16:10:30','2024-05-02 16:10:30'),(518,'8.3.3','Change in registered number of Micro, Small and Medium Size Enterprises in the District(year on year)','Absolute',0,100,NULL,NULL,48,8,'Positive','No','Yes',3,'2020-2021','Active','No','No','2024-05-02 16:10:30','2024-05-02 16:10:30'),(519,'8.4.1','Proportion of Hazardous waste recycled/utilised/co- processed vs.  waste generated','Percentage',0,100,NULL,NULL,49,8,'Positive','No','Yes',3,'2020-2021','Active','No','Yes','2024-05-02 16:10:30','2024-05-02 16:10:30'),(520,'8.6.1.a','Number of Youth trained under different Schemes (Self Employment Scheme, Youth Start up Loan scheme, Seed Capital Fund Scheme, UMEED, HIMAYAT, etc.,) in the District','Absolute',0,100,NULL,NULL,51,8,'Positive','No','Yes',3,'2020-2021','Active','No','No','2024-05-02 16:10:30','2024-05-02 16:10:30'),(521,'8.6.1.b','Percentage of Youth who got employed after obtaining  training under different Schemes (Self Employment Scheme, Youth Start up Loan scheme, Seed Capital Fund Scheme, UMEED, HIMAYAT, etc.,)','Percentage',0,100,NULL,NULL,51,8,'Positive','No','Yes',3,'2020-2021','Active','No','Yes','2024-05-02 16:10:30','2024-05-02 16:10:30'),(522,'8.6.1.c','Percentage of Youth Placed after obtaining Skill Development Trained under PMKVY and DDUGKY','Percentage',0,100,NULL,NULL,51,8,'Positive','No','Yes',3,'2020-2021','Active','No','Yes','2024-05-02 16:10:30','2024-05-02 16:10:30'),(523,'8.7.1','Human trafficking cases per 10,000 population in the District','Absolute',0,100,NULL,NULL,52,8,'Negative','No','Yes',3,'2020-2021','Active','No','No','2024-05-02 16:10:30','2024-05-02 16:10:30'),(524,'8.7.2','Number of missing children','Absolute',0,100,NULL,NULL,52,8,'Negative','No','Yes',3,'2020-2021','Active','No','No','2024-05-02 16:10:30','2024-05-02 16:10:30'),(525,'8.8.1','Number of Accidents in Factories in the District','Absolute',0,100,NULL,NULL,53,8,'Negative','No','Yes',3,'2020-2021','Active','No','No','2024-05-02 16:10:30','2024-05-02 16:10:30'),(526,'8.10.1.a','Percentage of eligible population opted for coverage under Pradhan Mantri Jeevan Jyoti Bima Yojna in the District (PMJJBY)','Percentage',0,100,NULL,NULL,55,8,'Positive','No','Yes',3,'2020-2021','Active','No','No','2024-05-02 16:10:30','2024-05-02 16:10:30'),(527,'8.10.1.b','Percentage of eligible population opted for coverage under Pradhan Mantri Suraksha Bima Yojna in the District (PMSBY)','Percentage',0,100,NULL,NULL,55,8,'Positive','No','Yes',3,'2020-2021','Active','No','No','2024-05-02 16:10:30','2024-05-02 16:10:30'),(528,'8.10.2','Number of banking outlets per 10,000 population','Absolute',0,100,NULL,NULL,55,8,'Positive','No','Yes',3,'2020-2021','Active','No','No','2024-05-02 16:10:30','2024-05-02 16:10:30'),(529,'8.10.3','Automated Teller Machines (ATM’s) per 10,000 population','Absolute',0,100,NULL,NULL,55,8,'Positive','No','Yes',3,'2020-2021','Active','No','No','2024-05-02 16:10:30','2024-05-02 16:10:30'),(530,'9.1.1','Proportion of surfaced road to total road length','Absolute',0,100,NULL,NULL,56,9,'Positive','No','Yes',3,'2020-2021','Active','No','No','2024-05-02 16:10:30','2024-05-02 16:10:30'),(531,'9.c.1.b','Percentage of Gram Panchayat covered under Bharat Net','Percentage',0,100,NULL,NULL,58,9,'Positive','No','Yes',3,'2020-2021','Active','No','Yes','2024-05-02 16:10:30','2024-05-02 16:10:30'),(532,'10.2.1','Proportion of seats held by women representatives in Local Self Government (PRIs) in the District','Absolute',0,100,NULL,NULL,62,10,'Positive','No','Yes',3,'2020-2021','Active','No','No','2024-05-02 16:10:30','2024-05-02 16:10:30'),(533,'10.2.2','Proportion of seats held by SC/ST representatives in Local Self Government (PRIs) in the District','Absolute',0,100,NULL,NULL,62,10,'Positive','No','Yes',3,'2020-2021','Active','No','No','2024-05-02 16:10:30','2024-05-02 16:10:30'),(534,'10.4.1','Proportion of SC/ST Students to Total eligible SC/ST Students provided Scholarship under various Schemes  in the District','Percentage',0,100,NULL,NULL,63,10,'Positive','No','Yes',3,'2020-2021','Active','No','Yes','2024-05-02 16:10:30','2024-05-02 16:10:30'),(535,'11.1.1','Houses completed under Pradhan Mantri Aawas Yojna (PMAY) as a percentage of Net Demand Assessment for Houses','Percentage',0,100,NULL,NULL,64,11,'Positive','No','Yes',3,'2020-2021','Active','No','Yes','2024-05-02 16:10:30','2024-05-02 16:10:30'),(536,'11.2.1','People killed/injured in road accidents (per 1,00,000 population)','Percentage',0,100,NULL,NULL,65,11,'Negative','No','Yes',3,'2020-2021','Active','No','Yes','2024-05-02 16:10:30','2024-05-02 16:10:30'),(537,'11.4.1','Percentage of restored and adaptive reuse of historic buildings out of total number of historic buildings identified in the District Culture Plan','Percentage',0,100,NULL,NULL,67,11,'Positive','No','Yes',3,'2020-2021','Active','No','Yes','2024-05-02 16:10:30','2024-05-02 16:10:30'),(538,'11.5.1','Number of deaths, missing persons attributed to disasters per 100,000 population in the district','Percentage',0,100,NULL,NULL,68,11,'Negative','No','Yes',3,'2020-2021','Active','No','Yes','2024-05-02 16:10:30','2024-05-02 16:10:30'),(539,'11.6.1','Percentage of Wards with 100% Door to Door Waste Collection','Percentage',0,100,NULL,NULL,69,11,'Positive','No','Yes',3,'2020-2021','Active','No','Yes','2024-05-02 16:10:30','2024-05-02 16:10:30'),(540,'11.6.2','Percentage of MSW waste treated against generated','Percentage',0,100,NULL,NULL,69,11,'Positive','No','Yes',3,'2020-2021','Active','No','Yes','2024-05-02 16:10:30','2024-05-02 16:10:30'),(541,'11.6.3','Installed Sewage Treatment Capacity as a percentage of Sewage Generated in Urban Areas in the District','Percentage',0,100,NULL,NULL,69,11,'Positive','No','Yes',3,'2020-2021','Active','No','Yes','2024-05-02 16:10:30','2024-05-02 16:10:30'),(542,'12.2.1','Forest cover as a percentage of total geographical\r\narea','Percentage',0,100,NULL,NULL,72,12,'Positive','No','Yes',3,'2020-2021','Active','No','Yes','2024-05-02 16:10:30','2024-05-02 16:10:30'),(543,'12.3.1','Percentage of post harvest losses in horticulture in the district','Percentage',0,100,NULL,NULL,73,12,'Negative','No','Yes',3,'2020-2021','Active','No','No','2024-05-02 16:10:30','2024-05-02 16:10:30'),(544,'12.3.2','Post Storage and distribution losses in central / state pool stocks of wheat and rice','Percentage',0,100,NULL,NULL,73,12,'Negative','No','Yes',3,'2020-2021','Active','No','No','2024-05-02 16:10:30','2024-05-02 16:10:30'),(545,'12.5.1','Percentage of Municipal corporations/ Town Area Committes using waste segregation techniques in the District','Percentage',0,100,NULL,NULL,75,12,'Positive','No','Yes',3,'2020-2021','Active','No','Yes','2024-05-02 16:10:30','2024-05-02 16:10:30'),(546,'12.5.2','Total amount of plastics confiscated (in MT)','Absolute',0,100,NULL,NULL,75,12,'Positive','No','Yes',3,'2020-2021','Active','No','No','2024-05-02 16:10:30','2024-05-02 16:10:30'),(547,'12.5.3','Percentage of Solid Waste Treated against Solid Waste Generated','Percentage',0,100,NULL,NULL,75,12,'Positive','No','Yes',3,'2020-2021','Active','No','Yes','2024-05-02 16:10:30','2024-05-02 16:10:30'),(548,'13.1.1','Number of deaths attributed to extreme climate per 10,000 population','Percentage',0,100,NULL,NULL,77,13,'Negative','No','Yes',3,'2020-2021','Active','No','Yes','2024-05-02 16:10:30','2024-05-02 16:10:30'),(549,'15.1.1','Forest cover as a proportion of total geographical\r\narea','Percentage',0,100,NULL,NULL,79,15,'Positive','No','Yes',3,'2020-2021','Active','No','Yes','2024-05-02 16:10:30','2024-05-02 16:10:30'),(550,'15.2.1','Percent change in Forest Cover','Percentage',0,100,NULL,NULL,80,15,'Positive','No','Yes',3,'2020-2021','Active','No','No','2024-05-02 16:10:30','2024-05-02 16:10:30'),(551,'15.2.2','Total area covered under different afforestation schemes','Absolute',0,100,NULL,NULL,80,15,'Positive','No','Yes',3,'2020-2021','Active','No','No','2024-05-02 16:10:30','2024-05-02 16:10:30'),(552,'15.4.1','Total water harvested thorugh restoration actvities (in cubic meters)','Absolute',0,100,NULL,NULL,82,15,'Positive','No','Yes',3,'2020-2021','Active','No','No','2024-05-02 16:10:30','2024-05-02 16:10:30'),(553,'15.7.1','Number of cases registered under  wildlife Protection Act , 1972','Absolute',0,100,NULL,NULL,83,15,'Negative','No','Yes',3,'2020-2021','Active','No','No','2024-05-02 16:10:30','2024-05-02 16:10:30'),(554,'16.1.1','Number  of victims reported under Murder (IPC section 302) per 10,000 population','Absolute',0,100,NULL,NULL,85,16,'Negative','No','Yes',3,'2020-2021','Active','No','No','2024-05-02 16:10:30','2024-05-02 16:10:30'),(555,'16.1.2','Proportion of Population subjected to physical, psychological or sexual violence in the previous 12 months','Absolute',0,100,NULL,NULL,85,16,'Negative','No','Yes',3,'2020-2021','Active','No','No','2024-05-02 16:10:30','2024-05-02 16:10:30'),(556,'16.2.1','Proportion of crime committed against children during the year (rate 10,000 children)','Percentage',0,100,NULL,NULL,86,16,'Negative','No','Yes',3,'2020-2021','Active','No','Yes','2024-05-02 16:10:30','2024-05-02 16:10:30'),(557,'16.2.2','Number of missing children','Absolute',0,100,NULL,NULL,86,16,'Negative','No','Yes',3,'2020-2021','Active','No','No','2024-05-02 16:10:30','2024-05-02 16:10:30'),(558,'16.3.1','Number of Courts per lakh population','Percentage',0,100,NULL,NULL,87,16,'Positive','No','Yes',3,'2020-2021','Active','No','Yes','2024-05-02 16:10:30','2024-05-02 16:10:30'),(559,'16.3.2','Number of Judges (all levels) per lakh population','Absolute',0,100,NULL,NULL,87,16,'Positive','No','Yes',3,'2020-2021','Active','No','No','2024-05-02 16:10:30','2024-05-02 16:10:30'),(560,'16.4.1','Value of Property stolen and Recovered and Percentage Recovery','Absolute',0,100,NULL,NULL,88,16,'Negative','No','Yes',3,'2020-2021','Active','No','No','2024-05-02 16:10:30','2024-05-02 16:10:30'),(561,'16.5.1','Cases reported under Prevention of Corruption Act and related sections of Indian Penal Code (IPC) per 1 lakh population','Absolute',0,100,NULL,NULL,89,16,'Negative','No','Yes',3,'2020-2021','Active','No','No','2024-05-02 16:10:30','2024-05-02 16:10:30'),(562,'16.6.1','Number of government services provided online to citizens','Absolute',0,100,NULL,NULL,90,16,'Positive','No','Yes',3,'2020-2021','Active','No','No','2024-05-02 16:10:30','2024-05-02 16:10:30'),(563,'16.6.2','Number  CSC/ Khidmat Centers providing online services in the District','Percentage',0,100,NULL,NULL,90,16,'Positive','No','Yes',3,'2020-2021','Active','No','No','2024-05-02 16:10:30','2024-05-02 16:10:30'),(564,'16.7.1','Proportion of seats held by women in  Local Self government (Similiar to 5.5.1)','Percentage',0,100,NULL,NULL,91,16,'Positive','No','Yes',3,'2020-2021','Active','No','Yes','2024-05-02 16:10:30','2024-05-02 16:10:30'),(565,'16.7.2','Proportion of SC/ST persons in elected bodies  (PRIs)','Absolute',0,100,NULL,NULL,91,16,'Positive','No','Yes',3,'2020-2021','Active','No','No','2024-05-02 16:10:30','2024-05-02 16:10:30'),(566,'16.9.1','Percentage of Births registered','Percentage',0,100,NULL,NULL,92,16,'Positive','No','Yes',3,'2020-2021','Active','No','Yes','2024-05-02 16:10:30','2024-05-02 16:10:30'),(567,'16.10.1','Percentage of grievances disposed out of total grievances registered under JKIGRAMS','Percentage',0,100,NULL,NULL,93,16,'Positive','No','Yes',3,'2020-2021','Active','No','Yes','2024-05-02 16:10:30','2024-05-02 16:10:30');

--
-- Table structure for table `indicators_to_districts`
--

CREATE TABLE `indicators_to_districts` (
  `id` bigint unsigned NOT NULL AUTO_INCREMENT,
  `indicator_id` bigint unsigned NOT NULL,
  `district_id` bigint unsigned NOT NULL,
  `reporter_id` bigint unsigned NOT NULL COMMENT 'User ID who enter the data for the mapped indicator',
  `approver_id` bigint unsigned NOT NULL COMMENT 'User ID who approve the data entered for the associated indicator',
  PRIMARY KEY (`id`),
  UNIQUE KEY `indicators_to_districts_indicator_id_district_id_unique` (`indicator_id`,`district_id`),
  KEY `indicators_to_districts_district_id_foreign` (`district_id`),
  KEY `indicators_to_districts_reporter_id_foreign` (`reporter_id`),
  KEY `indicators_to_districts_approver_id_foreign` (`approver_id`),
  CONSTRAINT `indicators_to_districts_approver_id_foreign` FOREIGN KEY (`approver_id`) REFERENCES `users` (`id`),
  CONSTRAINT `indicators_to_districts_district_id_foreign` FOREIGN KEY (`district_id`) REFERENCES `districts` (`id`),
  CONSTRAINT `indicators_to_districts_indicator_id_foreign` FOREIGN KEY (`indicator_id`) REFERENCES `indicators` (`id`),
  CONSTRAINT `indicators_to_districts_reporter_id_foreign` FOREIGN KEY (`reporter_id`) REFERENCES `users` (`id`)
) ENGINE=InnoDB AUTO_INCREMENT=3184 DEFAULT CHARSET=utf8mb4 COLLATE=utf8mb4_unicode_ci;

--
-- Dumping data for table `indicators_to_districts`
--

INSERT INTO `indicators_to_districts` VALUES (3,409,1,6,26),(5,410,1,6,26),(6,411,1,6,26),(7,412,1,6,26),(8,413,1,6,26),(9,414,1,6,26),(10,415,1,6,26),(11,416,1,6,26),(12,417,1,6,26),(13,418,1,6,26),(14,419,1,6,26),(15,420,1,6,26),(16,421,1,6,26),(17,422,1,6,26),(18,423,1,6,26),(19,424,1,6,26),(20,425,1,6,26),(21,426,1,6,26),(22,427,1,6,26),(23,428,1,6,26),(24,429,1,6,26),(25,430,1,6,26),(26,431,1,6,26),(27,432,1,6,26),(28,433,1,6,26),(29,434,1,6,26),(30,435,1,6,26),(31,436,1,6,26),(32,437,1,6,26),(33,438,1,6,26),(34,439,1,6,26),(35,440,1,6,26),(36,441,1,6,26),(37,442,1,6,26),(38,443,1,6,26),(39,444,1,6,26),(40,445,1,6,26),(41,446,1,6,26),(42,447,1,6,26),(43,448,1,6,26),(44,449,1,6,26),(45,450,1,6,26),(46,451,1,6,26),(47,452,1,6,26),(48,453,1,6,26),(49,454,1,6,26),(50,455,1,6,26),(51,456,1,6,26),(52,457,1,6,26),(53,458,1,6,26),(54,459,1,6,26),(55,460,1,6,26),(56,461,1,6,26),(57,462,1,6,26),(58,463,1,6,26),(59,464,1,6,26),(60,465,1,6,26),(61,466,1,6,26),(62,467,1,6,26),(63,468,1,6,26),(64,469,1,6,26),(65,470,1,6,26),(66,471,1,6,26),(67,472,1,6,26),(68,473,1,6,26),(69,474,1,6,26),(70,475,1,6,26),(71,476,1,6,26),(72,477,1,6,26),(73,478,1,6,26),(74,479,1,6,26),(75,480,1,6,26),(76,481,1,6,26),(77,482,1,6,26),(78,483,1,6,26),(79,484,1,6,26),(80,485,1,6,26),(81,486,1,6,26),(82,487,1,6,26),(83,488,1,6,26),(84,489,1,6,26),(85,490,1,6,26),(86,491,1,6,26),(87,492,1,6,26),(88,493,1,6,26),(89,494,1,6,26),(90,495,1,6,26),(91,496,1,6,26),(92,497,1,6,26),(93,498,1,6,26),(94,499,1,6,26),(95,500,1,6,26),(96,501,1,6,26),(97,502,1,6,26),(98,503,1,6,26),(99,504,1,6,26),(100,505,1,6,26),(101,506,1,6,26),(102,507,1,6,26),(103,508,1,6,26),(104,509,1,6,26),(105,510,1,6,26),(106,511,1,6,26),(107,512,1,6,26),(108,513,1,6,26),(109,514,1,6,26),(110,515,1,6,26),(111,516,1,6,26),(112,517,1,6,26),(113,518,1,6,26),(114,519,1,6,26),(115,520,1,6,26),(116,521,1,6,26),(117,522,1,6,26),(118,523,1,6,26),(119,524,1,6,26),(120,525,1,6,26),(121,526,1,6,26),(122,527,1,6,26),(123,528,1,6,26),(124,529,1,6,26),(125,530,1,6,26),(126,531,1,6,26),(127,532,1,6,26),(128,533,1,6,26),(129,534,1,6,26),(130,535,1,6,26),(131,536,1,6,26),(132,537,1,6,26),(133,538,1,6,26),(134,539,1,6,26),(135,540,1,6,26),(136,541,1,6,26),(137,542,1,6,26),(138,543,1,6,26),(139,544,1,6,26),(140,545,1,6,26),(141,546,1,6,26),(142,547,1,6,26),(143,548,1,6,26),(144,549,1,6,26),(145,550,1,6,26),(146,551,1,6,26),(147,552,1,6,26),(148,553,1,6,26),(149,554,1,6,26),(150,555,1,6,26),(151,556,1,6,26),(152,557,1,6,26),(153,558,1,6,26),(154,559,1,6,26),(155,560,1,6,26),(156,561,1,6,26),(157,562,1,6,26),(158,563,1,6,26),(159,564,1,6,26),(160,565,1,6,26),(161,566,1,6,26),(162,567,1,6,26),(163,409,2,11,31),(164,410,2,11,31),(165,411,2,11,31),(166,412,2,11,31),(167,413,2,11,31),(168,414,2,11,31),(169,415,2,11,31),(170,416,2,11,31),(171,417,2,11,31),(172,418,2,11,31),(173,419,2,11,31),(174,420,2,11,31),(175,421,2,11,31),(176,422,2,11,31),(177,423,2,11,31),(178,424,2,11,31),(179,425,2,11,31),(180,426,2,11,31),(181,427,2,11,31),(182,428,2,11,31),(183,429,2,11,31),(184,430,2,11,31),(185,431,2,11,31),(186,432,2,11,31),(187,433,2,11,31),(188,434,2,11,31),(189,435,2,11,31),(190,436,2,11,31),(191,437,2,11,31),(192,438,2,11,31),(193,439,2,11,31),(194,440,2,11,31),(195,441,2,11,31),(196,442,2,11,31),(197,443,2,11,31),(198,444,2,11,31),(199,445,2,11,31),(200,446,2,11,31),(201,447,2,11,31),(202,448,2,11,31),(203,449,2,11,31),(204,450,2,11,31),(205,451,2,11,31),(206,452,2,11,31),(207,453,2,11,31),(208,454,2,11,31),(209,455,2,11,31),(210,456,2,11,31),(211,457,2,11,31),(212,458,2,11,31),(213,459,2,11,31),(214,460,2,11,31),(215,461,2,11,31),(216,462,2,11,31),(217,463,2,11,31),(218,464,2,11,31),(219,465,2,11,31),(220,466,2,11,31),(221,467,2,11,31),(222,468,2,11,31),(223,469,2,11,31),(224,470,2,11,31),(225,471,2,11,31),(226,472,2,11,31),(227,473,2,11,31),(228,474,2,11,31),(229,475,2,11,31),(230,476,2,11,31),(231,477,2,11,31),(232,478,2,11,31),(233,479,2,11,31),(234,480,2,11,31),(235,481,2,11,31),(236,482,2,11,31),(237,483,2,11,31),(238,484,2,11,31),(239,485,2,11,31),(240,486,2,11,31),(241,487,2,11,31),(242,488,2,11,31),(243,489,2,11,31),(244,490,2,11,31),(245,491,2,11,31),(246,492,2,11,31),(247,493,2,11,31),(248,494,2,11,31),(249,495,2,11,31),(250,496,2,11,31),(251,497,2,11,31),(252,498,2,11,31),(253,499,2,11,31),(254,500,2,11,31),(255,501,2,11,31),(256,502,2,11,31),(257,503,2,11,31),(258,504,2,11,31),(259,505,2,11,31),(260,506,2,11,31),(261,507,2,11,31),(262,508,2,11,31),(263,509,2,11,31),(264,510,2,11,31),(265,511,2,11,31),(266,512,2,11,31),(267,513,2,11,31),(268,514,2,11,31),(269,515,2,11,31),(270,516,2,11,31),(271,517,2,11,31),(272,518,2,11,31),(273,519,2,11,31),(274,520,2,11,31),(275,521,2,11,31),(276,522,2,11,31),(277,523,2,11,31),(278,524,2,11,31),(279,525,2,11,31),(280,526,2,11,31),(281,527,2,11,31),(282,528,2,11,31),(283,529,2,11,31),(284,530,2,11,31),(285,531,2,11,31),(286,532,2,11,31),(287,533,2,11,31),(288,534,2,11,31),(289,535,2,11,31),(290,536,2,11,31),(291,537,2,11,31),(292,538,2,11,31),(293,539,2,11,31),(294,540,2,11,31),(295,541,2,11,31),(296,542,2,11,31),(297,543,2,11,31),(298,544,2,11,31),(299,545,2,11,31),(300,546,2,11,31),(301,547,2,11,31),(302,548,2,11,31),(303,549,2,11,31),(304,550,2,11,31),(305,551,2,11,31),(306,552,2,11,31),(307,553,2,11,31),(308,554,2,11,31),(309,555,2,11,31),(310,556,2,11,31),(311,557,2,11,31),(312,558,2,11,31),(313,559,2,11,31),(314,560,2,11,31),(315,561,2,11,31),(316,562,2,11,31),(317,563,2,11,31),(318,564,2,11,31),(319,565,2,11,31),(320,566,2,11,31),(321,567,2,11,31),(322,409,3,10,30),(323,410,3,10,30),(324,411,3,10,30),(325,412,3,10,30),(326,413,3,10,30),(327,414,3,10,30),(328,415,3,10,30),(329,416,3,10,30),(330,417,3,10,30),(331,418,3,10,30),(332,419,3,10,30),(333,420,3,10,30),(334,421,3,10,30),(335,422,3,10,30),(336,423,3,10,30),(337,424,3,10,30),(338,425,3,10,30),(339,426,3,10,30),(340,427,3,10,30),(341,428,3,10,30),(342,429,3,10,30),(343,430,3,10,30),(344,431,3,10,30),(345,432,3,10,30),(346,433,3,10,30),(347,434,3,10,30),(348,435,3,10,30),(349,436,3,10,30),(350,437,3,10,30),(351,438,3,10,30),(352,439,3,10,30),(353,440,3,10,30),(354,441,3,10,30),(355,442,3,10,30),(356,443,3,10,30),(357,444,3,10,30),(358,445,3,10,30),(359,446,3,10,30),(360,447,3,10,30),(361,448,3,10,30),(362,449,3,10,30),(363,450,3,10,30),(364,451,3,10,30),(365,452,3,10,30),(366,453,3,10,30),(367,454,3,10,30),(368,455,3,10,30),(369,456,3,10,30),(370,457,3,10,30),(371,458,3,10,30),(372,459,3,10,30),(373,460,3,10,30),(374,461,3,10,30),(375,462,3,10,30),(376,463,3,10,30),(377,464,3,10,30),(378,465,3,10,30),(379,466,3,10,30),(380,467,3,10,30),(381,468,3,10,30),(382,469,3,10,30),(383,470,3,10,30),(384,471,3,10,30),(385,472,3,10,30),(386,473,3,10,30),(387,474,3,10,30),(388,475,3,10,30),(389,476,3,10,30),(390,477,3,10,30),(391,478,3,10,30),(392,479,3,10,30),(393,480,3,10,30),(394,481,3,10,30),(395,482,3,10,30),(396,483,3,10,30),(397,484,3,10,30),(398,485,3,10,30),(399,486,3,10,30),(400,487,3,10,30),(401,488,3,10,30),(402,489,3,10,30),(403,490,3,10,30),(404,491,3,10,30),(405,492,3,10,30),(406,493,3,10,30),(407,494,3,10,30),(408,495,3,10,30),(409,496,3,10,30),(410,497,3,10,30),(411,498,3,10,30),(412,499,3,10,30),(413,500,3,10,30),(414,501,3,10,30),(415,502,3,10,30),(416,503,3,10,30),(417,504,3,10,30),(418,505,3,10,30),(419,506,3,10,30),(420,507,3,10,30),(421,508,3,10,30),(422,509,3,10,30),(423,510,3,10,30),(424,511,3,10,30),(425,512,3,10,30),(426,513,3,10,30),(427,514,3,10,30),(428,515,3,10,30),(429,516,3,10,30),(430,517,3,10,30),(431,518,3,10,30),(432,519,3,10,30),(433,520,3,10,30),(434,521,3,10,30),(435,522,3,10,30),(436,523,3,10,30),(437,524,3,10,30),(438,525,3,10,30),(439,526,3,10,30),(440,527,3,10,30),(441,528,3,10,30),(442,529,3,10,30),(443,530,3,10,30),(444,531,3,10,30),(445,532,3,10,30),(446,533,3,10,30),(447,534,3,10,30),(448,535,3,10,30),(449,536,3,10,30),(450,537,3,10,30),(451,538,3,10,30),(452,539,3,10,30),(453,540,3,10,30),(454,541,3,10,30),(455,542,3,10,30),(456,543,3,10,30),(457,544,3,10,30),(458,545,3,10,30),(459,546,3,10,30),(460,547,3,10,30),(461,548,3,10,30),(462,549,3,10,30),(463,550,3,10,30),(464,551,3,10,30),(465,552,3,10,30),(466,553,3,10,30),(467,554,3,10,30),(468,555,3,10,30),(469,556,3,10,30),(470,557,3,10,30),(471,558,3,10,30),(472,559,3,10,30),(473,560,3,10,30),(474,561,3,10,30),(475,562,3,10,30),(476,563,3,10,30),(477,564,3,10,30),(478,565,3,10,30),(479,566,3,10,30),(480,567,3,10,30),(481,409,4,5,25),(482,410,4,5,25),(483,411,4,5,25),(484,412,4,5,25),(485,413,4,5,25),(486,414,4,5,25),(487,415,4,5,25),(488,416,4,5,25),(489,417,4,5,25),(490,418,4,5,25),(491,419,4,5,25),(492,420,4,5,25),(493,421,4,5,25),(494,422,4,5,25),(495,423,4,5,25),(496,424,4,5,25),(497,425,4,5,25),(498,426,4,5,25),(499,427,4,5,25),(500,428,4,5,25),(501,429,4,5,25),(502,430,4,5,25),(503,431,4,5,25),(504,432,4,5,25),(505,433,4,5,25),(506,434,4,5,25),(507,435,4,5,25),(508,436,4,5,25),(509,437,4,5,25),(510,438,4,5,25),(511,439,4,5,25),(512,440,4,5,25),(513,441,4,5,25),(514,442,4,5,25),(515,443,4,5,25),(516,444,4,5,25),(517,445,4,5,25),(518,446,4,5,25),(519,447,4,5,25),(520,448,4,5,25),(521,449,4,5,25),(522,450,4,5,25),(523,451,4,5,25),(524,452,4,5,25),(525,453,4,5,25),(526,454,4,5,25),(527,455,4,5,25),(528,456,4,5,25),(529,457,4,5,25),(530,458,4,5,25),(531,459,4,5,25),(532,460,4,5,25),(533,461,4,5,25),(534,462,4,5,25),(535,463,4,5,25),(536,464,4,5,25),(537,465,4,5,25),(538,466,4,5,25),(539,467,4,5,25),(540,468,4,5,25),(541,469,4,5,25),(542,470,4,5,25),(543,471,4,5,25),(544,472,4,5,25),(545,473,4,5,25),(546,474,4,5,25),(547,475,4,5,25),(548,476,4,5,25),(549,477,4,5,25),(550,478,4,5,25),(551,479,4,5,25),(552,480,4,5,25),(553,481,4,5,25),(554,482,4,5,25),(555,483,4,5,25),(556,484,4,5,25),(557,485,4,5,25),(558,486,4,5,25),(559,487,4,5,25),(560,488,4,5,25),(561,489,4,5,25),(562,490,4,5,25),(563,491,4,5,25),(564,492,4,5,25),(565,493,4,5,25),(566,494,4,5,25),(567,495,4,5,25),(568,496,4,5,25),(569,497,4,5,25),(570,498,4,5,25),(571,499,4,5,25),(572,500,4,5,25),(573,501,4,5,25),(574,502,4,5,25),(575,503,4,5,25),(576,504,4,5,25),(577,505,4,5,25),(578,506,4,5,25),(579,507,4,5,25),(580,508,4,5,25),(581,509,4,5,25),(582,510,4,5,25),(583,511,4,5,25),(584,512,4,5,25),(585,513,4,5,25),(586,514,4,5,25),(587,515,4,5,25),(588,516,4,5,25),(589,517,4,5,25),(590,518,4,5,25),(591,519,4,5,25),(592,520,4,5,25),(593,521,4,5,25),(594,522,4,5,25),(595,523,4,5,25),(596,524,4,5,25),(597,525,4,5,25),(598,526,4,5,25),(599,527,4,5,25),(600,528,4,5,25),(601,529,4,5,25),(602,530,4,5,25),(603,531,4,5,25),(604,532,4,5,25),(605,533,4,5,25),(606,534,4,5,25),(607,535,4,5,25),(608,536,4,5,25),(609,537,4,5,25),(610,538,4,5,25),(611,539,4,5,25),(612,540,4,5,25),(613,541,4,5,25),(614,542,4,5,25),(615,543,4,5,25),(616,544,4,5,25),(617,545,4,5,25),(618,546,4,5,25),(619,547,4,5,25),(620,548,4,5,25),(621,549,4,5,25),(622,550,4,5,25),(623,551,4,5,25),(624,552,4,5,25),(625,553,4,5,25),(626,554,4,5,25),(627,555,4,5,25),(628,556,4,5,25),(629,557,4,5,25),(630,558,4,5,25),(631,559,4,5,25),(632,560,4,5,25),(633,561,4,5,25),(634,562,4,5,25),(635,563,4,5,25),(636,564,4,5,25),(637,565,4,5,25),(638,566,4,5,25),(639,567,4,5,25),(640,409,5,21,41),(641,410,5,21,41),(642,411,5,21,41),(643,412,5,21,41),(644,413,5,21,41),(645,414,5,21,41),(646,415,5,21,41),(647,416,5,21,41),(648,417,5,21,41),(649,418,5,21,41),(650,419,5,21,41),(651,420,5,21,41),(652,421,5,21,41),(653,422,5,21,41),(654,423,5,21,41),(655,424,5,21,41),(656,425,5,21,41),(657,426,5,21,41),(658,427,5,21,41),(659,428,5,21,41),(660,429,5,21,41),(661,430,5,21,41),(662,431,5,21,41),(663,432,5,21,41),(664,433,5,21,41),(665,434,5,21,41),(666,435,5,21,41),(667,436,5,21,41),(668,437,5,21,41),(669,438,5,21,41),(670,439,5,21,41),(671,440,5,21,41),(672,441,5,21,41),(673,442,5,21,41),(674,443,5,21,41),(675,444,5,21,41),(676,445,5,21,41),(677,446,5,21,41),(678,447,5,21,41),(679,448,5,21,41),(680,449,5,21,41),(681,450,5,21,41),(682,451,5,21,41),(683,452,5,21,41),(684,453,5,21,41),(685,454,5,21,41),(686,455,5,21,41),(687,456,5,21,41),(688,457,5,21,41),(689,458,5,21,41),(690,459,5,21,41),(691,460,5,21,41),(692,461,5,21,41),(693,462,5,21,41),(694,463,5,21,41),(695,464,5,21,41),(696,465,5,21,41),(697,466,5,21,41),(698,467,5,21,41),(699,468,5,21,41),(700,469,5,21,41),(701,470,5,21,41),(702,471,5,21,41),(703,472,5,21,41),(704,473,5,21,41),(705,474,5,21,41),(706,475,5,21,41),(707,476,5,21,41),(708,477,5,21,41),(709,478,5,21,41),(710,479,5,21,41),(711,480,5,21,41),(712,481,5,21,41),(713,482,5,21,41),(714,483,5,21,41),(715,484,5,21,41),(716,485,5,21,41),(717,486,5,21,41),(718,487,5,21,41),(719,488,5,21,41),(720,489,5,21,41),(721,490,5,21,41),(722,491,5,21,41),(723,492,5,21,41),(724,493,5,21,41),(725,494,5,21,41),(726,495,5,21,41),(727,496,5,21,41),(728,497,5,21,41),(729,498,5,21,41),(730,499,5,21,41),(731,500,5,21,41),(732,501,5,21,41),(733,502,5,21,41),(734,503,5,21,41),(735,504,5,21,41),(736,505,5,21,41),(737,506,5,21,41),(738,507,5,21,41),(739,508,5,21,41),(740,509,5,21,41),(741,510,5,21,41),(742,511,5,21,41),(743,512,5,21,41),(744,513,5,21,41),(745,514,5,21,41),(746,515,5,21,41),(747,516,5,21,41),(748,517,5,21,41),(749,518,5,21,41),(750,519,5,21,41),(751,520,5,21,41),(752,521,5,21,41),(753,522,5,21,41),(754,523,5,21,41),(755,524,5,21,41),(756,525,5,21,41),(757,526,5,21,41),(758,527,5,21,41),(759,528,5,21,41),(760,529,5,21,41),(761,530,5,21,41),(762,531,5,21,41),(763,532,5,21,41),(764,533,5,21,41),(765,534,5,21,41),(766,535,5,21,41),(767,536,5,21,41),(768,537,5,21,41),(769,538,5,21,41),(770,539,5,21,41),(771,540,5,21,41),(772,541,5,21,41),(773,542,5,21,41),(774,543,5,21,41),(775,544,5,21,41),(776,545,5,21,41),(777,546,5,21,41),(778,547,5,21,41),(779,548,5,21,41),(780,549,5,21,41),(781,550,5,21,41),(782,551,5,21,41),(783,552,5,21,41),(784,553,5,21,41),(785,554,5,21,41),(786,555,5,21,41),(787,556,5,21,41),(788,557,5,21,41),(789,558,5,21,41),(790,559,5,21,41),(791,560,5,21,41),(792,561,5,21,41),(793,562,5,21,41),(794,563,5,21,41),(795,564,5,21,41),(796,565,5,21,41),(797,566,5,21,41),(798,567,5,21,41),(799,409,6,4,24),(800,410,6,4,24),(801,411,6,4,24),(802,412,6,4,24),(803,413,6,4,24),(804,414,6,4,24),(805,415,6,4,24),(806,416,6,4,24),(807,417,6,4,24),(808,418,6,4,24),(809,419,6,4,24),(810,420,6,4,24),(811,421,6,4,24),(812,422,6,4,24),(813,423,6,4,24),(814,424,6,4,24),(815,425,6,4,24),(816,426,6,4,24),(817,427,6,4,24),(818,428,6,4,24),(819,429,6,4,24),(820,430,6,4,24),(821,431,6,4,24),(822,432,6,4,24),(823,433,6,4,24),(824,434,6,4,24),(825,435,6,4,24),(826,436,6,4,24),(827,437,6,4,24),(828,438,6,4,24),(829,439,6,4,24),(830,440,6,4,24),(831,441,6,4,24),(832,442,6,4,24),(833,443,6,4,24),(834,444,6,4,24),(835,445,6,4,24),(836,446,6,4,24),(837,447,6,4,24),(838,448,6,4,24),(839,449,6,4,24),(840,450,6,4,24),(841,451,6,4,24),(842,452,6,4,24),(843,453,6,4,24),(844,454,6,4,24),(845,455,6,4,24),(846,456,6,4,24),(847,457,6,4,24),(848,458,6,4,24),(849,459,6,4,24),(850,460,6,4,24),(851,461,6,4,24),(852,462,6,4,24),(853,463,6,4,24),(854,464,6,4,24),(855,465,6,4,24),(856,466,6,4,24),(857,467,6,4,24),(858,468,6,4,24),(859,469,6,4,24),(860,470,6,4,24),(861,471,6,4,24),(862,472,6,4,24),(863,473,6,4,24),(864,474,6,4,24),(865,475,6,4,24),(866,476,6,4,24),(867,477,6,4,24),(868,478,6,4,24),(869,479,6,4,24),(870,480,6,4,24),(871,481,6,4,24),(872,482,6,4,24),(873,483,6,4,24),(874,484,6,4,24),(875,485,6,4,24),(876,486,6,4,24),(877,487,6,4,24),(878,488,6,4,24),(879,489,6,4,24),(880,490,6,4,24),(881,491,6,4,24),(882,492,6,4,24),(883,493,6,4,24),(884,494,6,4,24),(885,495,6,4,24),(886,496,6,4,24),(887,497,6,4,24),(888,498,6,4,24),(889,499,6,4,24),(890,500,6,4,24),(891,501,6,4,24),(892,502,6,4,24),(893,503,6,4,24),(894,504,6,4,24),(895,505,6,4,24),(896,506,6,4,24),(897,507,6,4,24),(898,508,6,4,24),(899,509,6,4,24),(900,510,6,4,24),(901,511,6,4,24),(902,512,6,4,24),(903,513,6,4,24),(904,514,6,4,24),(905,515,6,4,24),(906,516,6,4,24),(907,517,6,4,24),(908,518,6,4,24),(909,519,6,4,24),(910,520,6,4,24),(911,521,6,4,24),(912,522,6,4,24),(913,523,6,4,24),(914,524,6,4,24),(915,525,6,4,24),(916,526,6,4,24),(917,527,6,4,24),(918,528,6,4,24),(919,529,6,4,24),(920,530,6,4,24),(921,531,6,4,24),(922,532,6,4,24),(923,533,6,4,24),(924,534,6,4,24),(925,535,6,4,24),(926,536,6,4,24),(927,537,6,4,24),(928,538,6,4,24),(929,539,6,4,24),(930,540,6,4,24),(931,541,6,4,24),(932,542,6,4,24),(933,543,6,4,24),(934,544,6,4,24),(935,545,6,4,24),(936,546,6,4,24),(937,547,6,4,24),(938,548,6,4,24),(939,549,6,4,24),(940,550,6,4,24),(941,551,6,4,24),(942,552,6,4,24),(943,553,6,4,24),(944,554,6,4,24),(945,555,6,4,24),(946,556,6,4,24),(947,557,6,4,24),(948,558,6,4,24),(949,559,6,4,24),(950,560,6,4,24),(951,561,6,4,24),(952,562,6,4,24),(953,563,6,4,24),(954,564,6,4,24),(955,565,6,4,24),(956,566,6,4,24),(957,567,6,4,24),(958,409,7,13,33),(959,410,7,13,33),(960,411,7,13,33),(961,412,7,13,33),(962,413,7,13,33),(963,414,7,13,33),(964,415,7,13,33),(965,416,7,13,33),(966,417,7,13,33),(967,418,7,13,33),(968,419,7,13,33),(969,420,7,13,33),(970,421,7,13,33),(971,422,7,13,33),(972,423,7,13,33),(973,424,7,13,33),(974,425,7,13,33),(975,426,7,13,33),(976,427,7,13,33),(977,428,7,13,33),(978,429,7,13,33),(979,430,7,13,33),(980,431,7,13,33),(981,432,7,13,33),(982,433,7,13,33),(983,434,7,13,33),(984,435,7,13,33),(985,436,7,13,33),(986,437,7,13,33),(987,438,7,13,33),(988,439,7,13,33),(989,440,7,13,33),(990,441,7,13,33),(991,442,7,13,33),(992,443,7,13,33),(993,444,7,13,33),(994,445,7,13,33),(995,446,7,13,33),(996,447,7,13,33),(997,448,7,13,33),(998,449,7,13,33),(999,450,7,13,33),(1000,451,7,13,33),(1001,452,7,13,33),(1002,453,7,13,33),(1003,454,7,13,33),(1004,455,7,13,33),(1005,456,7,13,33),(1006,457,7,13,33),(1007,458,7,13,33),(1008,459,7,13,33),(1009,460,7,13,33),(1010,461,7,13,33),(1011,462,7,13,33),(1012,463,7,13,33),(1013,464,7,13,33),(1014,465,7,13,33),(1015,466,7,13,33),(1016,467,7,13,33),(1017,468,7,13,33),(1018,469,7,13,33),(1019,470,7,13,33),(1020,471,7,13,33),(1021,472,7,13,33),(1022,473,7,13,33),(1023,474,7,13,33),(1024,475,7,13,33),(1025,476,7,13,33),(1026,477,7,13,33),(1027,478,7,13,33),(1028,479,7,13,33),(1029,480,7,13,33),(1030,481,7,13,33),(1031,482,7,13,33),(1032,483,7,13,33),(1033,484,7,13,33),(1034,485,7,13,33),(1035,486,7,13,33),(1036,487,7,13,33),(1037,488,7,13,33),(1038,489,7,13,33),(1039,490,7,13,33),(1040,491,7,13,33),(1041,492,7,13,33),(1042,493,7,13,33),(1043,494,7,13,33),(1044,495,7,13,33),(1045,496,7,13,33),(1046,497,7,13,33),(1047,498,7,13,33),(1048,499,7,13,33),(1049,500,7,13,33),(1050,501,7,13,33),(1051,502,7,13,33),(1052,503,7,13,33),(1053,504,7,13,33),(1054,505,7,13,33),(1055,506,7,13,33),(1056,507,7,13,33),(1057,508,7,13,33),(1058,509,7,13,33),(1059,510,7,13,33),(1060,511,7,13,33),(1061,512,7,13,33),(1062,513,7,13,33),(1063,514,7,13,33),(1064,515,7,13,33),(1065,516,7,13,33),(1066,517,7,13,33),(1067,518,7,13,33),(1068,519,7,13,33),(1069,520,7,13,33),(1070,521,7,13,33),(1071,522,7,13,33),(1072,523,7,13,33),(1073,524,7,13,33),(1074,525,7,13,33),(1075,526,7,13,33),(1076,527,7,13,33),(1077,528,7,13,33),(1078,529,7,13,33),(1079,530,7,13,33),(1080,531,7,13,33),(1081,532,7,13,33),(1082,533,7,13,33),(1083,534,7,13,33),(1084,535,7,13,33),(1085,536,7,13,33),(1086,537,7,13,33),(1087,538,7,13,33),(1088,539,7,13,33),(1089,540,7,13,33),(1090,541,7,13,33),(1091,542,7,13,33),(1092,543,7,13,33),(1093,544,7,13,33),(1094,545,7,13,33),(1095,546,7,13,33),(1096,547,7,13,33),(1097,548,7,13,33),(1098,549,7,13,33),(1099,550,7,13,33),(1100,551,7,13,33),(1101,552,7,13,33),(1102,553,7,13,33),(1103,554,7,13,33),(1104,555,7,13,33),(1105,556,7,13,33),(1106,557,7,13,33),(1107,558,7,13,33),(1108,559,7,13,33),(1109,560,7,13,33),(1110,561,7,13,33),(1111,562,7,13,33),(1112,563,7,13,33),(1113,564,7,13,33),(1114,565,7,13,33),(1115,566,7,13,33),(1116,567,7,13,33),(1117,409,8,17,37),(1118,410,8,17,37),(1119,411,8,17,37),(1120,412,8,17,37),(1121,413,8,17,37),(1122,414,8,17,37),(1123,415,8,17,37),(1124,416,8,17,37),(1125,417,8,17,37),(1126,418,8,17,37),(1127,419,8,17,37),(1128,420,8,17,37),(1129,421,8,17,37),(1130,422,8,17,37),(1131,423,8,17,37),(1132,424,8,17,37),(1133,425,8,17,37),(1134,426,8,17,37),(1135,427,8,17,37),(1136,428,8,17,37),(1137,429,8,17,37),(1138,430,8,17,37),(1139,431,8,17,37),(1140,432,8,17,37),(1141,433,8,17,37),(1142,434,8,17,37),(1143,435,8,17,37),(1144,436,8,17,37),(1145,437,8,17,37),(1146,438,8,17,37),(1147,439,8,17,37),(1148,440,8,17,37),(1149,441,8,17,37),(1150,442,8,17,37),(1151,443,8,17,37),(1152,444,8,17,37),(1153,445,8,17,37),(1154,446,8,17,37),(1155,447,8,17,37),(1156,448,8,17,37),(1157,449,8,17,37),(1158,450,8,17,37),(1159,451,8,17,37),(1160,452,8,17,37),(1161,453,8,17,37),(1162,454,8,17,37),(1163,455,8,17,37),(1164,456,8,17,37),(1165,457,8,17,37),(1166,458,8,17,37),(1167,459,8,17,37),(1168,460,8,17,37),(1169,461,8,17,37),(1170,462,8,17,37),(1171,463,8,17,37),(1172,464,8,17,37),(1173,465,8,17,37),(1174,466,8,17,37),(1175,467,8,17,37),(1176,468,8,17,37),(1177,469,8,17,37),(1178,470,8,17,37),(1179,471,8,17,37),(1180,472,8,17,37),(1181,473,8,17,37),(1182,474,8,17,37),(1183,475,8,17,37),(1184,476,8,17,37),(1185,477,8,17,37),(1186,478,8,17,37),(1187,479,8,17,37),(1188,480,8,17,37),(1189,481,8,17,37),(1190,482,8,17,37),(1191,483,8,17,37),(1192,484,8,17,37),(1193,485,8,17,37),(1194,486,8,17,37),(1195,487,8,17,37),(1196,488,8,17,37),(1197,489,8,17,37),(1198,490,8,17,37),(1199,491,8,17,37),(1200,492,8,17,37),(1201,493,8,17,37),(1202,494,8,17,37),(1203,495,8,17,37),(1204,496,8,17,37),(1205,497,8,17,37),(1206,498,8,17,37),(1207,499,8,17,37),(1208,500,8,17,37),(1209,501,8,17,37),(1210,502,8,17,37),(1211,503,8,17,37),(1212,504,8,17,37),(1213,505,8,17,37),(1214,506,8,17,37),(1215,507,8,17,37),(1216,508,8,17,37),(1217,509,8,17,37),(1218,510,8,17,37),(1219,511,8,17,37),(1220,512,8,17,37),(1221,513,8,17,37),(1222,514,8,17,37),(1223,515,8,17,37),(1224,516,8,17,37),(1225,517,8,17,37),(1226,518,8,17,37),(1227,519,8,17,37),(1228,520,8,17,37),(1229,521,8,17,37),(1230,522,8,17,37),(1231,523,8,17,37),(1232,524,8,17,37),(1233,525,8,17,37),(1234,526,8,17,37),(1235,527,8,17,37),(1236,528,8,17,37),(1237,529,8,17,37),(1238,530,8,17,37),(1239,531,8,17,37),(1240,532,8,17,37),(1241,533,8,17,37),(1242,534,8,17,37),(1243,535,8,17,37),(1244,536,8,17,37),(1245,537,8,17,37),(1246,538,8,17,37),(1247,539,8,17,37),(1248,540,8,17,37),(1249,541,8,17,37),(1250,542,8,17,37),(1251,543,8,17,37),(1252,544,8,17,37),(1253,545,8,17,37),(1254,546,8,17,37),(1255,547,8,17,37),(1256,548,8,17,37),(1257,549,8,17,37),(1258,550,8,17,37),(1259,551,8,17,37),(1260,552,8,17,37),(1261,553,8,17,37),(1262,554,8,17,37),(1263,555,8,17,37),(1264,556,8,17,37),(1265,557,8,17,37),(1266,558,8,17,37),(1267,559,8,17,37),(1268,560,8,17,37),(1269,561,8,17,37),(1270,562,8,17,37),(1271,563,8,17,37),(1272,564,8,17,37),(1273,565,8,17,37),(1274,566,8,17,37),(1275,567,8,17,37),(1276,409,9,22,42),(1277,410,9,22,42),(1278,411,9,22,42),(1279,412,9,22,42),(1280,413,9,22,42),(1281,414,9,22,42),(1282,415,9,22,42),(1283,416,9,22,42),(1284,417,9,22,42),(1285,418,9,22,42),(1286,419,9,22,42),(1287,420,9,22,42),(1288,421,9,22,42),(1289,422,9,22,42),(1290,423,9,22,42),(1291,424,9,22,42),(1292,425,9,22,42),(1293,426,9,22,42),(1294,427,9,22,42),(1295,428,9,22,42),(1296,429,9,22,42),(1297,430,9,22,42),(1298,431,9,22,42),(1299,432,9,22,42),(1300,433,9,22,42),(1301,434,9,22,42),(1302,435,9,22,42),(1303,436,9,22,42),(1304,437,9,22,42),(1305,438,9,22,42),(1306,439,9,22,42),(1307,440,9,22,42),(1308,441,9,22,42),(1309,442,9,22,42),(1310,443,9,22,42),(1311,444,9,22,42),(1312,445,9,22,42),(1313,446,9,22,42),(1314,447,9,22,42),(1315,448,9,22,42),(1316,449,9,22,42),(1317,450,9,22,42),(1318,451,9,22,42),(1319,452,9,22,42),(1320,453,9,22,42),(1321,454,9,22,42),(1322,455,9,22,42),(1323,456,9,22,42),(1324,457,9,22,42),(1325,458,9,22,42),(1326,459,9,22,42),(1327,460,9,22,42),(1328,461,9,22,42),(1329,462,9,22,42),(1330,463,9,22,42),(1331,464,9,22,42),(1332,465,9,22,42),(1333,466,9,22,42),(1334,467,9,22,42),(1335,468,9,22,42),(1336,469,9,22,42),(1337,470,9,22,42),(1338,471,9,22,42),(1339,472,9,22,42),(1340,473,9,22,42),(1341,474,9,22,42),(1342,475,9,22,42),(1343,476,9,22,42),(1344,477,9,22,42),(1345,478,9,22,42),(1346,479,9,22,42),(1347,480,9,22,42),(1348,481,9,22,42),(1349,482,9,22,42),(1350,483,9,22,42),(1351,484,9,22,42),(1352,485,9,22,42),(1353,486,9,22,42),(1354,487,9,22,42),(1355,488,9,22,42),(1356,489,9,22,42),(1357,490,9,22,42),(1358,491,9,22,42),(1359,492,9,22,42),(1360,493,9,22,42),(1361,494,9,22,42),(1362,495,9,22,42),(1363,496,9,22,42),(1364,497,9,22,42),(1365,498,9,22,42),(1366,499,9,22,42),(1367,500,9,22,42),(1368,501,9,22,42),(1369,502,9,22,42),(1370,503,9,22,42),(1371,504,9,22,42),(1372,505,9,22,42),(1373,506,9,22,42),(1374,507,9,22,42),(1375,508,9,22,42),(1376,509,9,22,42),(1377,510,9,22,42),(1378,511,9,22,42),(1379,512,9,22,42),(1380,513,9,22,42),(1381,514,9,22,42),(1382,515,9,22,42),(1383,516,9,22,42),(1384,517,9,22,42),(1385,518,9,22,42),(1386,519,9,22,42),(1387,520,9,22,42),(1388,521,9,22,42),(1389,522,9,22,42),(1390,523,9,22,42),(1391,524,9,22,42),(1392,525,9,22,42),(1393,526,9,22,42),(1394,527,9,22,42),(1395,528,9,22,42),(1396,529,9,22,42),(1397,530,9,22,42),(1398,531,9,22,42),(1399,532,9,22,42),(1400,533,9,22,42),(1401,534,9,22,42),(1402,535,9,22,42),(1403,536,9,22,42),(1404,537,9,22,42),(1405,538,9,22,42),(1406,539,9,22,42),(1407,540,9,22,42),(1408,541,9,22,42),(1409,542,9,22,42),(1410,543,9,22,42),(1411,544,9,22,42),(1412,545,9,22,42),(1413,546,9,22,42),(1414,547,9,22,42),(1415,548,9,22,42),(1416,549,9,22,42),(1417,550,9,22,42),(1418,551,9,22,42),(1419,552,9,22,42),(1420,553,9,22,42),(1421,554,9,22,42),(1422,555,9,22,42),(1423,556,9,22,42),(1424,557,9,22,42),(1425,558,9,22,42),(1426,559,9,22,42),(1427,560,9,22,42),(1428,561,9,22,42),(1429,562,9,22,42),(1430,563,9,22,42),(1431,564,9,22,42),(1432,565,9,22,42),(1433,566,9,22,42),(1434,567,9,22,42),(1435,409,10,7,27),(1436,410,10,7,27),(1437,411,10,7,27),(1438,412,10,7,27),(1439,413,10,7,27),(1440,414,10,7,27),(1441,415,10,7,27),(1442,416,10,7,27),(1443,417,10,7,27),(1444,418,10,7,27),(1445,419,10,7,27),(1446,420,10,7,27),(1447,421,10,7,27),(1448,422,10,7,27),(1449,423,10,7,27),(1450,424,10,7,27),(1451,425,10,7,27),(1452,426,10,7,27),(1453,427,10,7,27),(1454,428,10,7,27),(1455,429,10,7,27),(1456,430,10,7,27),(1457,431,10,7,27),(1458,432,10,7,27),(1459,433,10,7,27),(1460,434,10,7,27),(1461,435,10,7,27),(1462,436,10,7,27),(1463,437,10,7,27),(1464,438,10,7,27),(1465,439,10,7,27),(1466,440,10,7,27),(1467,441,10,7,27),(1468,442,10,7,27),(1469,443,10,7,27),(1470,444,10,7,27),(1471,445,10,7,27),(1472,446,10,7,27),(1473,447,10,7,27),(1474,448,10,7,27),(1475,449,10,7,27),(1476,450,10,7,27),(1477,451,10,7,27),(1478,452,10,7,27),(1479,453,10,7,27),(1480,454,10,7,27),(1481,455,10,7,27),(1482,456,10,7,27),(1483,457,10,7,27),(1484,458,10,7,27),(1485,459,10,7,27),(1486,460,10,7,27),(1487,461,10,7,27),(1488,462,10,7,27),(1489,463,10,7,27),(1490,464,10,7,27),(1491,465,10,7,27),(1492,466,10,7,27),(1493,467,10,7,27),(1494,468,10,7,27),(1495,469,10,7,27),(1496,470,10,7,27),(1497,471,10,7,27),(1498,472,10,7,27),(1499,473,10,7,27),(1500,474,10,7,27),(1501,475,10,7,27),(1502,476,10,7,27),(1503,477,10,7,27),(1504,478,10,7,27),(1505,479,10,7,27),(1506,480,10,7,27),(1507,481,10,7,27),(1508,482,10,7,27),(1509,483,10,7,27),(1510,484,10,7,27),(1511,485,10,7,27),(1512,486,10,7,27),(1513,487,10,7,27),(1514,488,10,7,27),(1515,489,10,7,27),(1516,490,10,7,27),(1517,491,10,7,27),(1518,492,10,7,27),(1519,493,10,7,27),(1520,494,10,7,27),(1521,495,10,7,27),(1522,496,10,7,27),(1523,497,10,7,27),(1524,498,10,7,27),(1525,499,10,7,27),(1526,500,10,7,27),(1527,501,10,7,27),(1528,502,10,7,27),(1529,503,10,7,27),(1530,504,10,7,27),(1531,505,10,7,27),(1532,506,10,7,27),(1533,507,10,7,27),(1534,508,10,7,27),(1535,509,10,7,27),(1536,510,10,7,27),(1537,511,10,7,27),(1538,512,10,7,27),(1539,513,10,7,27),(1540,514,10,7,27),(1541,515,10,7,27),(1542,516,10,7,27),(1543,517,10,7,27),(1544,518,10,7,27),(1545,519,10,7,27),(1546,520,10,7,27),(1547,521,10,7,27),(1548,522,10,7,27),(1549,523,10,7,27),(1550,524,10,7,27),(1551,525,10,7,27),(1552,526,10,7,27),(1553,527,10,7,27),(1554,528,10,7,27),(1555,529,10,7,27),(1556,530,10,7,27),(1557,531,10,7,27),(1558,532,10,7,27),(1559,533,10,7,27),(1560,534,10,7,27),(1561,535,10,7,27),(1562,536,10,7,27),(1563,537,10,7,27),(1564,538,10,7,27),(1565,539,10,7,27),(1566,540,10,7,27),(1567,541,10,7,27),(1568,542,10,7,27),(1569,543,10,7,27),(1570,544,10,7,27),(1571,545,10,7,27),(1572,546,10,7,27),(1573,547,10,7,27),(1574,548,10,7,27),(1575,549,10,7,27),(1576,550,10,7,27),(1577,551,10,7,27),(1578,552,10,7,27),(1579,553,10,7,27),(1580,554,10,7,27),(1581,555,10,7,27),(1582,556,10,7,27),(1583,557,10,7,27),(1584,558,10,7,27),(1585,559,10,7,27),(1586,560,10,7,27),(1587,561,10,7,27),(1588,562,10,7,27),(1589,563,10,7,27),(1590,564,10,7,27),(1591,565,10,7,27),(1592,566,10,7,27),(1593,567,10,7,27),(1594,409,11,12,32),(1595,410,11,12,32),(1596,411,11,12,32),(1597,412,11,12,32),(1598,413,11,12,32),(1599,414,11,12,32),(1600,415,11,12,32),(1601,416,11,12,32),(1602,417,11,12,32),(1603,418,11,12,32),(1604,419,11,12,32),(1605,420,11,12,32),(1606,421,11,12,32),(1607,422,11,12,32),(1608,423,11,12,32),(1609,424,11,12,32),(1610,425,11,12,32),(1611,426,11,12,32),(1612,427,11,12,32),(1613,428,11,12,32),(1614,429,11,12,32),(1615,430,11,12,32),(1616,431,11,12,32),(1617,432,11,12,32),(1618,433,11,12,32),(1619,434,11,12,32),(1620,435,11,12,32),(1621,436,11,12,32),(1622,437,11,12,32),(1623,438,11,12,32),(1624,439,11,12,32),(1625,440,11,12,32),(1626,441,11,12,32),(1627,442,11,12,32),(1628,443,11,12,32),(1629,444,11,12,32),(1630,445,11,12,32),(1631,446,11,12,32),(1632,447,11,12,32),(1633,448,11,12,32),(1634,449,11,12,32),(1635,450,11,12,32),(1636,451,11,12,32),(1637,452,11,12,32),(1638,453,11,12,32),(1639,454,11,12,32),(1640,455,11,12,32),(1641,456,11,12,32),(1642,457,11,12,32),(1643,458,11,12,32),(1644,459,11,12,32),(1645,460,11,12,32),(1646,461,11,12,32),(1647,462,11,12,32),(1648,463,11,12,32),(1649,464,11,12,32),(1650,465,11,12,32),(1651,466,11,12,32),(1652,467,11,12,32),(1653,468,11,12,32),(1654,469,11,12,32),(1655,470,11,12,32),(1656,471,11,12,32),(1657,472,11,12,32),(1658,473,11,12,32),(1659,474,11,12,32),(1660,475,11,12,32),(1661,476,11,12,32),(1662,477,11,12,32),(1663,478,11,12,32),(1664,479,11,12,32),(1665,480,11,12,32),(1666,481,11,12,32),(1667,482,11,12,32),(1668,483,11,12,32),(1669,484,11,12,32),(1670,485,11,12,32),(1671,486,11,12,32),(1672,487,11,12,32),(1673,488,11,12,32),(1674,489,11,12,32),(1675,490,11,12,32),(1676,491,11,12,32),(1677,492,11,12,32),(1678,493,11,12,32),(1679,494,11,12,32),(1680,495,11,12,32),(1681,496,11,12,32),(1682,497,11,12,32),(1683,498,11,12,32),(1684,499,11,12,32),(1685,500,11,12,32),(1686,501,11,12,32),(1687,502,11,12,32),(1688,503,11,12,32),(1689,504,11,12,32),(1690,505,11,12,32),(1691,506,11,12,32),(1692,507,11,12,32),(1693,508,11,12,32),(1694,509,11,12,32),(1695,510,11,12,32),(1696,511,11,12,32),(1697,512,11,12,32),(1698,513,11,12,32),(1699,514,11,12,32),(1700,515,11,12,32),(1701,516,11,12,32),(1702,517,11,12,32),(1703,518,11,12,32),(1704,519,11,12,32),(1705,520,11,12,32),(1706,521,11,12,32),(1707,522,11,12,32),(1708,523,11,12,32),(1709,524,11,12,32),(1710,525,11,12,32),(1711,526,11,12,32),(1712,527,11,12,32),(1713,528,11,12,32),(1714,529,11,12,32),(1715,530,11,12,32),(1716,531,11,12,32),(1717,532,11,12,32),(1718,533,11,12,32),(1719,534,11,12,32),(1720,535,11,12,32),(1721,536,11,12,32),(1722,537,11,12,32),(1723,538,11,12,32),(1724,539,11,12,32),(1725,540,11,12,32),(1726,541,11,12,32),(1727,542,11,12,32),(1728,543,11,12,32),(1729,544,11,12,32),(1730,545,11,12,32),(1731,546,11,12,32),(1732,547,11,12,32),(1733,548,11,12,32),(1734,549,11,12,32),(1735,550,11,12,32),(1736,551,11,12,32),(1737,552,11,12,32),(1738,553,11,12,32),(1739,554,11,12,32),(1740,555,11,12,32),(1741,556,11,12,32),(1742,557,11,12,32),(1743,558,11,12,32),(1744,559,11,12,32),(1745,560,11,12,32),(1746,561,11,12,32),(1747,562,11,12,32),(1748,563,11,12,32),(1749,564,11,12,32),(1750,565,11,12,32),(1751,566,11,12,32),(1752,567,11,12,32),(1753,409,12,19,39),(1754,410,12,19,39),(1755,411,12,19,39),(1756,412,12,19,39),(1757,413,12,19,39),(1758,414,12,19,39),(1759,415,12,19,39),(1760,416,12,19,39),(1761,417,12,19,39),(1762,418,12,19,39),(1763,419,12,19,39),(1764,420,12,19,39),(1765,421,12,19,39),(1766,422,12,19,39),(1767,423,12,19,39),(1768,424,12,19,39),(1769,425,12,19,39),(1770,426,12,19,39),(1771,427,12,19,39),(1772,428,12,19,39),(1773,429,12,19,39),(1774,430,12,19,39),(1775,431,12,19,39),(1776,432,12,19,39),(1777,433,12,19,39),(1778,434,12,19,39),(1779,435,12,19,39),(1780,436,12,19,39),(1781,437,12,19,39),(1782,438,12,19,39),(1783,439,12,19,39),(1784,440,12,19,39),(1785,441,12,19,39),(1786,442,12,19,39),(1787,443,12,19,39),(1788,444,12,19,39),(1789,445,12,19,39),(1790,446,12,19,39),(1791,447,12,19,39),(1792,448,12,19,39),(1793,449,12,19,39),(1794,450,12,19,39),(1795,451,12,19,39),(1796,452,12,19,39),(1797,453,12,19,39),(1798,454,12,19,39),(1799,455,12,19,39),(1800,456,12,19,39),(1801,457,12,19,39),(1802,458,12,19,39),(1803,459,12,19,39),(1804,460,12,19,39),(1805,461,12,19,39),(1806,462,12,19,39),(1807,463,12,19,39),(1808,464,12,19,39),(1809,465,12,19,39),(1810,466,12,19,39),(1811,467,12,19,39),(1812,468,12,19,39),(1813,469,12,19,39),(1814,470,12,19,39),(1815,471,12,19,39),(1816,472,12,19,39),(1817,473,12,19,39),(1818,474,12,19,39),(1819,475,12,19,39),(1820,476,12,19,39),(1821,477,12,19,39),(1822,478,12,19,39),(1823,479,12,19,39),(1824,480,12,19,39),(1825,481,12,19,39),(1826,482,12,19,39),(1827,483,12,19,39),(1828,484,12,19,39),(1829,485,12,19,39),(1830,486,12,19,39),(1831,487,12,19,39),(1832,488,12,19,39),(1833,489,12,19,39),(1834,490,12,19,39),(1835,491,12,19,39),(1836,492,12,19,39),(1837,493,12,19,39),(1838,494,12,19,39),(1839,495,12,19,39),(1840,496,12,19,39),(1841,497,12,19,39),(1842,498,12,19,39),(1843,499,12,19,39),(1844,500,12,19,39),(1845,501,12,19,39),(1846,502,12,19,39),(1847,503,12,19,39),(1848,504,12,19,39),(1849,505,12,19,39),(1850,506,12,19,39),(1851,507,12,19,39),(1852,508,12,19,39),(1853,509,12,19,39),(1854,510,12,19,39),(1855,511,12,19,39),(1856,512,12,19,39),(1857,513,12,19,39),(1858,514,12,19,39),(1859,515,12,19,39),(1860,516,12,19,39),(1861,517,12,19,39),(1862,518,12,19,39),(1863,519,12,19,39),(1864,520,12,19,39),(1865,521,12,19,39),(1866,522,12,19,39),(1867,523,12,19,39),(1868,524,12,19,39),(1869,525,12,19,39),(1870,526,12,19,39),(1871,527,12,19,39),(1872,528,12,19,39),(1873,529,12,19,39),(1874,530,12,19,39),(1875,531,12,19,39),(1876,532,12,19,39),(1877,533,12,19,39),(1878,534,12,19,39),(1879,535,12,19,39),(1880,536,12,19,39),(1881,537,12,19,39),(1882,538,12,19,39),(1883,539,12,19,39),(1884,540,12,19,39),(1885,541,12,19,39),(1886,542,12,19,39),(1887,543,12,19,39),(1888,544,12,19,39),(1889,545,12,19,39),(1890,546,12,19,39),(1891,547,12,19,39),(1892,548,12,19,39),(1893,549,12,19,39),(1894,550,12,19,39),(1895,551,12,19,39),(1896,552,12,19,39),(1897,553,12,19,39),(1898,554,12,19,39),(1899,555,12,19,39),(1900,556,12,19,39),(1901,557,12,19,39),(1902,558,12,19,39),(1903,559,12,19,39),(1904,560,12,19,39),(1905,561,12,19,39),(1906,562,12,19,39),(1907,563,12,19,39),(1908,564,12,19,39),(1909,565,12,19,39),(1910,566,12,19,39),(1911,567,12,19,39),(1912,409,13,8,28),(1913,410,13,8,28),(1914,411,13,8,28),(1915,412,13,8,28),(1916,413,13,8,28),(1917,414,13,8,28),(1918,415,13,8,28),(1919,416,13,8,28),(1920,417,13,8,28),(1921,418,13,8,28),(1922,419,13,8,28),(1923,420,13,8,28),(1924,421,13,8,28),(1925,422,13,8,28),(1926,423,13,8,28),(1927,424,13,8,28),(1928,425,13,8,28),(1929,426,13,8,28),(1930,427,13,8,28),(1931,428,13,8,28),(1932,429,13,8,28),(1933,430,13,8,28),(1934,431,13,8,28),(1935,432,13,8,28),(1936,433,13,8,28),(1937,434,13,8,28),(1938,435,13,8,28),(1939,436,13,8,28),(1940,437,13,8,28),(1941,438,13,8,28),(1942,439,13,8,28),(1943,440,13,8,28),(1944,441,13,8,28),(1945,442,13,8,28),(1946,443,13,8,28),(1947,444,13,8,28),(1948,445,13,8,28),(1949,446,13,8,28),(1950,447,13,8,28),(1951,448,13,8,28),(1952,449,13,8,28),(1953,450,13,8,28),(1954,451,13,8,28),(1955,452,13,8,28),(1956,453,13,8,28),(1957,454,13,8,28),(1958,455,13,8,28),(1959,456,13,8,28),(1960,457,13,8,28),(1961,458,13,8,28),(1962,459,13,8,28),(1963,460,13,8,28),(1964,461,13,8,28),(1965,462,13,8,28),(1966,463,13,8,28),(1967,464,13,8,28),(1968,465,13,8,28),(1969,466,13,8,28),(1970,467,13,8,28),(1971,468,13,8,28),(1972,469,13,8,28),(1973,470,13,8,28),(1974,471,13,8,28),(1975,472,13,8,28),(1976,473,13,8,28),(1977,474,13,8,28),(1978,475,13,8,28),(1979,476,13,8,28),(1980,477,13,8,28),(1981,478,13,8,28),(1982,479,13,8,28),(1983,480,13,8,28),(1984,481,13,8,28),(1985,482,13,8,28),(1986,483,13,8,28),(1987,484,13,8,28),(1988,485,13,8,28),(1989,486,13,8,28),(1990,487,13,8,28),(1991,488,13,8,28),(1992,489,13,8,28),(1993,490,13,8,28),(1994,491,13,8,28),(1995,492,13,8,28),(1996,493,13,8,28),(1997,494,13,8,28),(1998,495,13,8,28),(1999,496,13,8,28),(2000,497,13,8,28),(2001,498,13,8,28),(2002,499,13,8,28),(2003,500,13,8,28),(2004,501,13,8,28),(2005,502,13,8,28),(2006,503,13,8,28),(2007,504,13,8,28),(2008,505,13,8,28),(2009,506,13,8,28),(2010,507,13,8,28),(2011,508,13,8,28),(2012,509,13,8,28),(2013,510,13,8,28),(2014,511,13,8,28),(2015,512,13,8,28),(2016,513,13,8,28),(2017,514,13,8,28),(2018,515,13,8,28),(2019,516,13,8,28),(2020,517,13,8,28),(2021,518,13,8,28),(2022,519,13,8,28),(2023,520,13,8,28),(2024,521,13,8,28),(2025,522,13,8,28),(2026,523,13,8,28),(2027,524,13,8,28),(2028,525,13,8,28),(2029,526,13,8,28),(2030,527,13,8,28),(2031,528,13,8,28),(2032,529,13,8,28),(2033,530,13,8,28),(2034,531,13,8,28),(2035,532,13,8,28),(2036,533,13,8,28),(2037,534,13,8,28),(2038,535,13,8,28),(2039,536,13,8,28),(2040,537,13,8,28),(2041,538,13,8,28),(2042,539,13,8,28),(2043,540,13,8,28),(2044,541,13,8,28),(2045,542,13,8,28),(2046,543,13,8,28),(2047,544,13,8,28),(2048,545,13,8,28),(2049,546,13,8,28),(2050,547,13,8,28),(2051,548,13,8,28),(2052,549,13,8,28),(2053,550,13,8,28),(2054,551,13,8,28),(2055,552,13,8,28),(2056,553,13,8,28),(2057,554,13,8,28),(2058,555,13,8,28),(2059,556,13,8,28),(2060,557,13,8,28),(2061,558,13,8,28),(2062,559,13,8,28),(2063,560,13,8,28),(2064,561,13,8,28),(2065,562,13,8,28),(2066,563,13,8,28),(2067,564,13,8,28),(2068,565,13,8,28),(2069,566,13,8,28),(2070,567,13,8,28),(2071,409,14,20,40),(2072,410,14,20,40),(2073,411,14,20,40),(2074,412,14,20,40),(2075,413,14,20,40),(2076,414,14,20,40),(2077,415,14,20,40),(2078,416,14,20,40),(2079,417,14,20,40),(2080,418,14,20,40),(2081,419,14,20,40),(2082,420,14,20,40),(2083,421,14,20,40),(2084,422,14,20,40),(2085,423,14,20,40),(2086,424,14,20,40),(2087,425,14,20,40),(2088,426,14,20,40),(2089,427,14,20,40),(2090,428,14,20,40),(2091,429,14,20,40),(2092,430,14,20,40),(2093,431,14,20,40),(2094,432,14,20,40),(2095,433,14,20,40),(2096,434,14,20,40),(2097,435,14,20,40),(2098,436,14,20,40),(2099,437,14,20,40),(2100,438,14,20,40),(2101,439,14,20,40),(2102,440,14,20,40),(2103,441,14,20,40),(2104,442,14,20,40),(2105,443,14,20,40),(2106,444,14,20,40),(2107,445,14,20,40),(2108,446,14,20,40),(2109,447,14,20,40),(2110,448,14,20,40),(2111,449,14,20,40),(2112,450,14,20,40),(2113,451,14,20,40),(2114,452,14,20,40),(2115,453,14,20,40),(2116,454,14,20,40),(2117,455,14,20,40),(2118,456,14,20,40),(2119,457,14,20,40),(2120,458,14,20,40),(2121,459,14,20,40),(2122,460,14,20,40),(2123,461,14,20,40),(2124,462,14,20,40),(2125,463,14,20,40),(2126,464,14,20,40),(2127,465,14,20,40),(2128,466,14,20,40),(2129,467,14,20,40),(2130,468,14,20,40),(2131,469,14,20,40),(2132,470,14,20,40),(2133,471,14,20,40),(2134,472,14,20,40),(2135,473,14,20,40),(2136,474,14,20,40),(2137,475,14,20,40),(2138,476,14,20,40),(2139,477,14,20,40),(2140,478,14,20,40),(2141,479,14,20,40),(2142,480,14,20,40),(2143,481,14,20,40),(2144,482,14,20,40),(2145,483,14,20,40),(2146,484,14,20,40),(2147,485,14,20,40),(2148,486,14,20,40),(2149,487,14,20,40),(2150,488,14,20,40),(2151,489,14,20,40),(2152,490,14,20,40),(2153,491,14,20,40),(2154,492,14,20,40),(2155,493,14,20,40),(2156,494,14,20,40),(2157,495,14,20,40),(2158,496,14,20,40),(2159,497,14,20,40),(2160,498,14,20,40),(2161,499,14,20,40),(2162,500,14,20,40),(2163,501,14,20,40),(2164,502,14,20,40),(2165,503,14,20,40),(2166,504,14,20,40),(2167,505,14,20,40),(2168,506,14,20,40),(2169,507,14,20,40),(2170,508,14,20,40),(2171,509,14,20,40),(2172,510,14,20,40),(2173,511,14,20,40),(2174,512,14,20,40),(2175,513,14,20,40),(2176,514,14,20,40),(2177,515,14,20,40),(2178,516,14,20,40),(2179,517,14,20,40),(2180,518,14,20,40),(2181,519,14,20,40),(2182,520,14,20,40),(2183,521,14,20,40),(2184,522,14,20,40),(2185,523,14,20,40),(2186,524,14,20,40),(2187,525,14,20,40),(2188,526,14,20,40),(2189,527,14,20,40),(2190,528,14,20,40),(2191,529,14,20,40),(2192,530,14,20,40),(2193,531,14,20,40),(2194,532,14,20,40),(2195,533,14,20,40),(2196,534,14,20,40),(2197,535,14,20,40),(2198,536,14,20,40),(2199,537,14,20,40),(2200,538,14,20,40),(2201,539,14,20,40),(2202,540,14,20,40),(2203,541,14,20,40),(2204,542,14,20,40),(2205,543,14,20,40),(2206,544,14,20,40),(2207,545,14,20,40),(2208,546,14,20,40),(2209,547,14,20,40),(2210,548,14,20,40),(2211,549,14,20,40),(2212,550,14,20,40),(2213,551,14,20,40),(2214,552,14,20,40),(2215,553,14,20,40),(2216,554,14,20,40),(2217,555,14,20,40),(2218,556,14,20,40),(2219,557,14,20,40),(2220,558,14,20,40),(2221,559,14,20,40),(2222,560,14,20,40),(2223,561,14,20,40),(2224,562,14,20,40),(2225,563,14,20,40),(2226,564,14,20,40),(2227,565,14,20,40),(2228,566,14,20,40),(2229,567,14,20,40),(2230,409,15,16,36),(2231,410,15,16,36),(2232,411,15,16,36),(2233,412,15,16,36),(2234,413,15,16,36),(2235,414,15,16,36),(2236,415,15,16,36),(2237,416,15,16,36),(2238,417,15,16,36),(2239,418,15,16,36),(2240,419,15,16,36),(2241,420,15,16,36),(2242,421,15,16,36),(2243,422,15,16,36),(2244,423,15,16,36),(2245,424,15,16,36),(2246,425,15,16,36),(2247,426,15,16,36),(2248,427,15,16,36),(2249,428,15,16,36),(2250,429,15,16,36),(2251,430,15,16,36),(2252,431,15,16,36),(2253,432,15,16,36),(2254,433,15,16,36),(2255,434,15,16,36),(2256,435,15,16,36),(2257,436,15,16,36),(2258,437,15,16,36),(2259,438,15,16,36),(2260,439,15,16,36),(2261,440,15,16,36),(2262,441,15,16,36),(2263,442,15,16,36),(2264,443,15,16,36),(2265,444,15,16,36),(2266,445,15,16,36),(2267,446,15,16,36),(2268,447,15,16,36),(2269,448,15,16,36),(2270,449,15,16,36),(2271,450,15,16,36),(2272,451,15,16,36),(2273,452,15,16,36),(2274,453,15,16,36),(2275,454,15,16,36),(2276,455,15,16,36),(2277,456,15,16,36),(2278,457,15,16,36),(2279,458,15,16,36),(2280,459,15,16,36),(2281,460,15,16,36),(2282,461,15,16,36),(2283,462,15,16,36),(2284,463,15,16,36),(2285,464,15,16,36),(2286,465,15,16,36),(2287,466,15,16,36),(2288,467,15,16,36),(2289,468,15,16,36),(2290,469,15,16,36),(2291,470,15,16,36),(2292,471,15,16,36),(2293,472,15,16,36),(2294,473,15,16,36),(2295,474,15,16,36),(2296,475,15,16,36),(2297,476,15,16,36),(2298,477,15,16,36),(2299,478,15,16,36),(2300,479,15,16,36),(2301,480,15,16,36),(2302,481,15,16,36),(2303,482,15,16,36),(2304,483,15,16,36),(2305,484,15,16,36),(2306,485,15,16,36),(2307,486,15,16,36),(2308,487,15,16,36),(2309,488,15,16,36),(2310,489,15,16,36),(2311,490,15,16,36),(2312,491,15,16,36),(2313,492,15,16,36),(2314,493,15,16,36),(2315,494,15,16,36),(2316,495,15,16,36),(2317,496,15,16,36),(2318,497,15,16,36),(2319,498,15,16,36),(2320,499,15,16,36),(2321,500,15,16,36),(2322,501,15,16,36),(2323,502,15,16,36),(2324,503,15,16,36),(2325,504,15,16,36),(2326,505,15,16,36),(2327,506,15,16,36),(2328,507,15,16,36),(2329,508,15,16,36),(2330,509,15,16,36),(2331,510,15,16,36),(2332,511,15,16,36),(2333,512,15,16,36),(2334,513,15,16,36),(2335,514,15,16,36),(2336,515,15,16,36),(2337,516,15,16,36),(2338,517,15,16,36),(2339,518,15,16,36),(2340,519,15,16,36),(2341,520,15,16,36),(2342,521,15,16,36),(2343,522,15,16,36),(2344,523,15,16,36),(2345,524,15,16,36),(2346,525,15,16,36),(2347,526,15,16,36),(2348,527,15,16,36),(2349,528,15,16,36),(2350,529,15,16,36),(2351,530,15,16,36),(2352,531,15,16,36),(2353,532,15,16,36),(2354,533,15,16,36),(2355,534,15,16,36),(2356,535,15,16,36),(2357,536,15,16,36),(2358,537,15,16,36),(2359,538,15,16,36),(2360,539,15,16,36),(2361,540,15,16,36),(2362,541,15,16,36),(2363,542,15,16,36),(2364,543,15,16,36),(2365,544,15,16,36),(2366,545,15,16,36),(2367,546,15,16,36),(2368,547,15,16,36),(2369,548,15,16,36),(2370,549,15,16,36),(2371,550,15,16,36),(2372,551,15,16,36),(2373,552,15,16,36),(2374,553,15,16,36),(2375,554,15,16,36),(2376,555,15,16,36),(2377,556,15,16,36),(2378,557,15,16,36),(2379,558,15,16,36),(2380,559,15,16,36),(2381,560,15,16,36),(2382,561,15,16,36),(2383,562,15,16,36),(2384,563,15,16,36),(2385,564,15,16,36),(2386,565,15,16,36),(2387,566,15,16,36),(2388,567,15,16,36),(2389,409,16,18,38),(2390,410,16,18,38),(2391,411,16,18,38),(2392,412,16,18,38),(2393,413,16,18,38),(2394,414,16,18,38),(2395,415,16,18,38),(2396,416,16,18,38),(2397,417,16,18,38),(2398,418,16,18,38),(2399,419,16,18,38),(2400,420,16,18,38),(2401,421,16,18,38),(2402,422,16,18,38),(2403,423,16,18,38),(2404,424,16,18,38),(2405,425,16,18,38),(2406,426,16,18,38),(2407,427,16,18,38),(2408,428,16,18,38),(2409,429,16,18,38),(2410,430,16,18,38),(2411,431,16,18,38),(2412,432,16,18,38),(2413,433,16,18,38),(2414,434,16,18,38),(2415,435,16,18,38),(2416,436,16,18,38),(2417,437,16,18,38),(2418,438,16,18,38),(2419,439,16,18,38),(2420,440,16,18,38),(2421,441,16,18,38),(2422,442,16,18,38),(2423,443,16,18,38),(2424,444,16,18,38),(2425,445,16,18,38),(2426,446,16,18,38),(2427,447,16,18,38),(2428,448,16,18,38),(2429,449,16,18,38),(2430,450,16,18,38),(2431,451,16,18,38),(2432,452,16,18,38),(2433,453,16,18,38),(2434,454,16,18,38),(2435,455,16,18,38),(2436,456,16,18,38),(2437,457,16,18,38),(2438,458,16,18,38),(2439,459,16,18,38),(2440,460,16,18,38),(2441,461,16,18,38),(2442,462,16,18,38),(2443,463,16,18,38),(2444,464,16,18,38),(2445,465,16,18,38),(2446,466,16,18,38),(2447,467,16,18,38),(2448,468,16,18,38),(2449,469,16,18,38),(2450,470,16,18,38),(2451,471,16,18,38),(2452,472,16,18,38),(2453,473,16,18,38),(2454,474,16,18,38),(2455,475,16,18,38),(2456,476,16,18,38),(2457,477,16,18,38),(2458,478,16,18,38),(2459,479,16,18,38),(2460,480,16,18,38),(2461,481,16,18,38),(2462,482,16,18,38),(2463,483,16,18,38),(2464,484,16,18,38),(2465,485,16,18,38),(2466,486,16,18,38),(2467,487,16,18,38),(2468,488,16,18,38),(2469,489,16,18,38),(2470,490,16,18,38),(2471,491,16,18,38),(2472,492,16,18,38),(2473,493,16,18,38),(2474,494,16,18,38),(2475,495,16,18,38),(2476,496,16,18,38),(2477,497,16,18,38),(2478,498,16,18,38),(2479,499,16,18,38),(2480,500,16,18,38),(2481,501,16,18,38),(2482,502,16,18,38),(2483,503,16,18,38),(2484,504,16,18,38),(2485,505,16,18,38),(2486,506,16,18,38),(2487,507,16,18,38),(2488,508,16,18,38),(2489,509,16,18,38),(2490,510,16,18,38),(2491,511,16,18,38),(2492,512,16,18,38),(2493,513,16,18,38),(2494,514,16,18,38),(2495,515,16,18,38),(2496,516,16,18,38),(2497,517,16,18,38),(2498,518,16,18,38),(2499,519,16,18,38),(2500,520,16,18,38),(2501,521,16,18,38),(2502,522,16,18,38),(2503,523,16,18,38),(2504,524,16,18,38),(2505,525,16,18,38),(2506,526,16,18,38),(2507,527,16,18,38),(2508,528,16,18,38),(2509,529,16,18,38),(2510,530,16,18,38),(2511,531,16,18,38),(2512,532,16,18,38),(2513,533,16,18,38),(2514,534,16,18,38),(2515,535,16,18,38),(2516,536,16,18,38),(2517,537,16,18,38),(2518,538,16,18,38),(2519,539,16,18,38),(2520,540,16,18,38),(2521,541,16,18,38),(2522,542,16,18,38),(2523,543,16,18,38),(2524,544,16,18,38),(2525,545,16,18,38),(2526,546,16,18,38),(2527,547,16,18,38),(2528,548,16,18,38),(2529,549,16,18,38),(2530,550,16,18,38),(2531,551,16,18,38),(2532,552,16,18,38),(2533,553,16,18,38),(2534,554,16,18,38),(2535,555,16,18,38),(2536,556,16,18,38),(2537,557,16,18,38),(2538,558,16,18,38),(2539,559,16,18,38),(2540,560,16,18,38),(2541,561,16,18,38),(2542,562,16,18,38),(2543,563,16,18,38),(2544,564,16,18,38),(2545,565,16,18,38),(2546,566,16,18,38),(2547,567,16,18,38),(2548,409,17,14,34),(2549,410,17,14,34),(2550,411,17,14,34),(2551,412,17,14,34),(2552,413,17,14,34),(2553,414,17,14,34),(2554,415,17,14,34),(2555,416,17,14,34),(2556,417,17,14,34),(2557,418,17,14,34),(2558,419,17,14,34),(2559,420,17,14,34),(2560,421,17,14,34),(2561,422,17,14,34),(2562,423,17,14,34),(2563,424,17,14,34),(2564,425,17,14,34),(2565,426,17,14,34),(2566,427,17,14,34),(2567,428,17,14,34),(2568,429,17,14,34),(2569,430,17,14,34),(2570,431,17,14,34),(2571,432,17,14,34),(2572,433,17,14,34),(2573,434,17,14,34),(2574,435,17,14,34),(2575,436,17,14,34),(2576,437,17,14,34),(2577,438,17,14,34),(2578,439,17,14,34),(2579,440,17,14,34),(2580,441,17,14,34),(2581,442,17,14,34),(2582,443,17,14,34),(2583,444,17,14,34),(2584,445,17,14,34),(2585,446,17,14,34),(2586,447,17,14,34),(2587,448,17,14,34),(2588,449,17,14,34),(2589,450,17,14,34),(2590,451,17,14,34),(2591,452,17,14,34),(2592,453,17,14,34),(2593,454,17,14,34),(2594,455,17,14,34),(2595,456,17,14,34),(2596,457,17,14,34),(2597,458,17,14,34),(2598,459,17,14,34),(2599,460,17,14,34),(2600,461,17,14,34),(2601,462,17,14,34),(2602,463,17,14,34),(2603,464,17,14,34),(2604,465,17,14,34),(2605,466,17,14,34),(2606,467,17,14,34),(2607,468,17,14,34),(2608,469,17,14,34),(2609,470,17,14,34),(2610,471,17,14,34),(2611,472,17,14,34),(2612,473,17,14,34),(2613,474,17,14,34),(2614,475,17,14,34),(2615,476,17,14,34),(2616,477,17,14,34),(2617,478,17,14,34),(2618,479,17,14,34),(2619,480,17,14,34),(2620,481,17,14,34),(2621,482,17,14,34),(2622,483,17,14,34),(2623,484,17,14,34),(2624,485,17,14,34),(2625,486,17,14,34),(2626,487,17,14,34),(2627,488,17,14,34),(2628,489,17,14,34),(2629,490,17,14,34),(2630,491,17,14,34),(2631,492,17,14,34),(2632,493,17,14,34),(2633,494,17,14,34),(2634,495,17,14,34),(2635,496,17,14,34),(2636,497,17,14,34),(2637,498,17,14,34),(2638,499,17,14,34),(2639,500,17,14,34),(2640,501,17,14,34),(2641,502,17,14,34),(2642,503,17,14,34),(2643,504,17,14,34),(2644,505,17,14,34),(2645,506,17,14,34),(2646,507,17,14,34),(2647,508,17,14,34),(2648,509,17,14,34),(2649,510,17,14,34),(2650,511,17,14,34),(2651,512,17,14,34),(2652,513,17,14,34),(2653,514,17,14,34),(2654,515,17,14,34),(2655,516,17,14,34),(2656,517,17,14,34),(2657,518,17,14,34),(2658,519,17,14,34),(2659,520,17,14,34),(2660,521,17,14,34),(2661,522,17,14,34),(2662,523,17,14,34),(2663,524,17,14,34),(2664,525,17,14,34),(2665,526,17,14,34),(2666,527,17,14,34),(2667,528,17,14,34),(2668,529,17,14,34),(2669,530,17,14,34),(2670,531,17,14,34),(2671,532,17,14,34),(2672,533,17,14,34),(2673,534,17,14,34),(2674,535,17,14,34),(2675,536,17,14,34),(2676,537,17,14,34),(2677,538,17,14,34),(2678,539,17,14,34),(2679,540,17,14,34),(2680,541,17,14,34),(2681,542,17,14,34),(2682,543,17,14,34),(2683,544,17,14,34),(2684,545,17,14,34),(2685,546,17,14,34),(2686,547,17,14,34),(2687,548,17,14,34),(2688,549,17,14,34),(2689,550,17,14,34),(2690,551,17,14,34),(2691,552,17,14,34),(2692,553,17,14,34),(2693,554,17,14,34),(2694,555,17,14,34),(2695,556,17,14,34),(2696,557,17,14,34),(2697,558,17,14,34),(2698,559,17,14,34),(2699,560,17,14,34),(2700,561,17,14,34),(2701,562,17,14,34),(2702,563,17,14,34),(2703,564,17,14,34),(2704,565,17,14,34),(2705,566,17,14,34),(2706,567,17,14,34),(2707,409,18,9,29),(2708,410,18,9,29),(2709,411,18,9,29),(2710,412,18,9,29),(2711,413,18,9,29),(2712,414,18,9,29),(2713,415,18,9,29),(2714,416,18,9,29),(2715,417,18,9,29),(2716,418,18,9,29),(2717,419,18,9,29),(2718,420,18,9,29),(2719,421,18,9,29),(2720,422,18,9,29),(2721,423,18,9,29),(2722,424,18,9,29),(2723,425,18,9,29),(2724,426,18,9,29),(2725,427,18,9,29),(2726,428,18,9,29),(2727,429,18,9,29),(2728,430,18,9,29),(2729,431,18,9,29),(2730,432,18,9,29),(2731,433,18,9,29),(2732,434,18,9,29),(2733,435,18,9,29),(2734,436,18,9,29),(2735,437,18,9,29),(2736,438,18,9,29),(2737,439,18,9,29),(2738,440,18,9,29),(2739,441,18,9,29),(2740,442,18,9,29),(2741,443,18,9,29),(2742,444,18,9,29),(2743,445,18,9,29),(2744,446,18,9,29),(2745,447,18,9,29),(2746,448,18,9,29),(2747,449,18,9,29),(2748,450,18,9,29),(2749,451,18,9,29),(2750,452,18,9,29),(2751,453,18,9,29),(2752,454,18,9,29),(2753,455,18,9,29),(2754,456,18,9,29),(2755,457,18,9,29),(2756,458,18,9,29),(2757,459,18,9,29),(2758,460,18,9,29),(2759,461,18,9,29),(2760,462,18,9,29),(2761,463,18,9,29),(2762,464,18,9,29),(2763,465,18,9,29),(2764,466,18,9,29),(2765,467,18,9,29),(2766,468,18,9,29),(2767,469,18,9,29),(2768,470,18,9,29),(2769,471,18,9,29),(2770,472,18,9,29),(2771,473,18,9,29),(2772,474,18,9,29),(2773,475,18,9,29),(2774,476,18,9,29),(2775,477,18,9,29),(2776,478,18,9,29),(2777,479,18,9,29),(2778,480,18,9,29),(2779,481,18,9,29),(2780,482,18,9,29),(2781,483,18,9,29),(2782,484,18,9,29),(2783,485,18,9,29),(2784,486,18,9,29),(2785,487,18,9,29),(2786,488,18,9,29),(2787,489,18,9,29),(2788,490,18,9,29),(2789,491,18,9,29),(2790,492,18,9,29),(2791,493,18,9,29),(2792,494,18,9,29),(2793,495,18,9,29),(2794,496,18,9,29),(2795,497,18,9,29),(2796,498,18,9,29),(2797,499,18,9,29),(2798,500,18,9,29),(2799,501,18,9,29),(2800,502,18,9,29),(2801,503,18,9,29),(2802,504,18,9,29),(2803,505,18,9,29),(2804,506,18,9,29),(2805,507,18,9,29),(2806,508,18,9,29),(2807,509,18,9,29),(2808,510,18,9,29),(2809,511,18,9,29),(2810,512,18,9,29),(2811,513,18,9,29),(2812,514,18,9,29),(2813,515,18,9,29),(2814,516,18,9,29),(2815,517,18,9,29),(2816,518,18,9,29),(2817,519,18,9,29),(2818,520,18,9,29),(2819,521,18,9,29),(2820,522,18,9,29),(2821,523,18,9,29),(2822,524,18,9,29),(2823,525,18,9,29),(2824,526,18,9,29),(2825,527,18,9,29),(2826,528,18,9,29),(2827,529,18,9,29),(2828,530,18,9,29),(2829,531,18,9,29),(2830,532,18,9,29),(2831,533,18,9,29),(2832,534,18,9,29),(2833,535,18,9,29),(2834,536,18,9,29),(2835,537,18,9,29),(2836,538,18,9,29),(2837,539,18,9,29),(2838,540,18,9,29),(2839,541,18,9,29),(2840,542,18,9,29),(2841,543,18,9,29),(2842,544,18,9,29),(2843,545,18,9,29),(2844,546,18,9,29),(2845,547,18,9,29),(2846,548,18,9,29),(2847,549,18,9,29),(2848,550,18,9,29),(2849,551,18,9,29),(2850,552,18,9,29),(2851,553,18,9,29),(2852,554,18,9,29),(2853,555,18,9,29),(2854,556,18,9,29),(2855,557,18,9,29),(2856,558,18,9,29),(2857,559,18,9,29),(2858,560,18,9,29),(2859,561,18,9,29),(2860,562,18,9,29),(2861,563,18,9,29),(2862,564,18,9,29),(2863,565,18,9,29),(2864,566,18,9,29),(2865,567,18,9,29),(2866,409,19,3,23),(2867,410,19,3,23),(2868,411,19,3,23),(2869,412,19,3,23),(2870,413,19,3,23),(2871,414,19,3,23),(2872,415,19,3,23),(2873,416,19,3,23),(2874,417,19,3,23),(2875,418,19,3,23),(2876,419,19,3,23),(2877,420,19,3,23),(2878,421,19,3,23),(2879,422,19,3,23),(2880,423,19,3,23),(2881,424,19,3,23),(2882,425,19,3,23),(2883,426,19,3,23),(2884,427,19,3,23),(2885,428,19,3,23),(2886,429,19,3,23),(2887,430,19,3,23),(2888,431,19,3,23),(2889,432,19,3,23),(2890,433,19,3,23),(2891,434,19,3,23),(2892,435,19,3,23),(2893,436,19,3,23),(2894,437,19,3,23),(2895,438,19,3,23),(2896,439,19,3,23),(2897,440,19,3,23),(2898,441,19,3,23),(2899,442,19,3,23),(2900,443,19,3,23),(2901,444,19,3,23),(2902,445,19,3,23),(2903,446,19,3,23),(2904,447,19,3,23),(2905,448,19,3,23),(2906,449,19,3,23),(2907,450,19,3,23),(2908,451,19,3,23),(2909,452,19,3,23),(2910,453,19,3,23),(2911,454,19,3,23),(2912,455,19,3,23),(2913,456,19,3,23),(2914,457,19,3,23),(2915,458,19,3,23),(2916,459,19,3,23),(2917,460,19,3,23),(2918,461,19,3,23),(2919,462,19,3,23),(2920,463,19,3,23),(2921,464,19,3,23),(2922,465,19,3,23),(2923,466,19,3,23),(2924,467,19,3,23),(2925,468,19,3,23),(2926,469,19,3,23),(2927,470,19,3,23),(2928,471,19,3,23),(2929,472,19,3,23),(2930,473,19,3,23),(2931,474,19,3,23),(2932,475,19,3,23),(2933,476,19,3,23),(2934,477,19,3,23),(2935,478,19,3,23),(2936,479,19,3,23),(2937,480,19,3,23),(2938,481,19,3,23),(2939,482,19,3,23),(2940,483,19,3,23),(2941,484,19,3,23),(2942,485,19,3,23),(2943,486,19,3,23),(2944,487,19,3,23),(2945,488,19,3,23),(2946,489,19,3,23),(2947,490,19,3,23),(2948,491,19,3,23),(2949,492,19,3,23),(2950,493,19,3,23),(2951,494,19,3,23),(2952,495,19,3,23),(2953,496,19,3,23),(2954,497,19,3,23),(2955,498,19,3,23),(2956,499,19,3,23),(2957,500,19,3,23),(2958,501,19,3,23),(2959,502,19,3,23),(2960,503,19,3,23),(2961,504,19,3,23),(2962,505,19,3,23),(2963,506,19,3,23),(2964,507,19,3,23),(2965,508,19,3,23),(2966,509,19,3,23),(2967,510,19,3,23),(2968,511,19,3,23),(2969,512,19,3,23),(2970,513,19,3,23),(2971,514,19,3,23),(2972,515,19,3,23),(2973,516,19,3,23),(2974,517,19,3,23),(2975,518,19,3,23),(2976,519,19,3,23),(2977,520,19,3,23),(2978,521,19,3,23),(2979,522,19,3,23),(2980,523,19,3,23),(2981,524,19,3,23),(2982,525,19,3,23),(2983,526,19,3,23),(2984,527,19,3,23),(2985,528,19,3,23),(2986,529,19,3,23),(2987,530,19,3,23),(2988,531,19,3,23),(2989,532,19,3,23),(2990,533,19,3,23),(2991,534,19,3,23),(2992,535,19,3,23),(2993,536,19,3,23),(2994,537,19,3,23),(2995,538,19,3,23),(2996,539,19,3,23),(2997,540,19,3,23),(2998,541,19,3,23),(2999,542,19,3,23),(3000,543,19,3,23),(3001,544,19,3,23),(3002,545,19,3,23),(3003,546,19,3,23),(3004,547,19,3,23),(3005,548,19,3,23),(3006,549,19,3,23),(3007,550,19,3,23),(3008,551,19,3,23),(3009,552,19,3,23),(3010,553,19,3,23),(3011,554,19,3,23),(3012,555,19,3,23),(3013,556,19,3,23),(3014,557,19,3,23),(3015,558,19,3,23),(3016,559,19,3,23),(3017,560,19,3,23),(3018,561,19,3,23),(3019,562,19,3,23),(3020,563,19,3,23),(3021,564,19,3,23),(3022,565,19,3,23),(3023,566,19,3,23),(3024,567,19,3,23),(3025,409,20,15,35),(3026,410,20,15,35),(3027,411,20,15,35),(3028,412,20,15,35),(3029,413,20,15,35),(3030,414,20,15,35),(3031,415,20,15,35),(3032,416,20,15,35),(3033,417,20,15,35),(3034,418,20,15,35),(3035,419,20,15,35),(3036,420,20,15,35),(3037,421,20,15,35),(3038,422,20,15,35),(3039,423,20,15,35),(3040,424,20,15,35),(3041,425,20,15,35),(3042,426,20,15,35),(3043,427,20,15,35),(3044,428,20,15,35),(3045,429,20,15,35),(3046,430,20,15,35),(3047,431,20,15,35),(3048,432,20,15,35),(3049,433,20,15,35),(3050,434,20,15,35),(3051,435,20,15,35),(3052,436,20,15,35),(3053,437,20,15,35),(3054,438,20,15,35),(3055,439,20,15,35),(3056,440,20,15,35),(3057,441,20,15,35),(3058,442,20,15,35),(3059,443,20,15,35),(3060,444,20,15,35),(3061,445,20,15,35),(3062,446,20,15,35),(3063,447,20,15,35),(3064,448,20,15,35),(3065,449,20,15,35),(3066,450,20,15,35),(3067,451,20,15,35),(3068,452,20,15,35),(3069,453,20,15,35),(3070,454,20,15,35),(3071,455,20,15,35),(3072,456,20,15,35),(3073,457,20,15,35),(3074,458,20,15,35),(3075,459,20,15,35),(3076,460,20,15,35),(3077,461,20,15,35),(3078,462,20,15,35),(3079,463,20,15,35),(3080,464,20,15,35),(3081,465,20,15,35),(3082,466,20,15,35),(3083,467,20,15,35),(3084,468,20,15,35),(3085,469,20,15,35),(3086,470,20,15,35),(3087,471,20,15,35),(3088,472,20,15,35),(3089,473,20,15,35),(3090,474,20,15,35),(3091,475,20,15,35),(3092,476,20,15,35),(3093,477,20,15,35),(3094,478,20,15,35),(3095,479,20,15,35),(3096,480,20,15,35),(3097,481,20,15,35),(3098,482,20,15,35),(3099,483,20,15,35),(3100,484,20,15,35),(3101,485,20,15,35),(3102,486,20,15,35),(3103,487,20,15,35),(3104,488,20,15,35),(3105,489,20,15,35),(3106,490,20,15,35),(3107,491,20,15,35),(3108,492,20,15,35),(3109,493,20,15,35),(3110,494,20,15,35),(3111,495,20,15,35),(3112,496,20,15,35),(3113,497,20,15,35),(3114,498,20,15,35),(3115,499,20,15,35),(3116,500,20,15,35),(3117,501,20,15,35),(3118,502,20,15,35),(3119,503,20,15,35),(3120,504,20,15,35),(3121,505,20,15,35),(3122,506,20,15,35),(3123,507,20,15,35),(3124,508,20,15,35),(3125,509,20,15,35),(3126,510,20,15,35),(3127,511,20,15,35),(3128,512,20,15,35),(3129,513,20,15,35),(3130,514,20,15,35),(3131,515,20,15,35),(3132,516,20,15,35),(3133,517,20,15,35),(3134,518,20,15,35),(3135,519,20,15,35),(3136,520,20,15,35),(3137,521,20,15,35),(3138,522,20,15,35),(3139,523,20,15,35),(3140,524,20,15,35),(3141,525,20,15,35),(3142,526,20,15,35),(3143,527,20,15,35),(3144,528,20,15,35),(3145,529,20,15,35),(3146,530,20,15,35),(3147,531,20,15,35),(3148,532,20,15,35),(3149,533,20,15,35),(3150,534,20,15,35),(3151,535,20,15,35),(3152,536,20,15,35),(3153,537,20,15,35),(3154,538,20,15,35),(3155,539,20,15,35),(3156,540,20,15,35),(3157,541,20,15,35),(3158,542,20,15,35),(3159,543,20,15,35),(3160,544,20,15,35),(3161,545,20,15,35),(3162,546,20,15,35),(3163,547,20,15,35),(3164,548,20,15,35),(3165,549,20,15,35),(3166,550,20,15,35),(3167,551,20,15,35),(3168,552,20,15,35),(3169,553,20,15,35),(3170,554,20,15,35),(3171,555,20,15,35),(3172,556,20,15,35),(3173,557,20,15,35),(3174,558,20,15,35),(3175,559,20,15,35),(3176,560,20,15,35),(3177,561,20,15,35),(3178,562,20,15,35),(3179,563,20,15,35),(3180,564,20,15,35),(3181,565,20,15,35),(3182,566,20,15,35),(3183,567,20,15,35);

--
-- Table structure for table `jobs`
--

CREATE TABLE `jobs` (
  `id` bigint unsigned NOT NULL AUTO_INCREMENT,
  `queue` varchar(101) CHARACTER SET utf8mb4 COLLATE utf8mb4_unicode_ci NOT NULL,
  `payload` longtext CHARACTER SET utf8mb4 COLLATE utf8mb4_unicode_ci NOT NULL,
  `attempts` tinyint unsigned NOT NULL,
  `reserved_at` int unsigned DEFAULT NULL,
  `available_at` int unsigned NOT NULL,
  `created_at` int unsigned NOT NULL,
  PRIMARY KEY (`id`),
  KEY `jobs_queue_index` (`queue`)
) ENGINE=InnoDB DEFAULT CHARSET=utf8mb4 COLLATE=utf8mb4_unicode_ci;

--
-- Dumping data for table `jobs`
--


--
-- Table structure for table `migrations`
--

CREATE TABLE `migrations` (
  `id` int unsigned NOT NULL AUTO_INCREMENT,
  `migration` varchar(101) CHARACTER SET utf8mb4 COLLATE utf8mb4_unicode_ci NOT NULL,
  `batch` int NOT NULL,
  PRIMARY KEY (`id`)
) ENGINE=InnoDB AUTO_INCREMENT=57 DEFAULT CHARSET=utf8mb4 COLLATE=utf8mb4_unicode_ci;

--
-- Dumping data for table `migrations`
--

INSERT INTO `migrations` VALUES (1,'2014_10_12_000000_create_users_table',1),(2,'2014_10_12_100000_create_password_reset_tokens_table',1),(3,'2019_08_19_000000_create_failed_jobs_table',1),(4,'2019_12_14_000001_create_personal_access_tokens_table',1),(5,'2024_04_08_075909_create_goals_table',1),(6,'2024_04_08_082207_create_departments_table',1),(7,'2024_04_08_082659_create_states_table',1),(8,'2024_04_08_082814_create_targets_table',1),(9,'2024_04_08_084014_create_districts_table',1),(10,'2024_04_08_084133_create_reporting_years_table',1),(11,'2024_04_08_084134_create_district_sdg_indexes_table',1),(12,'2024_04_08_084703_create_schemes_table',1),(13,'2024_04_08_084929_create_sdg_indexes_table',1),(14,'2024_04_08_093920_create_indicators_table',1),(15,'2024_04_08_094427_create_indicators_to_districts_table',1),(16,'2024_04_08_095002_create_indicator_data_entries_table',1),(17,'2024_04_08_095324_create_tags_table',1),(18,'2024_04_08_095920_set_database_options',1),(19,'2024_04_13_075733_create_permission_tables',1),(20,'2024_04_17_081149_user_to_district_or_department_mapping_table',1),(21,'2024_04_18_115857_alter__indicators_table',1),(22,'2024_04_18_131407_alter_districts_table',1),(23,'2024_04_19_084900_create_sdg_score_categorization_table',1),(24,'2024_04_23_134134_alter_district_table',1),(25,'2024_04_25_112346_create_sdg_score_categorizations_table',1),(26,'2024_04_26_091935_create_calculate_district_goal_score',1),(27,'2024_04_26_092332_calculate_district_score',1),(28,'2024_04_26_093504_calculate_normalized_value_negative_indicator',1),(29,'2024_04_26_093611_calculate_normalized_value_positive_indicator',1),(30,'2024_05_02_112838_create_indicator_value_types_table',1),(31,'2024_05_09_053004_alter_indicators_table',1),(32,'2024_05_09_134739_create_indicator_update_history_table',1),(33,'2024_05_14_103808_add_rank_to_districts_table',1),(34,'2024_05_14_104001_create_district_indexes_table',1),(35,'2024_05_14_104002_add_rank_to_district_indexes_table',1),(36,'2024_05_14_104308_add_district_and_department_to_users_table',1),(37,'2024_05_14_104503_modify_indicator_values_in_indicator_data_entries_table',1),(38,'2024_05_15_071706_create_district_rank_sp',1),(39,'2024_06_03_135853_add_value_tpe_to_indicator_data_entries_table',1),(40,'2024_06_27_134428_create_jobs_table',1),(41,'2024_09_11_112048_add_is_default_to_departments_table',1),(42,'2024_09_11_112730_modify_scheme_id_in_tags_table',1),(43,'2024_09_14_141054_alter_state_id_in_districts_table',2),(44,'2024_09_21_171137_add_unique_key_to_district_indexes_table',3),(45,'2024_09_21_171440_add_unique_key_to_district_sdg_indexes_table',3),(46,'2024_10_11_113304_add_indicator_value_comment_to_indicator_data_entries_table',3),(47,'2025_01_14_094957_add_is_ut_column_to_states_table',4),(48,'2025_01_14_095333_add_reporting_year_base_column_to_reporting_years_table',4),(49,'2025_01_14_095447_create_goal_comparision_with_india_table',4),(50,'2025_01_14_112906_insert_states_data',5),(51,'2025_01_14_113951_update_reporting_year_base_column',5),(52,'2024_05_15_000000_add_email_to_users_table',6),(53,'2025_03_21_084918_add_last_logged_in_to_users_table',7),(54,'2025_03_24_102727_add_session_id_to_users_table',7),(55,'2025_05_05_120442_add_multi_level_approvals_to_indicator_data_entries',7),(56,'2025_05_07_102121_update_status_column_in_indicator_data_entries',7);

--
-- Table structure for table `model_has_permissions`
--

CREATE TABLE `model_has_permissions` (
  `permission_id` bigint unsigned NOT NULL,
  `model_type` varchar(101) CHARACTER SET utf8mb4 COLLATE utf8mb4_unicode_ci NOT NULL,
  `model_id` bigint unsigned NOT NULL,
  PRIMARY KEY (`permission_id`,`model_id`,`model_type`),
  KEY `model_has_permissions_model_id_model_type_index` (`model_id`,`model_type`),
  CONSTRAINT `model_has_permissions_permission_id_foreign` FOREIGN KEY (`permission_id`) REFERENCES `permissions` (`id`) ON DELETE CASCADE
) ENGINE=InnoDB DEFAULT CHARSET=utf8mb4 COLLATE=utf8mb4_unicode_ci;

--
-- Dumping data for table `model_has_permissions`
--


--
-- Table structure for table `model_has_roles`
--

CREATE TABLE `model_has_roles` (
  `role_id` bigint unsigned NOT NULL,
  `model_type` varchar(101) CHARACTER SET utf8mb4 COLLATE utf8mb4_unicode_ci NOT NULL,
  `model_id` bigint unsigned NOT NULL,
  PRIMARY KEY (`role_id`,`model_id`,`model_type`),
  KEY `model_has_roles_model_id_model_type_index` (`model_id`,`model_type`),
  CONSTRAINT `model_has_roles_role_id_foreign` FOREIGN KEY (`role_id`) REFERENCES `roles` (`id`) ON DELETE CASCADE
) ENGINE=InnoDB DEFAULT CHARSET=utf8mb4 COLLATE=utf8mb4_unicode_ci;

--
-- Dumping data for table `model_has_roles`
--

INSERT INTO `model_has_roles` VALUES (1,'App\\Models\\User',1),(2,'App\\Models\\User',2),(3,'App\\Models\\User',3),(3,'App\\Models\\User',4),(3,'App\\Models\\User',5),(3,'App\\Models\\User',6),(3,'App\\Models\\User',7),(3,'App\\Models\\User',8),(3,'App\\Models\\User',9),(3,'App\\Models\\User',10),(3,'App\\Models\\User',11),(3,'App\\Models\\User',12),(3,'App\\Models\\User',13),(3,'App\\Models\\User',14),(3,'App\\Models\\User',15),(3,'App\\Models\\User',16),(3,'App\\Models\\User',17),(3,'App\\Models\\User',18),(3,'App\\Models\\User',19),(3,'App\\Models\\User',20),(3,'App\\Models\\User',21),(3,'App\\Models\\User',22),(5,'App\\Models\\User',23),(5,'App\\Models\\User',24),(5,'App\\Models\\User',25),(5,'App\\Models\\User',26),(5,'App\\Models\\User',27),(5,'App\\Models\\User',28),(5,'App\\Models\\User',29),(5,'App\\Models\\User',30),(5,'App\\Models\\User',31),(5,'App\\Models\\User',32),(5,'App\\Models\\User',33),(5,'App\\Models\\User',34),(5,'App\\Models\\User',35),(5,'App\\Models\\User',36),(5,'App\\Models\\User',37),(5,'App\\Models\\User',38),(5,'App\\Models\\User',39),(5,'App\\Models\\User',40),(5,'App\\Models\\User',41),(5,'App\\Models\\User',42),(4,'App\\Models\\User',43),(4,'App\\Models\\User',44),(4,'App\\Models\\User',45),(4,'App\\Models\\User',46),(4,'App\\Models\\User',47),(4,'App\\Models\\User',48),(4,'App\\Models\\User',49),(4,'App\\Models\\User',50),(4,'App\\Models\\User',51),(4,'App\\Models\\User',52),(4,'App\\Models\\User',53),(4,'App\\Models\\User',54),(4,'App\\Models\\User',55),(4,'App\\Models\\User',56),(4,'App\\Models\\User',57),(4,'App\\Models\\User',58),(4,'App\\Models\\User',59),(4,'App\\Models\\User',60),(4,'App\\Models\\User',61),(4,'App\\Models\\User',62),(4,'App\\Models\\User',63),(4,'App\\Models\\User',64),(4,'App\\Models\\User',65),(4,'App\\Models\\User',66),(4,'App\\Models\\User',67),(4,'App\\Models\\User',68),(4,'App\\Models\\User',69),(4,'App\\Models\\User',70),(4,'App\\Models\\User',71),(6,'App\\Models\\User',72),(6,'App\\Models\\User',73),(6,'App\\Models\\User',74),(6,'App\\Models\\User',75),(6,'App\\Models\\User',76),(6,'App\\Models\\User',77),(6,'App\\Models\\User',78),(6,'App\\Models\\User',79),(6,'App\\Models\\User',80),(6,'App\\Models\\User',81),(6,'App\\Models\\User',82),(6,'App\\Models\\User',83),(6,'App\\Models\\User',84),(6,'App\\Models\\User',85),(6,'App\\Models\\User',86),(6,'App\\Models\\User',87),(6,'App\\Models\\User',88),(6,'App\\Models\\User',89),(6,'App\\Models\\User',90),(6,'App\\Models\\User',91),(4,'App\\Models\\User',105),(6,'App\\Models\\User',106),(4,'App\\Models\\User',107),(6,'App\\Models\\User',108),(4,'App\\Models\\User',109),(6,'App\\Models\\User',110),(4,'App\\Models\\User',111),(6,'App\\Models\\User',112),(4,'App\\Models\\User',113),(6,'App\\Models\\User',114),(4,'App\\Models\\User',115),(6,'App\\Models\\User',116),(4,'App\\Models\\User',117),(6,'App\\Models\\User',118),(4,'App\\Models\\User',119),(6,'App\\Models\\User',120),(4,'App\\Models\\User',121),(6,'App\\Models\\User',122),(4,'App\\Models\\User',123),(6,'App\\Models\\User',124),(7,'App\\Models\\User',135),(7,'App\\Models\\User',136),(7,'App\\Models\\User',137),(7,'App\\Models\\User',138),(7,'App\\Models\\User',139),(7,'App\\Models\\User',140),(7,'App\\Models\\User',141),(7,'App\\Models\\User',142),(7,'App\\Models\\User',143),(7,'App\\Models\\User',144),(7,'App\\Models\\User',145),(7,'App\\Models\\User',146),(7,'App\\Models\\User',147),(7,'App\\Models\\User',148),(7,'App\\Models\\User',149),(7,'App\\Models\\User',150),(7,'App\\Models\\User',151),(7,'App\\Models\\User',152),(7,'App\\Models\\User',153),(7,'App\\Models\\User',154),(8,'App\\Models\\User',155),(8,'App\\Models\\User',156),(8,'App\\Models\\User',157),(8,'App\\Models\\User',158),(8,'App\\Models\\User',159),(8,'App\\Models\\User',160),(8,'App\\Models\\User',161),(8,'App\\Models\\User',162),(8,'App\\Models\\User',163),(8,'App\\Models\\User',164),(8,'App\\Models\\User',165),(8,'App\\Models\\User',166),(8,'App\\Models\\User',167),(8,'App\\Models\\User',168),(8,'App\\Models\\User',169),(8,'App\\Models\\User',170),(8,'App\\Models\\User',171),(8,'App\\Models\\User',172),(8,'App\\Models\\User',173),(8,'App\\Models\\User',174),(8,'App\\Models\\User',175),(8,'App\\Models\\User',176),(8,'App\\Models\\User',177),(8,'App\\Models\\User',178),(8,'App\\Models\\User',179),(8,'App\\Models\\User',180),(8,'App\\Models\\User',181),(8,'App\\Models\\User',182),(8,'App\\Models\\User',183);

--
-- Table structure for table `password_reset_tokens`
--

CREATE TABLE `password_reset_tokens` (
  `email` varchar(101) CHARACTER SET utf8mb4 COLLATE utf8mb4_unicode_ci NOT NULL,
  `token` varchar(101) CHARACTER SET utf8mb4 COLLATE utf8mb4_unicode_ci NOT NULL,
  `created_at` timestamp NULL DEFAULT NULL,
  PRIMARY KEY (`email`)
) ENGINE=InnoDB DEFAULT CHARSET=utf8mb4 COLLATE=utf8mb4_unicode_ci;

--
-- Dumping data for table `password_reset_tokens`
--


--
-- Table structure for table `permissions`
--

CREATE TABLE `permissions` (
  `id` bigint unsigned NOT NULL AUTO_INCREMENT,
  `name` varchar(101) CHARACTER SET utf8mb4 COLLATE utf8mb4_unicode_ci NOT NULL,
  `guard_name` varchar(101) CHARACTER SET utf8mb4 COLLATE utf8mb4_unicode_ci NOT NULL,
  `module_name` varchar(101) CHARACTER SET utf8mb4 COLLATE utf8mb4_unicode_ci NOT NULL,
  `created_at` timestamp NULL DEFAULT NULL,
  `updated_at` timestamp NULL DEFAULT NULL,
  PRIMARY KEY (`id`),
  UNIQUE KEY `permissions_name_guard_name_unique` (`name`,`guard_name`)
) ENGINE=InnoDB AUTO_INCREMENT=56 DEFAULT CHARSET=utf8mb4 COLLATE=utf8mb4_unicode_ci;

--
-- Dumping data for table `permissions`
--

INSERT INTO `permissions` VALUES (1,'View Role','web','Role','2024-04-18 10:41:37','2024-04-18 10:41:37'),(2,'Create Role','web','Role','2024-04-18 10:41:37','2024-04-18 10:41:37'),(3,'Update Role','web','Role','2024-04-18 10:41:37','2024-04-18 10:41:37'),(4,'Delete Role','web','Role','2024-04-18 10:41:37','2024-04-18 10:41:37'),(5,'View Permission','web','Permission','2024-04-18 10:41:37','2024-04-18 10:41:37'),(6,'Create Permission','web','Permission','2024-04-18 10:41:37','2024-04-18 10:41:37'),(7,'Update Permission','web','Permission','2024-04-18 10:41:37','2024-04-18 10:41:37'),(8,'Delete Permission','web','Permission','2024-04-18 10:41:37','2024-04-18 10:41:37'),(9,'View User','web','User','2024-04-18 10:41:37','2024-04-18 10:41:37'),(10,'Create User','web','User','2024-04-18 10:41:37','2024-04-18 10:41:37'),(11,'Update User','web','User','2024-04-18 10:41:37','2024-04-18 10:41:37'),(12,'Delete User','web','User','2024-04-18 10:41:37','2024-04-18 10:41:37'),(17,'View District','web','District','2024-04-29 11:29:31','2024-04-29 11:29:31'),(18,'Create District','web','District','2024-04-29 11:30:27','2024-04-29 11:30:27'),(19,'Update District','web','District','2024-04-29 11:30:53','2024-04-29 16:51:37'),(20,'Delete District','web','District','2024-04-29 11:31:15','2024-04-29 11:31:15'),(21,'Export District','web','District','2024-04-29 18:17:42','2024-04-29 18:19:54'),(22,'View Target','web','Target','2024-04-30 06:19:43','2024-04-30 06:19:43'),(23,'Create Target','web','Target','2024-04-30 06:20:05','2024-04-30 06:20:05'),(24,'Update Target','web','Target','2024-04-30 06:20:19','2024-04-30 06:20:19'),(25,'Delete Target','web','Target','2024-04-30 06:20:35','2024-04-30 06:20:35'),(26,'Export Target','web','Target','2024-04-30 06:20:51','2024-04-30 06:20:51'),(27,'View Department','web','Department','2024-04-30 11:17:05','2024-04-30 11:17:05'),(28,'Create Department','web','Department','2024-04-30 11:17:15','2024-04-30 11:17:15'),(29,'Update Department','web','Department','2024-04-30 11:17:26','2024-04-30 11:17:26'),(30,'Delete Department','web','Department','2024-04-30 11:17:39','2024-04-30 11:17:39'),(31,'Export Department','web','Department','2024-04-30 11:17:50','2024-04-30 11:17:50'),(32,'View Indicator','web','Indicator','2024-05-02 09:57:26','2024-05-02 09:57:26'),(33,'Create Indicator','web','Indicator','2024-05-02 09:57:52','2024-05-02 09:57:52'),(34,'Update Indicator','web','Indicator','2024-05-02 09:58:18','2024-05-02 09:58:18'),(35,'Delete Indicator','web','Indicator','2024-05-02 09:58:33','2024-05-09 06:10:15'),(36,'Export Indicator','web','Indicator','2024-05-02 09:58:54','2024-05-02 09:58:54'),(37,'Approve Indicator','web','Indicator','2024-05-06 14:05:48','2024-05-06 14:05:48'),(38,'View Indicator Data Entry','web','Indicator Data Entry','2024-05-09 09:58:00','2024-05-09 09:58:00'),(39,'Update Indicator Data Entry','web','Indicator Data Entry','2024-05-09 09:58:24','2024-05-09 09:58:24'),(40,'Approve Indicator Data Entry','web','Indicator Data Entry','2024-05-09 09:59:14','2024-05-09 09:59:14'),(41,'Disapprove Indicator Data Entry','web','Indicator Data Entry','2024-05-09 09:59:36','2024-05-09 09:59:47'),(42,'View Dashboard','web','Dashboard','2024-05-09 10:47:24','2024-05-09 10:47:24'),(43,'View Import Data','web','Import Data','2024-05-09 10:47:47','2024-05-09 10:47:47'),(44,'View Export Data','web','Export Data','2024-05-09 10:48:06','2024-05-09 10:48:06'),(45,'View DIF Indicator Listing','web','Indicator','2024-05-23 13:47:13','2024-05-23 13:47:13'),(46,'View UTIF Indicator Listing','web','Indicator','2024-05-23 13:47:29','2024-05-23 13:47:29'),(47,'View Admin Indicator Dashboard','web','Indicator','2024-05-23 13:48:33','2024-05-23 13:48:33'),(48,'Export Indicator Data Entry','web','Indicator Data Entry','2024-06-10 11:54:34','2024-06-10 11:54:34'),(52,'Show Normalized Value','web','Dashboard','2024-08-11 20:15:58','2024-08-11 20:15:58'),(53,'View Dashboard-Input','web','Dashboard-Input','2025-01-14 11:14:41','2025-01-14 11:14:41'),(54,'Edit Dashboard-Input','web','Dashboard-Input','2025-01-14 11:15:24','2025-01-14 11:15:24'),(55,'Show Input Value','web','Dashboard','2025-05-24 09:23:48','2025-05-24 09:23:48');

--
-- Table structure for table `personal_access_tokens`
--

CREATE TABLE `personal_access_tokens` (
  `id` bigint unsigned NOT NULL AUTO_INCREMENT,
  `tokenable_type` varchar(101) CHARACTER SET utf8mb4 COLLATE utf8mb4_unicode_ci NOT NULL,
  `tokenable_id` bigint unsigned NOT NULL,
  `name` varchar(101) CHARACTER SET utf8mb4 COLLATE utf8mb4_unicode_ci NOT NULL,
  `token` varchar(64) CHARACTER SET utf8mb4 COLLATE utf8mb4_unicode_ci NOT NULL,
  `abilities` text CHARACTER SET utf8mb4 COLLATE utf8mb4_unicode_ci,
  `last_used_at` timestamp NULL DEFAULT NULL,
  `expires_at` timestamp NULL DEFAULT NULL,
  `created_at` timestamp NULL DEFAULT NULL,
  `updated_at` timestamp NULL DEFAULT NULL,
  PRIMARY KEY (`id`),
  UNIQUE KEY `personal_access_tokens_token_unique` (`token`),
  KEY `personal_access_tokens_tokenable_type_tokenable_id_index` (`tokenable_type`,`tokenable_id`)
) ENGINE=InnoDB DEFAULT CHARSET=utf8mb4 COLLATE=utf8mb4_unicode_ci;

--
-- Dumping data for table `personal_access_tokens`
--


--
-- Table structure for table `reporting_years`
--

CREATE TABLE `reporting_years` (
  `id` bigint unsigned NOT NULL AUTO_INCREMENT,
  `reporting_year` varchar(10) CHARACTER SET utf8mb4 COLLATE utf8mb4_unicode_ci NOT NULL,
  `reporting_year_base` varchar(10) CHARACTER SET utf8mb4 COLLATE utf8mb4_unicode_ci NOT NULL,
  `is_default` enum('No','Yes') CHARACTER SET utf8mb4 COLLATE utf8mb4_unicode_ci NOT NULL DEFAULT 'No',
  `status` enum('Inactive','Active') CHARACTER SET utf8mb4 COLLATE utf8mb4_unicode_ci NOT NULL DEFAULT 'Active',
  `date_added` datetime NOT NULL DEFAULT '2024-09-12 06:28:31',
  `date_updated` datetime DEFAULT NULL,
  PRIMARY KEY (`id`)
) ENGINE=InnoDB AUTO_INCREMENT=13 DEFAULT CHARSET=utf8mb4 COLLATE=utf8mb4_unicode_ci;

--
-- Dumping data for table `reporting_years`
--

INSERT INTO `reporting_years` VALUES (1,'2018-2019','2018','No','Active','2024-04-26 05:37:21','2024-04-26 05:37:21'),(2,'2019-2020','2019','No','Active','2024-04-26 05:37:21','2024-04-26 05:37:21'),(3,'2020-2021','2020','No','Active','2024-04-26 05:37:21','2024-04-26 05:37:21'),(4,'2021-2022','2021','No','Active','2024-04-26 05:37:21','2024-04-26 05:37:21'),(5,'2022-2023','2022','Yes','Active','2024-04-26 05:37:21','2024-04-26 05:37:21'),(6,'2023-2024','2023','No','Active','2024-04-26 05:37:21','2024-04-26 05:37:21'),(7,'2024-2025','2024','No','Active','2024-04-26 05:37:21','2024-04-26 05:37:21'),(8,'2025-2026','2025','No','Active','2024-04-26 05:37:21','2024-04-26 05:37:21'),(9,'2026-2027','2026','No','Active','2024-04-26 05:37:21','2024-04-26 05:37:21'),(10,'2027-2028','2027','No','Active','2024-04-26 05:37:21','2024-04-26 05:37:21'),(11,'2028-2029','2028','No','Active','2024-04-26 05:37:21','2024-04-26 05:37:21'),(12,'2029-2030','2029','No','Active','2024-04-26 05:37:21','2024-04-26 05:37:21');

--
-- Table structure for table `role_has_permissions`
--

CREATE TABLE `role_has_permissions` (
  `permission_id` bigint unsigned NOT NULL,
  `role_id` bigint unsigned NOT NULL,
  PRIMARY KEY (`permission_id`,`role_id`),
  KEY `role_has_permissions_role_id_foreign` (`role_id`),
  CONSTRAINT `role_has_permissions_permission_id_foreign` FOREIGN KEY (`permission_id`) REFERENCES `permissions` (`id`) ON DELETE CASCADE,
  CONSTRAINT `role_has_permissions_role_id_foreign` FOREIGN KEY (`role_id`) REFERENCES `roles` (`id`) ON DELETE CASCADE
) ENGINE=InnoDB DEFAULT CHARSET=utf8mb4 COLLATE=utf8mb4_unicode_ci;

--
-- Dumping data for table `role_has_permissions`
--

INSERT INTO `role_has_permissions` VALUES (1,1),(2,1),(3,1),(4,1),(5,1),(6,1),(7,1),(8,1),(9,1),(10,1),(11,1),(12,1),(17,1),(18,1),(19,1),(20,1),(21,1),(22,1),(23,1),(24,1),(25,1),(26,1),(27,1),(28,1),(29,1),(30,1),(31,1),(32,1),(33,1),(34,1),(35,1),(36,1),(37,1),(38,1),(39,1),(40,1),(41,1),(42,1),(44,1),(45,1),(46,1),(47,1),(48,1),(53,1),(54,1),(1,2),(2,2),(3,2),(4,2),(5,2),(6,2),(7,2),(8,2),(9,2),(10,2),(11,2),(12,2),(17,2),(18,2),(19,2),(20,2),(21,2),(22,2),(23,2),(24,2),(25,2),(26,2),(27,2),(28,2),(29,2),(30,2),(31,2),(32,2),(33,2),(34,2),(35,2),(36,2),(37,2),(38,2),(39,2),(40,2),(41,2),(42,2),(43,2),(44,2),(45,2),(46,2),(47,2),(48,2),(53,2),(54,2),(38,3),(39,3),(42,3),(43,3),(44,3),(45,3),(47,3),(38,4),(39,4),(42,4),(43,4),(44,4),(46,4),(47,4),(38,5),(39,5),(40,5),(41,5),(42,5),(43,5),(44,5),(45,5),(47,5),(38,6),(39,6),(40,6),(41,6),(42,6),(43,6),(44,6),(46,6),(47,6),(38,7),(39,7),(40,7),(41,7),(42,7),(43,7),(44,7),(45,7),(47,7),(38,8),(39,8),(40,8),(41,8),(42,8),(43,8),(44,8),(46,8),(47,8);

--
-- Table structure for table `roles`
--

CREATE TABLE `roles` (
  `id` bigint unsigned NOT NULL AUTO_INCREMENT,
  `name` varchar(101) CHARACTER SET utf8mb4 COLLATE utf8mb4_unicode_ci NOT NULL,
  `guard_name` varchar(101) CHARACTER SET utf8mb4 COLLATE utf8mb4_unicode_ci NOT NULL,
  `created_at` timestamp NULL DEFAULT NULL,
  `updated_at` timestamp NULL DEFAULT NULL,
  PRIMARY KEY (`id`),
  UNIQUE KEY `roles_name_guard_name_unique` (`name`,`guard_name`)
) ENGINE=InnoDB AUTO_INCREMENT=9 DEFAULT CHARSET=utf8mb4 COLLATE=utf8mb4_unicode_ci;

--
-- Dumping data for table `roles`
--

INSERT INTO `roles` VALUES (1,'Super Admin','web','2024-04-18 08:31:37','2024-04-18 08:31:37'),(2,'Admin','web','2024-04-18 10:46:05','2024-04-18 10:46:05'),(3,'District-User','web','2024-04-27 14:09:43','2024-04-27 14:09:43'),(4,'Department-User','web','2024-04-27 14:09:56','2024-04-27 14:09:56'),(5,'District-Approver','web','2024-05-14 05:08:26','2024-05-14 05:08:26'),(6,'Department-Approver','web','2024-05-14 05:08:53','2024-05-14 05:08:53'),(7,'District-HOD','web','2025-05-05 10:09:09','2025-05-05 10:09:09'),(8,'Department-HOD','web','2025-05-05 10:09:27','2025-05-05 10:09:27');

--
-- Table structure for table `schemes`
--

CREATE TABLE `schemes` (
  `scheme_id` bigint unsigned NOT NULL AUTO_INCREMENT,
  `scheme_name` varchar(101) CHARACTER SET utf8mb4 COLLATE utf8mb4_unicode_ci NOT NULL,
  `status` enum('Inactive','Active') CHARACTER SET utf8mb4 COLLATE utf8mb4_unicode_ci NOT NULL DEFAULT 'Active',
  `date_added` datetime NOT NULL DEFAULT '2024-09-12 06:28:32',
  `date_updated` datetime DEFAULT NULL,
  PRIMARY KEY (`scheme_id`)
) ENGINE=InnoDB DEFAULT CHARSET=utf8mb4 COLLATE=utf8mb4_unicode_ci;

--
-- Dumping data for table `schemes`
--


--
-- Table structure for table `sdg_indexes`
--

CREATE TABLE `sdg_indexes` (
  `id` bigint unsigned NOT NULL AUTO_INCREMENT,
  `goal_id` bigint unsigned NOT NULL,
  `score` int NOT NULL DEFAULT '0',
  `reporting_year_id` bigint unsigned NOT NULL,
  `reporting_year` varchar(10) CHARACTER SET utf8mb4 COLLATE utf8mb4_unicode_ci NOT NULL,
  `date_added` datetime NOT NULL DEFAULT '2024-09-12 06:28:32',
  `date_updated` datetime DEFAULT NULL,
  PRIMARY KEY (`id`),
  KEY `sdg_indexes_goal_id_foreign` (`goal_id`),
  KEY `sdg_indexes_reporting_year_id_foreign` (`reporting_year_id`),
  CONSTRAINT `sdg_indexes_goal_id_foreign` FOREIGN KEY (`goal_id`) REFERENCES `goals` (`id`),
  CONSTRAINT `sdg_indexes_reporting_year_id_foreign` FOREIGN KEY (`reporting_year_id`) REFERENCES `reporting_years` (`id`)
) ENGINE=InnoDB DEFAULT CHARSET=utf8mb4 COLLATE=utf8mb4_unicode_ci;

--
-- Dumping data for table `sdg_indexes`
--


--
-- Table structure for table `sdg_score_categorization`
--

CREATE TABLE `sdg_score_categorization` (
  `id` bigint unsigned NOT NULL AUTO_INCREMENT,
  `name` varchar(55) CHARACTER SET utf8mb4 COLLATE utf8mb4_unicode_ci NOT NULL,
  `min_value` smallint unsigned NOT NULL,
  `max_value` smallint unsigned NOT NULL,
  `color_code` varchar(50) CHARACTER SET utf8mb4 COLLATE utf8mb4_unicode_ci NOT NULL,
  PRIMARY KEY (`id`)
) ENGINE=InnoDB DEFAULT CHARSET=utf8mb4 COLLATE=utf8mb4_unicode_ci;

--
-- Dumping data for table `sdg_score_categorization`
--


--
-- Table structure for table `sdg_score_categorizations`
--

CREATE TABLE `sdg_score_categorizations` (
  `id` bigint unsigned NOT NULL AUTO_INCREMENT,
  `name` varchar(101) CHARACTER SET utf8mb4 COLLATE utf8mb4_unicode_ci NOT NULL,
  `min_value` int unsigned NOT NULL,
  `max_value` int unsigned NOT NULL,
  `color_code` varchar(101) CHARACTER SET utf8mb4 COLLATE utf8mb4_unicode_ci NOT NULL,
  PRIMARY KEY (`id`)
) ENGINE=InnoDB AUTO_INCREMENT=5 DEFAULT CHARSET=utf8mb4 COLLATE=utf8mb4_unicode_ci;

--
-- Dumping data for table `sdg_score_categorizations`
--

INSERT INTO `sdg_score_categorizations` VALUES (1,'performer',50,64,'#ffc000'),(2,'front_runner',65,99,'#009900'),(3,'achiever',100,100,'#4bacc6'),(4,'aspirant',0,49,'#dc3746');

--
-- Table structure for table `states`
--

CREATE TABLE `states` (
  `state_id` bigint unsigned NOT NULL AUTO_INCREMENT,
  `state_name` varchar(101) CHARACTER SET utf8mb4 COLLATE utf8mb4_unicode_ci NOT NULL,
  `is_ut` enum('Yes','No') CHARACTER SET utf8mb4 COLLATE utf8mb4_unicode_ci NOT NULL DEFAULT 'No',
  `status` enum('Inactive','Active') CHARACTER SET utf8mb4 COLLATE utf8mb4_unicode_ci NOT NULL DEFAULT 'Active',
  `date_added` datetime NOT NULL DEFAULT '2024-09-12 06:28:31',
  `date_updated` datetime DEFAULT NULL,
  PRIMARY KEY (`state_id`)
) ENGINE=InnoDB AUTO_INCREMENT=37 DEFAULT CHARSET=utf8mb4 COLLATE=utf8mb4_unicode_ci;

--
-- Dumping data for table `states`
--

INSERT INTO `states` VALUES (1,'Jammu and Kashmir','Yes','Active','2024-04-15 10:41:19','2024-04-15 10:41:19'),(2,'Arunachal Pradesh','No','Active','2024-06-11 20:04:13','2024-06-11 20:04:13'),(3,'Assam','No','Active','2024-06-11 20:04:13','2024-06-11 20:04:13'),(4,'Bihar','No','Active','2024-06-11 20:04:13','2024-06-11 20:04:13'),(5,'Chhattisgarh','No','Active','2024-06-11 20:04:13','2024-06-11 20:04:13'),(6,'Goa','No','Active','2024-06-11 20:04:13','2024-06-11 20:04:13'),(7,'Gujarat','No','Active','2024-06-11 20:04:13','2024-06-11 20:04:13'),(8,'Haryanaa','No','Active','2024-06-11 20:04:13','2024-06-11 20:04:13'),(9,'Himachal Pradesh','No','Active','2024-06-11 20:04:13','2024-06-11 20:04:13'),(10,'Jharkhand','No','Active','2024-06-11 20:04:13','2024-06-11 20:04:13'),(11,'Karnataka','No','Active','2024-06-11 20:04:13','2024-06-11 20:04:13'),(12,'Kerala','No','Active','2024-06-11 20:04:13','2024-06-11 20:04:13'),(13,'Madhya Pradesh','No','Active','2024-06-11 20:04:13','2024-06-11 20:04:13'),(14,'Maharashtra','No','Active','2024-06-11 20:04:13','2024-06-11 20:04:13'),(15,'Manipur','No','Active','2024-06-11 20:04:13','2024-06-11 20:04:13'),(16,'Meghalaya','No','Active','2024-06-11 20:04:13','2024-06-11 20:04:13'),(17,'Mizoram','No','Active','2024-06-11 20:04:13','2024-06-11 20:04:13'),(18,'Nagaland','No','Active','2024-06-11 20:04:13','2024-06-11 20:04:13'),(19,'Odisha','No','Active','2024-06-11 20:04:13','2024-06-11 20:04:13'),(20,'Punjab','No','Active','2024-06-11 20:04:13','2024-06-11 20:04:13'),(21,'Rajasthan','No','Active','2024-06-11 20:04:13','2024-06-11 20:04:13'),(22,'Sikkim','No','Active','2024-06-11 20:04:13','2024-06-11 20:04:13'),(23,'Tamil Nadu','No','Active','2024-06-11 20:04:13','2024-06-11 20:04:13'),(24,'Telangana','No','Active','2024-06-11 20:04:13','2024-06-11 20:04:13'),(25,'Tripura','No','Active','2024-06-11 20:04:13','2024-06-11 20:04:13'),(26,'Uttar Pradesh','No','Active','2024-06-11 20:04:13','2024-06-11 20:04:13'),(27,'Uttarakhand','No','Active','2024-06-11 20:04:13','2024-06-11 20:04:13'),(28,'West Bengal','No','Active','2024-06-11 20:04:13','2024-06-11 20:04:13'),(29,'Andaman and Nicobar Islands','Yes','Active','2024-06-11 20:04:13','2024-06-11 20:04:13'),(30,'Chandigarh','Yes','Active','2024-06-11 20:04:13','2024-06-11 20:04:13'),(31,'Dadra and Nagar Haveli and Daman and Diu','Yes','Active','2024-06-11 20:04:13','2024-06-11 20:04:13'),(32,'Delhi','Yes','Active','2024-06-11 20:04:13','2024-06-11 20:04:13'),(33,'Lakshadweep','Yes','Active','2024-06-11 20:04:13','2024-06-11 20:04:13'),(34,'Puducherry','Yes','Active','2024-06-11 20:04:13','2024-06-11 20:04:13'),(35,'Ladakh','Yes','Active','2024-06-11 20:04:13','2024-06-11 20:04:13'),(36,'Andhra Pradesh','No','Active','2024-06-11 20:04:13','2024-06-11 20:04:13');

--
-- Table structure for table `tags`
--

CREATE TABLE `tags` (
  `id` bigint unsigned NOT NULL AUTO_INCREMENT,
  `tag` varchar(50) CHARACTER SET utf8mb4 COLLATE utf8mb4_unicode_ci NOT NULL,
  `entity_type` enum('goal','target','indicator','scheme') CHARACTER SET utf8mb4 COLLATE utf8mb4_unicode_ci NOT NULL,
  `goal_id` bigint unsigned DEFAULT NULL,
  `target_id` bigint unsigned DEFAULT NULL,
  `indicator_id` bigint unsigned DEFAULT NULL,
  `scheme_id` bigint unsigned DEFAULT NULL,
  `status` enum('Inactive','Active') CHARACTER SET utf8mb4 COLLATE utf8mb4_unicode_ci NOT NULL DEFAULT 'Active',
  `date_added` datetime NOT NULL DEFAULT CURRENT_TIMESTAMP,
  `date_updated` datetime DEFAULT NULL,
  PRIMARY KEY (`id`),
  KEY `tags_goal_id_index` (`goal_id`),
  KEY `tags_target_id_index` (`target_id`),
  KEY `tags_indicator_id_index` (`indicator_id`),
  KEY `tags_scheme_id_index` (`scheme_id`),
  CONSTRAINT `tags_goal_id_foreign` FOREIGN KEY (`goal_id`) REFERENCES `goals` (`id`),
  CONSTRAINT `tags_indicator_id_foreign` FOREIGN KEY (`indicator_id`) REFERENCES `indicators` (`id`),
  CONSTRAINT `tags_scheme_id_foreign` FOREIGN KEY (`scheme_id`) REFERENCES `schemes` (`scheme_id`),
  CONSTRAINT `tags_target_id_foreign` FOREIGN KEY (`target_id`) REFERENCES `targets` (`target_id`)
) ENGINE=InnoDB DEFAULT CHARSET=utf8mb4 COLLATE=utf8mb4_unicode_ci;

--
-- Dumping data for table `tags`
--


--
-- Table structure for table `targets`
--

CREATE TABLE `targets` (
  `target_id` bigint unsigned NOT NULL AUTO_INCREMENT,
  `target_number` varchar(20) CHARACTER SET utf8mb4 COLLATE utf8mb4_unicode_ci NOT NULL,
  `target_name` varchar(1000) CHARACTER SET utf8mb4 COLLATE utf8mb4_unicode_ci NOT NULL,
  `status` enum('Inactive','Active') CHARACTER SET utf8mb4 COLLATE utf8mb4_unicode_ci NOT NULL DEFAULT 'Active',
  `target_type` enum('dif','utif','both') CHARACTER SET utf8mb4 COLLATE utf8mb4_unicode_ci NOT NULL DEFAULT 'dif',
  `date_added` datetime NOT NULL DEFAULT '2024-09-12 06:28:31',
  `date_updated` datetime DEFAULT NULL,
  `goal_id` bigint unsigned NOT NULL,
  PRIMARY KEY (`target_id`),
  KEY `targets_goal_id_foreign` (`goal_id`),
  CONSTRAINT `targets_goal_id_foreign` FOREIGN KEY (`goal_id`) REFERENCES `goals` (`id`)
) ENGINE=InnoDB AUTO_INCREMENT=94 DEFAULT CHARSET=utf8mb4 COLLATE=utf8mb4_unicode_ci;

--
-- Dumping data for table `targets`
--

INSERT INTO `targets` VALUES (1,'1.1','By 2030, eradicate extreme poverty for all people everywhere, currently measured as people living on less than USD 1.25 a day','Active','both','2024-05-02 12:03:27','2024-05-02 12:03:27',1),(2,'1.2','By 2030, reduce at least by half the proportion of men, women and children of all ages living in poverty in all its dimensions according to national definitions','Active','utif','2024-05-02 12:03:27','2024-05-02 12:03:27',1),(3,'1.3','Implement nationally appropriate social protection systems and measures for all, including floors,and by 2030 achieve substantial coverage of the poor and the vulnerable','Active','both','2024-05-02 12:03:27','2024-05-02 12:03:27',1),(4,'1.4','By 2030, ensure that all men and women, in particular the poor and the vulnerable, have equal rights to economic resources, as well as access to basic services, ownership and control over land and other forms of property, inheritance, natural resources, appropriate new technology and financial services, including microfinance','Active','both','2024-05-02 12:03:27','2024-05-02 12:03:27',1),(5,'1.5','By 2030, build the resilience of the poor and those in vulnerable situations and reduce their exposure and vulnerability to climate-related extreme events and other economic, social and environmental shocks and disasters','Active','utif','2024-05-02 12:03:27','2024-05-02 12:03:27',1),(6,'1.a','Ensure significant mobilization of resources from a variety of sources, including through enhanced development cooperation, in order to provide adequate and predictable means for developing countries, in particular least developed countries, to implement programmes and policies to end poverty in all its dimensions','Active','utif','2024-05-02 12:03:27','2024-05-02 12:03:27',1),(7,'2.1','By 2030, end hunger and ensure access by all people, in particular the poor and people in vulnerable situations, including infants, to safe, nutritious and sufficient food all year round','Active','both','2024-05-02 12:03:27','2024-05-02 12:03:27',2),(8,'2.2','By 2030 end all forms of malnutrition, including achieving by 2025 the internationally agreed targets on stunting and wasting in children under 5 years of age, and address the nutritional needs of adolescent girls, pregnant and lactating women, and older persons','Active','both','2024-05-02 12:03:27','2024-05-02 12:03:27',2),(9,'2.3','By 2030, double the agricultural productivity and incomes of small-scale food producers, in particular women, indigenous peoples, family farmers, pastoralists and fishers, including through secure and equal access to land, other productive resources and inputs, knowledge, financial services, markets and opportunities for value addition and non-farm employment','Active','both','2024-05-02 12:03:27','2024-05-02 12:03:27',2),(10,'2.4','By 2030 ensure sustainable food production systems and implement resilient agricultural practices that increase productivity and production, that help maintain ecosystems, that strengthen capacity for adaptation to climate change, extreme weather, drought, flooding and other disasters, and that progressively improve land and soil quality','Active','both','2024-05-02 12:03:27','2024-05-02 12:03:27',2),(11,'2.a',' Increase investment, including through enhanced international cooperation, in rural infrastructure,agricultural research and extension services, technology development and plant and livestock gene banks in order to ','Active','utif','2024-05-02 12:03:27','2024-05-02 12:03:27',2),(12,'2.c','Adopt measures to ensure the proper functioning of food commodity markets and their derivatives and facilitate timely access to market information, including on food reserves, in order to help limit extreme food price volatility','Active','utif','2024-05-02 12:03:27','2024-05-02 12:03:27',2),(13,'3.1',' By 2030, reduce the global maternal mortality ratio to less than 70 per 1,00,000 live births','Active','both','2024-05-02 12:03:27','2024-05-02 12:03:27',3),(14,'3.2','By 2030, end preventable deaths of newborns and children under 5 years of age, with all countries aiming to reduce neonatal mortality to at least as low as 12 per 1,000 live births and under-5 mortality to at least as low as 25 per 1,000 live births','Active','both','2024-05-02 12:03:27','2024-05-02 12:03:27',3),(15,'3.3','By 2030, end the epidemics of AIDS, tuberculosis, malaria and neglected tropical diseases and combat hepatitis, waterborne diseases and other communicable diseases','Active','both','2024-05-02 12:03:27','2024-05-02 12:03:27',3),(16,'3.4','By 2030, reduce by one third premature mortality from non-communicable diseases through prevention and treatment and promote mental health and well-being','Active','both','2024-05-02 12:03:27','2024-05-02 12:03:27',3),(17,'3.5','Strengthen the prevention and treatment of substance abuse, including narcotic drug abuse and harmful use of alcohol','Active','both','2024-05-02 12:03:27','2024-05-02 12:03:27',3),(18,'3.6','By 2020, halve the number of global deaths and injuries from road traffic accidents','Active','both','2024-05-02 12:03:27','2024-05-02 12:03:27',3),(19,'3.7','By 2030, ensure universal access to sexual and reproductive health-care services, including forfamily planning, information and education, and the integration of reproductive health into nationalstrategies and programmes','Active','both','2024-05-02 12:03:27','2024-05-02 12:03:27',3),(20,'3.8','Achieve universal health coverage, including financial risk protection, access to quality essential health-care services and access to safe, effective, quality and affordable essential medicines and vaccines for all','Active','both','2024-05-02 12:03:27','2024-05-02 12:03:27',3),(21,'3.9','By 2030, substantially reduce the number of deaths and illnesses from hazardous chemicals and air, water and soil pollution and contamination','Active','utif','2024-05-02 12:03:27','2024-05-02 12:03:27',3),(22,'3.a','Strengthen the implementation of the World Health Organization Framework Convention onTobacco Control in all countries, as appropriate','Active','utif','2024-05-02 12:03:27','2024-05-02 12:03:27',3),(23,'3.b','Support the research and development of vaccines and medicines for the communicable and non-communicable diseases that primarily affect developing countries, provide access to affordable essential medicines and vaccines, in accordance with the Doha Declaration on the TRIPS Agreement and Public Health, which affirms the right of developing countries to use to the full the provisions in the Agreement on Trade-Related Aspects of Intellectual Property Rights regarding flexibilities to protect public health, and, in particular, provide access to medicines for all','Active','utif','2024-05-02 12:03:27','2024-05-02 12:03:27',3),(24,'3.c','Substantially increase health financing and the recruitment, development, training and retention ofthe health workforce in developing countries, especially in least developed countries and small island developing States','Active','both','2024-05-02 12:03:27','2024-05-02 12:03:27',3),(25,'4.1','By 2030, ensure that all girls and boys complete free, equitable and quality primary and secondary education leading to relevant and effective learning outcomes.','Active','both','2024-05-02 12:03:27','2024-05-02 12:03:27',4),(26,'4.2','By 2030, ensure that all girls and boys have access to quality early childhood development, care and pre-primary education so that they are ready for primary education','Active','utif','2024-05-02 12:03:27','2024-05-02 12:03:27',4),(27,'4.3','By 2030, ensure equal access for all women and men to affordable and quality technical, vocational and tertiary education including university.','Active','utif','2024-05-02 12:03:27','2024-05-02 12:03:27',4),(28,'4.5','By 2030, eliminate gender disparities in education and ensure equal access to all levels of education and vocational training for the vulnerable, including persons with disabilities, indigenous peoples and children in vulnerable situations','Active','both','2024-05-02 12:03:27','2024-05-02 12:03:27',4),(29,'4.a','Build and upgrade education facilities that are child, disability and gender sensitive and provide safe, non-violent, inclusive and effective learning environments for all','Active','both','2024-05-02 12:03:27','2024-05-02 12:03:27',4),(30,'4.c','By 2030, substantially increase the supply of qualified teachers, including through international cooperation for teacher training in developing countries, especially least developed countries and small island developing States','Active','both','2024-05-02 12:03:27','2024-05-02 12:03:27',4),(31,'5.1','End all forms of discrimination against all women and girls everywhere','Active','both','2024-05-02 12:03:27','2024-05-02 12:03:27',5),(32,'5.2','Eliminate all forms of violence against all women and girls in the public and private spheres, including trafficking and sexual and other types of exploitation','Active','both','2024-05-02 12:03:27','2024-05-02 12:03:27',5),(33,'5.3','Eliminate all harmful practices, such as child, early and forced marriage and female genital mutilation','Active','both','2024-05-02 12:03:27','2024-05-02 12:03:27',5),(34,'5.5','Ensure women’s full and effective participation and equal opportunities for leadership at all levels of decision-making in political, economic and public life','Active','both','2024-05-02 12:03:27','2024-05-02 12:03:27',5),(35,'5.6','Ensure universal access to sexual and reproductive health and reproductive rights as agreed in accordance with the Programme of Action of the International Conference on Population and Development and the Beijing Platform for Action and the outcome documents of their review conferences','Active','utif','2024-05-02 12:03:27','2024-05-02 12:03:27',5),(36,'5.a','Undertake reforms to give women equal rights to economic resources, as well as access to ownership and control over land and other forms of property, financial services, inheritance and naturalresources, in accordance with national laws','Active','both','2024-05-02 12:03:27','2024-05-02 12:03:27',5),(37,'6.1','By 2030, achieve universal and equitable access to safe and affordable drinking water for all','Active','both','2024-05-02 12:03:27','2024-05-02 12:03:27',6),(38,'6.2','By 2030, achieve access to adequate and equitable sanitation and hygiene for all and end open defecation, paying special attention to the needs of women and girls and those in vulnerable situations','Active','both','2024-05-02 12:03:27','2024-05-02 12:03:27',6),(39,'6.3','By 2030, improve water quality by reducing pollution, eliminating dumping and minimizing release of hazardous chemicals and materials, halving the proportion of untreated wastewater and substantially increasing recycling and safe reuse globally','Active','both','2024-05-02 12:03:27','2024-05-02 12:03:27',6),(40,'6.4','By 2030, substantially increase water-use efficiency across all sectors and ensure sustainable withdrawals and supply of freshwater to address water scarcity and substantially reduce the number of people suffering from water scarcity','Active','utif','2024-05-02 12:03:27','2024-05-02 12:03:27',6),(41,'6.6','By 2020, protect and restore water-related ecosystems, including mountains, forests, wetlands,rivers, aquifers and lakes','Active','utif','2024-05-02 12:03:27','2024-05-02 12:03:27',6),(42,'6.b','Support and strengthen the participation of local communities in improving water and sanitation management','Active','both','2024-05-02 12:03:27','2024-05-02 12:03:27',6),(43,'7.1','By 2030, ensure universal access to affordable, reliable and modern Energy Services','Active','both','2024-05-02 12:03:27','2024-05-02 12:03:27',7),(44,'7.2','By 2030, increase substantially the share of renewable energy in the global energy mix','Active','both','2024-05-02 12:03:27','2024-05-02 12:03:27',7),(45,'7.b','By 2030, expand infrastructure and upgrade technology for supplying modern and sustainable energy services for all in developing countries, in particular least developed countries, small island developing States and landlocked developing countries, in accordance with their respective programmes of support','Active','utif','2024-05-02 12:03:27','2024-05-02 12:03:27',7),(46,'8.1','Sustain per capita economic growth in accordance with national circumstances and, in particular, atleast 7 per cent gross domestic product growth per annum in the least developed countries','Active','both','2024-05-02 12:03:27','2024-05-02 12:03:27',8),(47,'8.2','Achieve higher levels of economic productivity through diversification, technological upgrading and innovation, including through a focus on high-value added and labour-intensive sectors','Active','utif','2024-05-02 12:03:27','2024-05-02 12:03:27',8),(48,'8.3','Promote development-oriented policies that support productive activities, decent job creation, entrepreneurship, creativity and innovation, and encourage the formalization and growth of micro-, small- and medium-sized enterprises, including through access to financial services','Active','both','2024-05-02 12:03:27','2024-05-02 12:03:27',8),(49,'8.4','Improve progressively, through 2030, global resource efficiency in consumption and production and endeavour to decouple economic growth from environmental degradation, in accordance with the 10-Year Framework of Programmes on Sustainable Consumption and Production, with developed countries taking the lead','Active','both','2024-05-02 12:03:27','2024-05-02 12:03:27',8),(50,'8.5','By 2030, achieve full and productive employment and decent work for all women and men, including for young people and persons with disabilities, and equal pay for work of equal value','Active','utif','2024-05-02 12:03:27','2024-05-02 12:03:27',8),(51,'8.6','By 2030, substantially reduce the proportion of youth not in employment, education or training','Active','both','2024-05-02 12:03:27','2024-05-02 12:03:27',8),(52,'8.7','Take immediate and effective measures to eradicate forced labour, end modern slavery and humantrafficking and secure the prohibition and elimination of the worst forms of child labour, including recruitment and use of child soldiers, and by 2025 end child labour in all its forms','Active','both','2024-05-02 12:03:27','2024-05-02 12:03:27',8),(53,'8.8','Protect labour rights and promote safe and secure working environments for all workers, including migrant workers, in particular women migrants, and those in precarious employment','Active','both','2024-05-02 12:03:27','2024-05-02 12:03:27',8),(54,'8.9','By 2030, devise and implement policies to promote sustainable tourism that creates jobs and promotes local culture and products','Active','utif','2024-05-02 12:03:27','2024-05-02 12:03:27',8),(55,'8.10','Strengthen the capacity of domestic financial institutions to encourage and expand access to banking, insurance and financial services for all','Active','utif','2024-05-02 12:03:27','2024-05-02 12:03:27',8),(56,'9.1','Develop quality, reliable, sustainable and resilient infrastructure, including regional and trans-border infrastructure, to support economic development and human well-being, with a focus on affordable and equitable access for all','Active','both','2024-05-02 12:03:27','2024-05-02 12:03:27',9),(57,'9.2','Promote inclusive and sustainable industrialization and, by 2030, significantly raise industry’s share of employment and gross domestic product, in line with national circumstances, and double its share in least developed countries','Active','utif','2024-05-02 12:03:27','2024-05-02 12:03:27',9),(58,'9.c','Significantly increase access to information and communications technology and strive to provide universal and affordable access to the Internet in least developed countries by 2020','Active','both','2024-05-02 12:03:27','2024-05-02 12:03:27',9),(59,'9.c','Significantly increase access to information and communications technology and strive to provide universal and affordable access to the Internet in least developed countries by 2021','Active','utif','2024-05-02 12:03:27','2024-05-02 12:03:27',9),(60,'9.c','Significantly increase access to information and communications technology and strive to provide universal and affordable access to the Internet in least developed countries by 2022','Active','utif','2024-05-02 12:03:27','2024-05-02 12:03:27',9),(61,'10.1','By 2030, progressively achieve and sustain income growth of the bottom 40 per cent of the population at a rate higher than the national average','Active','utif','2024-05-02 12:03:27','2024-05-02 12:03:27',10),(62,'10.2','By 2030, empower and promote the social, economic and political inclusion of all, irrespective of age, sex, disability, race, ethnicity, origin, religion or economic or other status','Active','both','2024-05-02 12:03:27','2024-05-02 12:03:27',10),(63,'10.4','Adopt policies, especially fiscal, wage and social protection policies, and progressively achieve greater equality','Active','both','2024-05-02 12:03:27','2024-05-02 12:03:27',10),(64,'11.1','By 2030, ensure access for all to adequate, safe and affordable housing and basic services and upgrade slums','Active','both','2024-05-02 12:03:27','2024-05-02 12:03:27',11),(65,'11.2','By 2030, provide access to safe, affordable, accessible and sustainable transport systems for all, improving road safety, notably by expanding public transport, with special attention to the needs of those in vulnerable situations, women, children, persons with disabilities and older persons','Active','both','2024-05-02 12:03:27','2024-05-02 12:03:27',11),(66,'11.3','By 2030, enhance inclusive and sustainable urbanization and capacity for participatory, integrated and sustainable human settlement planning and management in all countries','Active','utif','2024-05-02 12:03:27','2024-05-02 12:03:27',11),(67,'11.4','Strengthen efforts to protect and safeguard the world’s cultural and natural heritage','Active','both','2024-05-02 12:03:27','2024-05-02 12:03:27',11),(68,'11.5','By 2030, significantly reduce the number of deaths and the number of people affected and substantially decrease the direct economic losses relative to global gross domestic product caused by disasters, including water-related disasters, with a focus on protecting the poor and people in vulnerable situations','Active','both','2024-05-02 12:03:27','2024-05-02 12:03:27',11),(69,'11.6','By 2030, reduce the adverse per capita environmental impact of cities, including by paying special attention to air quality and municipal and other waste management','Active','both','2024-05-02 12:03:27','2024-05-02 12:03:27',11),(70,'11.a','Support positive economic, social and environmental links between urban, peri-urban and rural areas by strengthening national and regional development planning','Active','utif','2024-05-02 12:03:27','2024-05-02 12:03:27',11),(71,'11.b','By 2020, substantially increase the number of cities and human settlements adopting and implementing integrated policies and plans towards inclusion, resource efficiency, mitigation and adaptation to climate change, resilience to disasters, and develop and implement, in line with the Sendai Framework for Disaster Risk Reduction 2015–2030, holistic disaster risk management at all levels','Active','utif','2024-05-02 12:03:27','2024-05-02 12:03:27',11),(72,'12.2','By 2030, achieve the sustainable management and efficient use of natural resources','Active','both','2024-05-02 12:03:27','2024-05-02 12:03:27',12),(73,'12.3','By 2030, halve per capita global food waste at the retail and consumer levels and reduce food losses along production and supply chains, including post-harvest losses','Active','both','2024-05-02 12:03:27','2024-05-02 12:03:27',12),(74,'12.4','By 2020, achieve the environmentally sound management of chemicals and all wastes throughout their life cycle, in accordance with agreed international frameworks, and significantly reduce their release to air, water and soil in order to minimize their adverse impacts on human health and the environment','Active','utif','2024-05-02 12:03:27','2024-05-02 12:03:27',12),(75,'12.5','By 2030, substantially reduce waste generation through prevention, reduction, recycling and reuse','Active','both','2024-05-02 12:03:27','2024-05-02 12:03:27',12),(76,'12.a','Support developing countries to strengthen their scientific and technological capacity to move towards more sustainable patterns of consumption and production','Active','utif','2024-05-02 12:03:27','2024-05-02 12:03:27',12),(77,'13.1','Strengthen resilience and adaptive capacity to climate-related hazards and natural disasters in all countries','Active','both','2024-05-02 12:03:27','2024-05-02 12:03:27',13),(78,'13.2',' Integrate climate change measures into national policies, strategies and planning','Active','utif','2024-05-02 12:03:27','2024-05-02 12:03:27',13),(79,'15.1','By 2020, ensure the conservation, restoration and sustainable use of terrestrial and inland freshwater ecosystems and their services, in particular forests, wetlands, mountains and drylands, in line with obligations under international agreements','Active','both','2024-05-02 12:09:10','2024-05-02 12:09:10',15),(80,'15.2','By 2020, promote the implementation of sustainable management of all types of forests, halt deforestation, restore degraded forests and substantially increase afforestation and reforestation globally','Active','both','2024-05-02 12:09:10','2024-05-02 12:09:10',15),(81,'15.3','By 2030, combat desertification, restore degraded land and soil, including land affected by desertification, drought and floods, and strive to achieve a land degradation-neutral world','Active','utif','2024-05-02 12:09:10','2024-05-02 12:09:10',15),(82,'15.4','By 2030, ensure the conservation of mountain ecosystems, including their biodiversity, in order to enhance their capacity to provide benefits that are essential for sustainable development','Active','both','2024-05-02 12:09:10','2024-05-02 12:09:10',15),(83,'15.7','Take urgent action to end poaching and trafficking of protected species of flora and fauna and address both demand and supply of illegal wildlife products','Active','both','2024-05-02 12:09:10','2024-05-02 12:09:10',15),(84,'15.c','Enhance global support for efforts to combat poaching and trafficking of protected species, including by increasing the capacity of local communities to pursue sustainable livelihood opportunities','Active','utif','2024-05-02 12:09:10','2024-05-02 12:09:10',15),(85,'16.1','Promote peaceful and inclusive societies for sustainable development, provide access to justice for all and build effective, accountable and inclusive institutions at all levels','Active','both','2024-05-02 12:09:10','2024-05-02 12:09:10',16),(86,'16.2','End abuse, exploitation, trafficking and all forms of violence against and torture of children','Active','both','2024-05-02 12:09:10','2024-05-02 12:09:10',16),(87,'16.3','Promote the rule of law at the national and international levels and ensure equal access to justice for all','Active','both','2024-05-02 12:09:10','2024-05-02 12:09:10',16),(88,'16.4','By 2030, significantly reduce illicit financial and arms flows, strengthen the recovery and return of stolen assets and combat all forms of organized crime','Active','both','2024-05-02 12:09:10','2024-05-02 12:09:10',16),(89,'16.5','Substantially reduce corruption and bribery in all their forms.','Active','both','2024-05-02 12:09:10','2024-05-02 12:09:10',16),(90,'16.6','Develop effective, accountable and transparent institutions at all levels','Active','both','2024-05-02 12:09:10','2024-05-02 12:09:10',16),(91,'16.7','Ensure responsive, inclusive, participatory and representative decision-making at all levels','Active','both','2024-05-02 12:09:10','2024-05-02 12:09:10',16),(92,'16.9','By 2030, provide legal identity for all, including birth registration','Active','both','2024-05-02 12:09:10','2024-05-02 12:09:10',16),(93,'16.10','Ensure public access to information and protect fundamental freedoms, in accordance with national legislation and international agreements','Active','dif','2024-05-02 13:15:07','2024-05-02 13:15:07',16);

--
-- Table structure for table `user_to_district_department_mappings`
--

CREATE TABLE `user_to_district_department_mappings` (
  `id` bigint unsigned NOT NULL AUTO_INCREMENT,
  `user_id` bigint unsigned NOT NULL,
  `department_id` bigint unsigned DEFAULT NULL,
  `district_id` bigint unsigned DEFAULT NULL,
  PRIMARY KEY (`id`),
  KEY `user_to_district_department_mappings_user_id_foreign` (`user_id`),
  KEY `user_to_district_department_mappings_department_id_foreign` (`department_id`),
  KEY `user_to_district_department_mappings_district_id_foreign` (`district_id`),
  CONSTRAINT `user_to_district_department_mappings_department_id_foreign` FOREIGN KEY (`department_id`) REFERENCES `departments` (`id`) ON DELETE SET NULL,
  CONSTRAINT `user_to_district_department_mappings_district_id_foreign` FOREIGN KEY (`district_id`) REFERENCES `districts` (`id`) ON DELETE SET NULL,
  CONSTRAINT `user_to_district_department_mappings_user_id_foreign` FOREIGN KEY (`user_id`) REFERENCES `users` (`id`) ON DELETE CASCADE
) ENGINE=InnoDB DEFAULT CHARSET=utf8mb4 COLLATE=utf8mb4_unicode_ci;

--
-- Dumping data for table `user_to_district_department_mappings`
--


--
-- Table structure for table `users`
--

CREATE TABLE `users` (
  `id` bigint unsigned NOT NULL AUTO_INCREMENT,
  `email` varchar(100) CHARACTER SET utf8mb4 COLLATE utf8mb4_unicode_ci NOT NULL,
  `email_address` varchar(100) CHARACTER SET utf8mb4 COLLATE utf8mb4_unicode_ci DEFAULT NULL COMMENT 'User email address',
  `password` varchar(190) CHARACTER SET utf8mb4 COLLATE utf8mb4_unicode_ci NOT NULL,
  `district_id` bigint unsigned DEFAULT NULL,
  `department_id` bigint unsigned DEFAULT NULL,
  `created_at` timestamp NULL DEFAULT NULL,
  `updated_at` timestamp NULL DEFAULT NULL,
  `last_logged_in` timestamp NULL DEFAULT NULL,
  `session_id` varchar(101) CHARACTER SET utf8mb4 COLLATE utf8mb4_unicode_ci DEFAULT NULL,
  PRIMARY KEY (`id`),
  UNIQUE KEY `users_email_unique` (`email`),
  UNIQUE KEY `users_email_address_unique` (`email_address`),
  KEY `users_district_id_foreign` (`district_id`),
  KEY `users_department_id_foreign` (`department_id`),
  CONSTRAINT `users_department_id_foreign` FOREIGN KEY (`department_id`) REFERENCES `departments` (`id`),
  CONSTRAINT `users_district_id_foreign` FOREIGN KEY (`district_id`) REFERENCES `districts` (`id`)
) ENGINE=InnoDB AUTO_INCREMENT=184 DEFAULT CHARSET=utf8mb4 COLLATE=utf8mb4_unicode_ci;

--
-- Dumping data for table `users`
--

INSERT INTO `users` VALUES (1,'jkgovt_admin','hagarwal@velsof.com','$2y$12$YLK3qcUmhHkcXYvtnwJSLOqDoF1O7C01nPX0aYo9cHF5nXT96fd.2',NULL,NULL,'2024-04-27 14:10:15','2025-05-25 06:48:15',NULL,'byOCRjUnpaZjZzg8NcNXpg5MpOppEK5pK1NBg0vC'),(2,'undp_admin','hagarwal+a1@velsof.com','$2y$12$JrZDZMGdTA2tbUpZBjK0Q.FlLJb.9F6/j6R3PeGdJH4U8DMLypbeG',NULL,NULL,'2024-04-27 14:10:15','2025-05-24 10:48:43','2025-05-25 09:37:32','a36zcJXP0XSKUBTQWnIh7r3ZA9wGuVLOfCl0OKL7'),(3,'Srinagar_e','khushi.gupta+srinagare@velsof.com','$2y$12$IbKFjiQvH5YTodle/jKnYeqGKkqCwFEBoc/f7Q8lChixMz3goEMba',19,NULL,'2024-04-27 14:10:15','2025-05-24 11:18:36',NULL,NULL),(4,'Ganderbal_e','hagarwal+Ganderbal_e@velsof.com','$2y$12$A.qmoHEEL91OlgDsYezAVeOnKkpyReAR6pbx8EbfadTcg9It0m5Bu',6,NULL,'2024-04-27 14:10:15','2025-05-09 07:25:42',NULL,NULL),(5,'Budgam_e','hagarwal+Budgam_e@velsof.com','$2y$12$A.qmoHEEL91OlgDsYezAVeOnKkpyReAR6pbx8EbfadTcg9It0m5Bu',4,NULL,'2024-04-27 14:10:15','2024-04-27 14:10:15',NULL,NULL),(6,'Anantnag_e','hagarwal+Anantnag_e@velsof.com','$2y$12$A.qmoHEEL91OlgDsYezAVeOnKkpyReAR6pbx8EbfadTcg9It0m5Bu',1,NULL,'2024-04-27 14:10:15','2024-11-27 06:16:20',NULL,NULL),(7,'Kulgam_e','hagarwal+Kulgam_e@velsof.com','$2y$12$A.qmoHEEL91OlgDsYezAVeOnKkpyReAR6pbx8EbfadTcg9It0m5Bu',10,NULL,'2024-04-27 14:10:15','2024-04-27 14:10:15',NULL,NULL),(8,'Pulwama_e','hagarwal+Pulwama_e@velsof.com','$2y$12$A.qmoHEEL91OlgDsYezAVeOnKkpyReAR6pbx8EbfadTcg9It0m5Bu',13,NULL,'2024-04-27 14:10:15','2024-10-27 14:50:47',NULL,NULL),(9,'Shopian_e','hagarwal+Shopian_e@velsof.com','$2y$12$A.qmoHEEL91OlgDsYezAVeOnKkpyReAR6pbx8EbfadTcg9It0m5Bu',18,NULL,'2024-04-27 14:10:15','2024-04-27 14:10:15',NULL,NULL),(10,'Baramulla_e','hagarwal+Baramulla_e@velsof.com','$2y$12$A.qmoHEEL91OlgDsYezAVeOnKkpyReAR6pbx8EbfadTcg9It0m5Bu',3,NULL,'2024-04-27 14:10:15','2024-04-27 14:10:15',NULL,NULL),(11,'Bandipora_e','hagarwal+Bandipora_e@velsof.com','$2y$12$A.qmoHEEL91OlgDsYezAVeOnKkpyReAR6pbx8EbfadTcg9It0m5Bu',2,NULL,'2024-04-27 14:10:15','2024-04-27 14:10:15',NULL,NULL),(12,'Kupwara_e','hagarwal+Kupwara_e@velsof.com','$2y$12$A.qmoHEEL91OlgDsYezAVeOnKkpyReAR6pbx8EbfadTcg9It0m5Bu',11,NULL,'2024-04-27 14:10:15','2024-04-27 14:10:15',NULL,NULL),(13,'Jammu_e','khushi.gupta+jammue@velsof.com','$2y$12$QRAN.TH6UPtW0cqlNCcmjufaHgXZianyaokoT6pcttXeOVDdbs3cK',7,NULL,'2024-04-27 14:10:15','2025-05-24 12:13:05',NULL,'bo31bk6C4a2B4iM8gZX91Kkv1aSVGnNGIjCAsPHJ'),(14,'Samba_e','hagarwal+Samba_e@velsof.com','$2y$12$A.qmoHEEL91OlgDsYezAVeOnKkpyReAR6pbx8EbfadTcg9It0m5Bu',17,NULL,'2024-04-27 14:10:15','2024-04-27 14:10:15',NULL,NULL),(15,'Udhampur_e','hagarwal+Udhampur_e@velsof.com','$2y$12$A.qmoHEEL91OlgDsYezAVeOnKkpyReAR6pbx8EbfadTcg9It0m5Bu',20,NULL,'2024-04-27 14:10:15','2024-04-27 14:10:15',NULL,NULL),(16,'Ramban_e','hagarwal+Ramban_e@velsof.com','$2y$12$A.qmoHEEL91OlgDsYezAVeOnKkpyReAR6pbx8EbfadTcg9It0m5Bu',15,NULL,'2024-04-27 14:10:15','2024-04-27 14:10:15',NULL,NULL),(17,'Kathua_e','hagarwal+Kathua_e@velsof.com','$2y$12$A.qmoHEEL91OlgDsYezAVeOnKkpyReAR6pbx8EbfadTcg9It0m5Bu',8,NULL,'2024-04-27 14:10:15','2024-04-27 14:10:15',NULL,NULL),(18,'Reasi_e','hagarwal+Reasi_e@velsof.com','$2y$12$A.qmoHEEL91OlgDsYezAVeOnKkpyReAR6pbx8EbfadTcg9It0m5Bu',16,NULL,'2024-04-27 14:10:15','2024-04-27 14:10:15',NULL,NULL),(19,'Poonch_e','hagarwal+Poonch_e@velsof.com','$2y$12$A.qmoHEEL91OlgDsYezAVeOnKkpyReAR6pbx8EbfadTcg9It0m5Bu',12,NULL,'2024-04-27 14:10:15','2024-04-27 14:10:15',NULL,NULL),(20,'Rajouri_e','hagarwal+Rajouri_e@velsof.com','$2y$12$A.qmoHEEL91OlgDsYezAVeOnKkpyReAR6pbx8EbfadTcg9It0m5Bu',14,NULL,'2024-04-27 14:10:15','2024-04-27 14:10:15',NULL,NULL),(21,'Doda_e','hagarwal+Doda_e@velsof.com','$2y$12$A.qmoHEEL91OlgDsYezAVeOnKkpyReAR6pbx8EbfadTcg9It0m5Bu',5,NULL,'2024-04-27 14:10:15','2024-04-27 14:10:15',NULL,NULL),(22,'Kishtwar_e','hagarwal+Kishtwar_e@velsof.com','$2y$12$A.qmoHEEL91OlgDsYezAVeOnKkpyReAR6pbx8EbfadTcg9It0m5Bu',9,NULL,'2024-04-27 14:10:15','2024-04-27 14:10:15',NULL,NULL),(23,'Srinagar_a','hagarwal+Srinagar_a@velsof.com','$2y$12$A.qmoHEEL91OlgDsYezAVeOnKkpyReAR6pbx8EbfadTcg9It0m5Bu',19,NULL,'2024-04-27 14:10:15','2024-10-18 07:02:49',NULL,NULL),(24,'Ganderbal_a','hagarwal+Ganderbal_a@velsof.com','$2y$12$A.qmoHEEL91OlgDsYezAVeOnKkpyReAR6pbx8EbfadTcg9It0m5Bu',6,NULL,'2024-04-27 14:10:15','2024-04-27 14:10:15',NULL,NULL),(25,'Budgam_a','hagarwal+Budgam_a@velsof.com','$2y$12$A.qmoHEEL91OlgDsYezAVeOnKkpyReAR6pbx8EbfadTcg9It0m5Bu',4,NULL,'2024-04-27 14:10:15','2024-04-27 14:10:15',NULL,NULL),(26,'Anantnag_a','hagarwal+Anantnag_a@velsof.com','$2y$12$A.qmoHEEL91OlgDsYezAVeOnKkpyReAR6pbx8EbfadTcg9It0m5Bu',1,NULL,'2024-04-27 14:10:15','2024-04-27 14:10:15',NULL,NULL),(27,'Kulgam_a','hagarwal+Kulgam_a@velsof.com','$2y$12$A.qmoHEEL91OlgDsYezAVeOnKkpyReAR6pbx8EbfadTcg9It0m5Bu',10,NULL,'2024-04-27 14:10:15','2024-04-27 14:10:15',NULL,NULL),(28,'Pulwama_a','hagarwal+Pulwama_a@velsof.com','$2y$12$A.qmoHEEL91OlgDsYezAVeOnKkpyReAR6pbx8EbfadTcg9It0m5Bu',13,NULL,'2024-04-27 14:10:15','2024-04-27 14:10:15',NULL,NULL),(29,'Shopian_a','hagarwal+Shopian_a@velsof.com','$2y$12$A.qmoHEEL91OlgDsYezAVeOnKkpyReAR6pbx8EbfadTcg9It0m5Bu',18,NULL,'2024-04-27 14:10:15','2024-04-27 14:10:15',NULL,NULL),(30,'Baramulla_a','hagarwal+Baramulla_a@velsof.com','$2y$12$A.qmoHEEL91OlgDsYezAVeOnKkpyReAR6pbx8EbfadTcg9It0m5Bu',3,NULL,'2024-04-27 14:10:15','2024-04-27 14:10:15',NULL,NULL),(31,'Bandipora_a','hagarwal+Bandipora_a@velsof.com','$2y$12$A.qmoHEEL91OlgDsYezAVeOnKkpyReAR6pbx8EbfadTcg9It0m5Bu',2,NULL,'2024-04-27 14:10:15','2024-04-27 14:10:15',NULL,NULL),(32,'Kupwara_a','hagarwal+Kupwara_a@velsof.com','$2y$12$A.qmoHEEL91OlgDsYezAVeOnKkpyReAR6pbx8EbfadTcg9It0m5Bu',11,NULL,'2024-04-27 14:10:15','2024-04-27 14:10:15',NULL,NULL),(33,'Jammu_a','khushi.gupta+jammua@velsof.com','$2y$12$0TrAnffqJYxRaP1bEE2LmODEGMB5lWmUuDveLd0nHmg87rWHMZOdG',7,NULL,'2024-04-27 14:10:15','2025-05-24 11:37:24',NULL,'kpCLpLLcwRUsh2HUTnEFxHrQnTAYZBsWVJr9X1kr'),(34,'Samba_a','hagarwal+Samba_a@velsof.com','$2y$12$A.qmoHEEL91OlgDsYezAVeOnKkpyReAR6pbx8EbfadTcg9It0m5Bu',17,NULL,'2024-04-27 14:10:15','2024-04-27 14:10:15',NULL,NULL),(35,'Udhampur_a','hagarwal+Udhampur_a@velsof.com','$2y$12$A.qmoHEEL91OlgDsYezAVeOnKkpyReAR6pbx8EbfadTcg9It0m5Bu',20,NULL,'2024-04-27 14:10:15','2024-04-27 14:10:15',NULL,NULL),(36,'Ramban_a','hagarwal+Ramban_a@velsof.com','$2y$12$A.qmoHEEL91OlgDsYezAVeOnKkpyReAR6pbx8EbfadTcg9It0m5Bu',15,NULL,'2024-04-27 14:10:15','2024-04-27 14:10:15',NULL,NULL),(37,'Kathua_a','hagarwal+Kathua_a@velsof.com','$2y$12$A.qmoHEEL91OlgDsYezAVeOnKkpyReAR6pbx8EbfadTcg9It0m5Bu',8,NULL,'2024-04-27 14:10:15','2024-04-27 14:10:15',NULL,NULL),(38,'Reasi_a','hagarwal+Reasi_a@velsof.com','$2y$12$A.qmoHEEL91OlgDsYezAVeOnKkpyReAR6pbx8EbfadTcg9It0m5Bu',16,NULL,'2024-04-27 14:10:15','2024-04-27 14:10:15',NULL,NULL),(39,'Poonch_a','hagarwal+Poonch_a@velsof.com','$2y$12$A.qmoHEEL91OlgDsYezAVeOnKkpyReAR6pbx8EbfadTcg9It0m5Bu',12,NULL,'2024-04-27 14:10:15','2024-04-27 14:10:15',NULL,NULL),(40,'Rajouri_a','hagarwal+Rajouri_a@velsof.com','$2y$12$A.qmoHEEL91OlgDsYezAVeOnKkpyReAR6pbx8EbfadTcg9It0m5Bu',14,NULL,'2024-04-27 14:10:15','2024-04-27 14:10:15',NULL,NULL),(41,'Doda_a','hagarwal+Doda_a@velsof.com','$2y$12$A.qmoHEEL91OlgDsYezAVeOnKkpyReAR6pbx8EbfadTcg9It0m5Bu',5,NULL,'2024-04-27 14:10:15','2024-04-27 14:10:15',NULL,NULL),(42,'Kishtwar_a','hagarwal+Kishtwar_a@velsof.com','$2y$12$A.qmoHEEL91OlgDsYezAVeOnKkpyReAR6pbx8EbfadTcg9It0m5Bu',9,NULL,'2024-04-27 14:10:15','2024-04-27 14:10:15',NULL,NULL),(43,'APFW_e','hagarwal+APFW_e@velsof.com','$2y$12$A.qmoHEEL91OlgDsYezAVeOnKkpyReAR6pbx8EbfadTcg9It0m5Bu',NULL,1,'2024-04-27 14:10:15','2024-12-02 10:04:41',NULL,NULL),(44,'DoC_e','hagarwal+DoC_e@velsof.com','$2y$12$A.qmoHEEL91OlgDsYezAVeOnKkpyReAR6pbx8EbfadTcg9It0m5Bu',NULL,2,'2024-04-27 14:10:15','2024-12-02 10:06:04',NULL,NULL),(45,'DMRRR_e','hagarwal+DMRRR_e@velsof.com','$2y$12$A.qmoHEEL91OlgDsYezAVeOnKkpyReAR6pbx8EbfadTcg9It0m5Bu',NULL,3,'2024-04-27 14:10:15','2024-04-27 14:10:15',NULL,NULL),(46,'FCSCA_e','hagarwal+FCSCA_e@velsof.com','$2y$12$A.qmoHEEL91OlgDsYezAVeOnKkpyReAR6pbx8EbfadTcg9It0m5Bu',NULL,4,'2024-04-27 14:10:15','2024-12-02 10:06:34',NULL,NULL),(47,'HME_e','hagarwal+HME_e@velsof.com','$2y$12$A.qmoHEEL91OlgDsYezAVeOnKkpyReAR6pbx8EbfadTcg9It0m5Bu',NULL,5,'2024-04-27 14:10:15','2025-04-30 12:41:55',NULL,NULL),(48,'Higher_Education_e','hagarwal+Higher_Education_e@velsof.com','$2y$12$A.qmoHEEL91OlgDsYezAVeOnKkpyReAR6pbx8EbfadTcg9It0m5Bu',NULL,6,'2024-04-27 14:10:15','2024-04-27 14:10:15',NULL,NULL),(49,'Horticulture_e','hagarwal+Horticulture_e@velsof.com','$2y$12$A.qmoHEEL91OlgDsYezAVeOnKkpyReAR6pbx8EbfadTcg9It0m5Bu',NULL,7,'2024-04-27 14:10:15','2024-04-27 14:10:15',NULL,NULL),(50,'LJPA_e','hagarwal+LJPA_e@velsof.com','$2y$12$A.qmoHEEL91OlgDsYezAVeOnKkpyReAR6pbx8EbfadTcg9It0m5Bu',NULL,8,'2024-04-27 14:10:15','2024-04-27 14:10:15',NULL,NULL),(51,'RD_PR_e','hagarwal+RD_PR_e@velsof.com','$2y$12$A.qmoHEEL91OlgDsYezAVeOnKkpyReAR6pbx8EbfadTcg9It0m5Bu',NULL,9,'2024-04-27 14:10:15','2024-04-27 14:10:15',NULL,NULL),(52,'Science_and_Technology_e','hagarwal+Science_and_Technology_e@velsof.com','$2y$12$A.qmoHEEL91OlgDsYezAVeOnKkpyReAR6pbx8EbfadTcg9It0m5Bu',NULL,10,'2024-04-27 14:10:15','2024-04-27 14:10:15',NULL,NULL),(53,'Social_Welfare_e','hagarwal+Social_Welfare_e@velsof.com','$2y$12$A.qmoHEEL91OlgDsYezAVeOnKkpyReAR6pbx8EbfadTcg9It0m5Bu',NULL,11,'2024-04-27 14:10:15','2024-12-02 10:10:11',NULL,NULL),(54,'Economics_and_Statistics_e','hagarwal+Economics_and_Statistics_e@velsof.com','$2y$12$A.qmoHEEL91OlgDsYezAVeOnKkpyReAR6pbx8EbfadTcg9It0m5Bu',NULL,12,'2024-04-27 14:10:15','2024-04-27 14:10:15',NULL,NULL),(55,'Tourism_Jammu_e','hagarwal+Tourism_Jammu_e@velsof.com','$2y$12$A.qmoHEEL91OlgDsYezAVeOnKkpyReAR6pbx8EbfadTcg9It0m5Bu',NULL,13,'2024-04-27 14:10:15','2024-04-27 14:10:15',NULL,NULL),(56,'Finance_e','hagarwal+Finance_e@velsof.com','$2y$12$A.qmoHEEL91OlgDsYezAVeOnKkpyReAR6pbx8EbfadTcg9It0m5Bu',NULL,14,'2024-04-27 14:10:15','2024-04-27 14:10:15',NULL,NULL),(57,'Forest_e','hagarwal+Forest_e@velsof.com','$2y$12$A.qmoHEEL91OlgDsYezAVeOnKkpyReAR6pbx8EbfadTcg9It0m5Bu',NULL,15,'2024-04-27 14:10:15','2024-04-27 14:10:15',NULL,NULL),(58,'Home_e','hagarwal+Home_e@velsof.com','$2y$12$A.qmoHEEL91OlgDsYezAVeOnKkpyReAR6pbx8EbfadTcg9It0m5Bu',NULL,16,'2024-04-27 14:10:15','2024-04-27 14:10:15',NULL,NULL),(60,'Industry_and_Commerce_e','hagarwal+Industry_and_Commerce_e@velsof.com','$2y$12$A.qmoHEEL91OlgDsYezAVeOnKkpyReAR6pbx8EbfadTcg9It0m5Bu',NULL,18,'2024-04-27 14:10:15','2024-12-02 10:12:37',NULL,NULL),(61,'Information_Technology_e','hagarwal+Information_Technology_e@velsof.com','$2y$12$A.qmoHEEL91OlgDsYezAVeOnKkpyReAR6pbx8EbfadTcg9It0m5Bu',NULL,19,'2024-04-27 14:10:15','2024-12-02 10:13:11',NULL,NULL),(62,'Jal_Shakti_e','hagarwal+Jal_Shakti_e@velsof.com','$2y$12$A.qmoHEEL91OlgDsYezAVeOnKkpyReAR6pbx8EbfadTcg9It0m5Bu',NULL,20,'2024-04-27 14:10:15','2024-04-27 14:10:15',NULL,NULL),(72,'APFW_a','hagarwal+APFW_a@velsof.com','$2y$12$A.qmoHEEL91OlgDsYezAVeOnKkpyReAR6pbx8EbfadTcg9It0m5Bu',NULL,1,'2024-04-27 14:10:15','2024-10-18 06:39:07',NULL,NULL),(73,'DoC_a','hagarwal+DoC_a@velsof.com','$2y$12$A.qmoHEEL91OlgDsYezAVeOnKkpyReAR6pbx8EbfadTcg9It0m5Bu',NULL,2,'2024-04-27 14:10:15','2024-04-27 14:10:15',NULL,NULL),(74,'DMRRR_a','hagarwal+DMRRR_a@velsof.com','$2y$12$A.qmoHEEL91OlgDsYezAVeOnKkpyReAR6pbx8EbfadTcg9It0m5Bu',NULL,3,'2024-04-27 14:10:15','2024-04-27 14:10:15',NULL,NULL),(75,'FCSCA_a','hagarwal+FCSCA_a@velsof.com','$2y$12$A.qmoHEEL91OlgDsYezAVeOnKkpyReAR6pbx8EbfadTcg9It0m5Bu',NULL,4,'2024-04-27 14:10:15','2024-04-27 14:10:15',NULL,NULL),(76,'HME_a','hagarwal+HME_a@velsof.com','$2y$12$A.qmoHEEL91OlgDsYezAVeOnKkpyReAR6pbx8EbfadTcg9It0m5Bu',NULL,5,'2024-04-27 14:10:15','2025-04-30 12:47:52',NULL,NULL),(77,'Higher_aducation_a','hagarwal+Higher_aducation_a@velsof.com','$2y$12$A.qmoHEEL91OlgDsYezAVeOnKkpyReAR6pbx8EbfadTcg9It0m5Bu',NULL,6,'2024-04-27 14:10:15','2024-04-27 14:10:15',NULL,NULL),(78,'Horticulture_a','hagarwal+Horticulture_a@velsof.com','$2y$12$A.qmoHEEL91OlgDsYezAVeOnKkpyReAR6pbx8EbfadTcg9It0m5Bu',NULL,7,'2024-04-27 14:10:15','2024-04-27 14:10:15',NULL,NULL),(79,'LJPA_a','hagarwal+LJPA_a@velsof.com','$2y$12$A.qmoHEEL91OlgDsYezAVeOnKkpyReAR6pbx8EbfadTcg9It0m5Bu',NULL,8,'2024-04-27 14:10:15','2024-04-27 14:10:15',NULL,NULL),(80,'RD_PR_a','hagarwal+RD_PR_a@velsof.com','$2y$12$A.qmoHEEL91OlgDsYezAVeOnKkpyReAR6pbx8EbfadTcg9It0m5Bu',NULL,9,'2024-04-27 14:10:15','2024-04-27 14:10:15',NULL,NULL),(81,'Science_and_Technology_a','hagarwal+Science_and_Technology_a@velsof.com','$2y$12$A.qmoHEEL91OlgDsYezAVeOnKkpyReAR6pbx8EbfadTcg9It0m5Bu',NULL,10,'2024-04-27 14:10:15','2024-04-27 14:10:15',NULL,NULL),(82,'Social_Welfare_a','hagarwal+Social_Welfare_a@velsof.com','$2y$12$A.qmoHEEL91OlgDsYezAVeOnKkpyReAR6pbx8EbfadTcg9It0m5Bu',NULL,11,'2024-04-27 14:10:15','2024-12-02 10:10:51',NULL,NULL),(83,'Economics_and_Statistics_a','hagarwal+Economics_and_Statistics_a@velsof.com','$2y$12$A.qmoHEEL91OlgDsYezAVeOnKkpyReAR6pbx8EbfadTcg9It0m5Bu',NULL,12,'2024-04-27 14:10:15','2024-04-27 14:10:15',NULL,NULL),(84,'Tourism_Jammu_a','hagarwal+Tourism_Jammu_a@velsof.com','$2y$12$A.qmoHEEL91OlgDsYezAVeOnKkpyReAR6pbx8EbfadTcg9It0m5Bu',NULL,13,'2024-04-27 14:10:15','2024-04-27 14:10:15',NULL,NULL),(85,'Finance_a','hagarwal+Finance_a@velsof.com','$2y$12$A.qmoHEEL91OlgDsYezAVeOnKkpyReAR6pbx8EbfadTcg9It0m5Bu',NULL,14,'2024-04-27 14:10:15','2024-04-27 14:10:15',NULL,NULL),(86,'Forest_a','hagarwal+Forest_a@velsof.com','$2y$12$A.qmoHEEL91OlgDsYezAVeOnKkpyReAR6pbx8EbfadTcg9It0m5Bu',NULL,15,'2024-04-27 14:10:15','2024-04-27 14:10:15',NULL,NULL),(87,'Home_a','hagarwal+Home_a@velsof.com','$2y$12$A.qmoHEEL91OlgDsYezAVeOnKkpyReAR6pbx8EbfadTcg9It0m5Bu',NULL,16,'2024-04-27 14:10:15','2024-04-27 14:10:15',NULL,NULL),(89,'Industry_and_Commerce_a','hagarwal+Industry_and_Commerce_a@velsof.com','$2y$12$A.qmoHEEL91OlgDsYezAVeOnKkpyReAR6pbx8EbfadTcg9It0m5Bu',NULL,18,'2024-04-27 14:10:15','2024-04-27 14:10:15',NULL,NULL),(90,'Information_Technology_a','hagarwal+Information_Technology_a@velsof.com','$2y$12$A.qmoHEEL91OlgDsYezAVeOnKkpyReAR6pbx8EbfadTcg9It0m5Bu',NULL,19,'2024-04-27 14:10:15','2024-04-27 14:10:15',NULL,NULL),(91,'Jal_Shakti_a','hagarwal+Jal_Shakti_a@velsof.com','$2y$12$A.qmoHEEL91OlgDsYezAVeOnKkpyReAR6pbx8EbfadTcg9It0m5Bu',NULL,20,'2024-04-27 14:10:15','2024-04-27 14:10:15',NULL,NULL),(105,'Housing_and_Urban_e','hagarwal+Housing_and_Urban_e@velsof.com','$2y$12$A.qmoHEEL91OlgDsYezAVeOnKkpyReAR6pbx8EbfadTcg9It0m5Bu',NULL,17,'2024-04-27 14:10:15','2024-04-27 14:10:15',NULL,NULL),(106,'Housing_and_Urban_a','hagarwal+Housing_and_Urban_a@velsof.com','$2y$12$A.qmoHEEL91OlgDsYezAVeOnKkpyReAR6pbx8EbfadTcg9It0m5Bu',NULL,17,'2024-04-27 14:10:15','2024-04-27 14:10:15',NULL,NULL),(107,'Labour_&_Employment_e','hagarwal+Labour_&_Employment_e@velsof.com','$2y$12$A.qmoHEEL91OlgDsYezAVeOnKkpyReAR6pbx8EbfadTcg9It0m5Bu',NULL,21,'2024-04-27 14:10:15','2024-04-27 14:10:15',NULL,NULL),(108,'Labour_&_Employment_a','hagarwal+Labour_&_Employment_a@velsof.com','$2y$12$A.qmoHEEL91OlgDsYezAVeOnKkpyReAR6pbx8EbfadTcg9It0m5Bu',NULL,21,'2024-04-27 14:10:15','2024-04-27 14:10:15',NULL,NULL),(109,'Chief_Electoral_Officer_e','hagarwal+Chief_Electoral_Officer_e@velsof.com','$2y$12$A.qmoHEEL91OlgDsYezAVeOnKkpyReAR6pbx8EbfadTcg9It0m5Bu',NULL,22,'2024-04-27 14:10:15','2024-04-27 14:10:15',NULL,NULL),(110,'Chief_Electoral_Officer_a','hagarwal+Chief_Electoral_Officer_a@velsof.com','$2y$12$A.qmoHEEL91OlgDsYezAVeOnKkpyReAR6pbx8EbfadTcg9It0m5Bu',NULL,22,'2024-04-27 14:10:15','2024-04-27 14:10:15',NULL,NULL),(111,'Planning&Monitoring_e','hagarwal+Planning&Monitoring_e@velsof.com','$2y$12$A.qmoHEEL91OlgDsYezAVeOnKkpyReAR6pbx8EbfadTcg9It0m5Bu',NULL,23,'2024-04-27 14:10:15','2024-04-27 14:10:15',NULL,NULL),(112,'Planning&Monitoring_a','hagarwal+Planning&Monitoring_a@velsof.com','$2y$12$A.qmoHEEL91OlgDsYezAVeOnKkpyReAR6pbx8EbfadTcg9It0m5Bu',NULL,23,'2024-04-27 14:10:15','2024-04-27 14:10:15',NULL,NULL),(113,'Pollution_Control_Committee_e','hagarwal+Pollution_Control_Committee_e@velsof.com','$2y$12$A.qmoHEEL91OlgDsYezAVeOnKkpyReAR6pbx8EbfadTcg9It0m5Bu',NULL,24,'2024-04-27 14:10:15','2024-04-27 14:10:15',NULL,NULL),(114,'Pollution_Control_Committee_a','hagarwal+Pollution_Control_Committee_a@velsof.com','$2y$12$A.qmoHEEL91OlgDsYezAVeOnKkpyReAR6pbx8EbfadTcg9It0m5Bu',NULL,24,'2024-04-27 14:10:15','2024-04-27 14:10:15',NULL,NULL),(115,'Power_Development_Department_e','hagarwal+Power_Development_Department_e@velsof.com','$2y$12$A.qmoHEEL91OlgDsYezAVeOnKkpyReAR6pbx8EbfadTcg9It0m5Bu',NULL,25,'2024-04-27 14:10:15','2024-04-27 14:10:15',NULL,NULL),(116,'Power_Development_Department_a','hagarwal+Power_Development_Department_a@velsof.com','$2y$12$A.qmoHEEL91OlgDsYezAVeOnKkpyReAR6pbx8EbfadTcg9It0m5Bu',NULL,25,'2024-04-27 14:10:15','2024-04-27 14:10:15',NULL,NULL),(117,'PWD_(R&B)_e','hagarwal+PWD_R&B_e@velsof.com','$2y$12$A.qmoHEEL91OlgDsYezAVeOnKkpyReAR6pbx8EbfadTcg9It0m5Bu',NULL,26,'2024-04-27 14:10:15','2024-04-27 14:10:15',NULL,NULL),(118,'PWD_(R&B)_a','hagarwal+PWD_R&B_a@velsof.com','$2y$12$A.qmoHEEL91OlgDsYezAVeOnKkpyReAR6pbx8EbfadTcg9It0m5Bu',NULL,26,'2024-04-27 14:10:15','2024-04-27 14:10:15',NULL,NULL),(119,'School_Education_Department_e','hagarwal+School_Education_Department_e@velsof.com','$2y$12$A.qmoHEEL91OlgDsYezAVeOnKkpyReAR6pbx8EbfadTcg9It0m5Bu',NULL,27,'2024-04-27 14:10:15','2024-04-27 14:10:15',NULL,NULL),(120,'School_Education_Department_a','hagarwal+School_Education_Department_a@velsof.com','$2y$12$A.qmoHEEL91OlgDsYezAVeOnKkpyReAR6pbx8EbfadTcg9It0m5Bu',NULL,27,'2024-04-27 14:10:15','2024-04-27 14:10:15',NULL,NULL),(121,'Transport_Department_e','hagarwal+Transport_Department_e@velsof.com','$2y$12$A.qmoHEEL91OlgDsYezAVeOnKkpyReAR6pbx8EbfadTcg9It0m5Bu',NULL,28,'2024-04-27 14:10:15','2024-04-27 14:10:15',NULL,NULL),(122,'Transport_Department_a','hagarwal+Transport_Department_a@velsof.com','$2y$12$A.qmoHEEL91OlgDsYezAVeOnKkpyReAR6pbx8EbfadTcg9It0m5Bu',NULL,28,'2024-04-27 14:10:15','2024-04-27 14:10:15',NULL,NULL),(123,'Tribal_Affairs_Department_e','hagarwal+Tribal_Affairs_Department_e@velsof.com','$2y$12$A.qmoHEEL91OlgDsYezAVeOnKkpyReAR6pbx8EbfadTcg9It0m5Bu',NULL,29,'2024-04-27 14:10:15','2024-04-27 14:10:15',NULL,NULL),(124,'Tribal_Affairs_Department_a','hagarwal+Tribal_Affairs_Department_a@velsof.com','$2y$12$A.qmoHEEL91OlgDsYezAVeOnKkpyReAR6pbx8EbfadTcg9It0m5Bu',NULL,29,'2024-04-27 14:10:15','2024-04-27 14:10:15',NULL,NULL),(135,'Srinagar_HOD','hagarwal+Srinagar_HOD@velsof.com','$2y$12$GasI4evBys0txCkxik/4luAybq.3EN/iLiMyRxqgjEahq1qKZA05G',19,NULL,'2025-05-24 10:55:31','2025-05-24 10:55:31',NULL,NULL),(136,'Ganderbal_HOD','hagarwal+Ganderbal_HOD@velsof.com','$2y$12$M4seQb9MFOdh5JQS2aYNs.62W6h6acP3.Q2D9/3Pzah.UzudeRVaa',6,NULL,'2025-05-24 10:56:01','2025-05-24 10:56:01',NULL,NULL),(137,'Budgam_HOD','hagarwal+Budgam_HOD@velsof.com','$2y$12$RIKfuR4KgLNjxUc0MunBz.a6X47oZJKjGO.9tsxfd28btwNZdAAqC',4,NULL,'2025-05-24 10:56:44','2025-05-24 10:56:44',NULL,NULL),(138,'Anantnag_HOD','hagarwal+Anantnag_HOD@velsof.com','$2y$12$Qxo8YHGx0YjaenLK22h2pu.dJp.o6g4L6DseeqL1/H294FS3mQwMe',1,NULL,'2025-05-24 10:57:25','2025-05-24 10:57:25',NULL,NULL),(139,'Kulgam_HOD','hagarwal+Kulgam_HOD@velsof.com','$2y$12$tfhH1IIbRXcotrM2/IcYkeia1a701EIF3e8rwgNNKVnde1uGPDid6',10,NULL,'2025-05-24 10:57:51','2025-05-24 10:57:51',NULL,NULL),(140,'Pulwama_HOD','hagarwal+Pulwama_HOD@velsof.com','$2y$12$GVOASgP.9wgXjQ2/SQopWeK1/aifOC1WG5hWhw7Bc7HhrbrFpV8NK',13,NULL,'2025-05-24 10:58:13','2025-05-24 10:58:13',NULL,NULL),(141,'Shopian_HOD','hagarwal+Shopian_HOD@velsof.com','$2y$12$hoWhyUexdmIIjG1S..9PRu5Kp8pAwfl1hPXutXAkHtd0d4/hd9WxS',18,NULL,'2025-05-24 10:58:31','2025-05-24 11:11:56',NULL,NULL),(142,'Baramulla_HOD','hagarwal+Baramulla_HOD@velsof.com','$2y$12$PbxAcNvilytimS65GjwxBuFj4GZSuqEV5b5f.0djHTF9q7HsylLTu',3,NULL,'2025-05-24 10:58:51','2025-05-24 10:58:51',NULL,NULL),(143,'Bandipora_HOD','hagarwal+Bandipora_HOD@velsof.com','$2y$12$/hBNye1oAtR.503Fh5Q.6e3tYDq2svNW12u6QryFA6jKzFijW8OFS',2,NULL,'2025-05-24 10:59:11','2025-05-24 10:59:11',NULL,NULL),(144,'Kupwara_HOD','hagarwal+Kupwara_HOD@velsof.com','$2y$12$LU5a7jqmplmzTnFOXcMB9.vgvWYVTtDVzqdq4PmzdXOmLEYROYYRy',11,NULL,'2025-05-24 10:59:29','2025-05-24 10:59:29',NULL,NULL),(145,'Jammu_HOD','hagarwal+Jammu_HOD@velsof.com','$2y$12$StIEzLJGD/vNLq6jhQrpK.GAudQCxkczQ9FMDDKuB6tD1ViqKhehO',7,NULL,'2025-05-24 10:59:46','2025-05-24 12:08:33','2025-05-25 09:58:58','v2fJPstaRGX36jeg9IobF5aSDKkWu9OfXDVu994Y'),(146,'Samba_HOD','hagarwal+Samba_HOD@velsof.com','$2y$12$AEvFWilgWWJBinMNDY1ht.j/gB3UMS0bOdujV8yahzp64nXIKsl.i',17,NULL,'2025-05-24 11:00:12','2025-05-24 11:00:12',NULL,NULL),(147,'Udhampur_HOD','hagarwal+Udhampur_HOD@velsof.com','$2y$12$6rUm7G15bhf1b7J2TK0kO.Oy4qboovnA5jhIvBT8JOgNul7mV6xaG',20,NULL,'2025-05-24 11:00:30','2025-05-24 11:00:30',NULL,NULL),(148,'Ramban_HOD','hagarwal+Ramban_HOD@velsof.com','$2y$12$wJxM2asvN0pKo5AUY/n9vudhalwpniEZUTg5EfQSMFoedN7gY7eOS',15,NULL,'2025-05-24 11:01:06','2025-05-24 11:01:06',NULL,NULL),(149,'Kathua_HOD','hagarwal+Kathua_HOD@velsof.com','$2y$12$DnIbUDPfYih.XXp8q1C60OvpTISPvhOQXVH6zICIRrSen414jxeKe',8,NULL,'2025-05-24 11:01:31','2025-05-24 11:01:31',NULL,NULL),(150,'Reasi_HOD','hagarwal+Reasi_HOD@velsof.com','$2y$12$tKr0HHPfVq8eDEPbJ4sVBOi/VWXCDdaO5Wq5gordM52EwqmhfhI6y',16,NULL,'2025-05-24 11:01:48','2025-05-24 11:01:48',NULL,NULL),(151,'Poonch_HOD','hagarwal+Poonch_HOD@velsof.com','$2y$12$exwRbXHV2yWjzcC3USwrOu0y/sA3sP8nygfn7kN7KsuXAqik3A5H.',12,NULL,'2025-05-24 11:02:06','2025-05-24 11:02:06',NULL,NULL),(152,'Rajouri_HOD','hagarwal+Rajouri_HOD@velsof.com','$2y$12$5J2e.y2tRY0VP0cXsO57JOTXLINLkggGu3ODnhFVcIpzq9EEDFpiy',14,NULL,'2025-05-24 11:02:26','2025-05-24 11:02:26',NULL,NULL),(153,'Doda_HOD','hagarwal+Doda_HOD@velsof.com','$2y$12$83d5EWc0hU.O446rXwTUMeb2g02oEJu5boQctAvJcDRG/SJZM4JVW',5,NULL,'2025-05-24 11:02:44','2025-05-24 11:02:44',NULL,NULL),(154,'Kishtwar_HOD','hagarwal+Kishtwar_HOD@velsof.com','$2y$12$l83YeOy8mgMP2oA4dImw9OnrXGO0htKCexXtzACJ6AXHBEQMEOqkW',9,NULL,'2025-05-24 11:03:04','2025-05-24 11:03:04','2025-05-24 11:05:12','nY4ibsW2S7kmEUzBwr7zhExI8DXfQx9WuaKFghRg'),(155,'APFW_HOD','hagarwal+APFW_HOD@velsof.com','$2y$12$trIVMVZ3Snr2rurkrrFY9OlRJ4hbKoDLQtxEMHPGAnDgfJCWr.VSi',NULL,1,'2025-05-24 11:12:46','2025-05-24 11:12:46',NULL,NULL),(156,'DoC_HOD','hagarwal+DoC_HOD@velsof.com','$2y$12$3g1OlmPZDaJ64W.hS.C5ZO50qrv2Q/ag39KnF.pknpwwQWLLY4VQW',NULL,2,'2025-05-24 11:13:10','2025-05-24 11:13:10',NULL,NULL),(157,'DMRRR_HOD','hagarwal+DMRRR_HOD@velsof.com','$2y$12$xBxt.fp33sgp5tPXt76ywOK.Wx2ZAbmG2i0kRMkgsr.HmKHYLvWAW',NULL,3,'2025-05-24 11:13:34','2025-05-24 11:13:34',NULL,NULL),(158,'FCSCA_HOD','hagarwal+FCSCA_HOD@velsof.com','$2y$12$JO/cQ4LvyINm1WnVAjzriOcL.3dqor5gqqM25TJD4j.OO5BX87KbG',NULL,4,'2025-05-24 11:14:00','2025-05-24 11:14:00',NULL,NULL),(159,'HME_HOD','hagarwal+HME_HOD@velsof.com','$2y$12$8iNf4mTmPNeQVxtQnX360.kwlvoMe0pczBKN1dGdgPQWQ9mefwZN6',NULL,5,'2025-05-24 11:14:22','2025-05-24 11:14:22',NULL,NULL),(160,'Higher_education_HOD','hagarwal+Higher_education_HOD@velsof.com','$2y$12$kekmVBPvqFpAPIF2HrYUDuSqz1zGBvq6//7SH.SD6tlaaSv4o2S4W',NULL,6,'2025-05-24 11:14:43','2025-05-24 11:14:43',NULL,NULL),(161,'Horticulture_HOD','hagarwal+Horticulture_HOD@velsof.com','$2y$12$W3.I1Q7KPv8tBv.wC/LQUefgzESAyl1et4fFNGNv15CVQmoKuNzxW',NULL,7,'2025-05-24 11:15:04','2025-05-24 11:15:04',NULL,NULL),(162,'LJPA_HOD','hagarwal+LJPA_HOD@velsof.com','$2y$12$Rf/zalUPnWwL22Rzkgt5zeT5SjtOFF0oiVC5UzpEKDA87/CaFMtS.',NULL,8,'2025-05-24 11:15:24','2025-05-24 11:15:24',NULL,NULL),(163,'RD_PR_HOD','hagarwal+RD_PR_HOD@velsof.com','$2y$12$JDT9AmyGssi8hs9uo9Hae.KpDEy9MB6BI.aiesAwV6sHu6mwyFZWm',NULL,9,'2025-05-24 11:15:46','2025-05-24 11:15:46',NULL,NULL),(164,'Science_and_Technology_HOD','hagarwal+Science_and_Technology_HOD@velsof.com','$2y$12$8Bnn4V2JW.HdTaopVWF9gOvCKNhnApEOf1QvMPudYeSJj5k4hq7YC',NULL,10,'2025-05-24 11:19:08','2025-05-24 11:19:08',NULL,NULL),(165,'Social_Welfare_HOD','hagarwal+Social_Welfare_HOD@velsof.com','$2y$12$4k4.AHzzfL2.kNNbpxHykufcJMuDb17/cJvkKRACDtMGaVUExPeBy',NULL,11,'2025-05-24 11:19:52','2025-05-24 11:19:52',NULL,NULL),(166,'Economics_and_Statistics_HOD','hagarwal+Economics_and_Statistics_HOD@velsof.com','$2y$12$JTJGLwa2pmYBTpdFMJ6LM.Sm5cEnzBuCv6iqhueZQ7klzyICYdcXm',NULL,12,'2025-05-24 11:20:19','2025-05-24 11:20:19',NULL,NULL),(167,'Tourism_Jammu_HOD','hagarwal+Tourism_Jammu_HOD@velsof.com','$2y$12$fhGo7VyFZE/YMUO1DueFKOE1oXlwKk13Zxfbt35ORu0ufq9xkDYKO',NULL,13,'2025-05-24 11:20:42','2025-05-24 11:20:42',NULL,NULL),(168,'Finance_HOD','hagarwal+Finance_HOD@velsof.com','$2y$12$qkddaKZCC9yfUYnj6m9dBePIGChQJmRxilwd02qT9IPwa.ZkuDo5C',NULL,14,'2025-05-24 11:21:00','2025-05-24 11:21:00',NULL,NULL),(169,'Forest_HOD','hagarwal+Forest_HOD@velsof.com','$2y$12$GjDiTk8wRk2WTmBMcCC8A.mu5w7rx8apo7KkT8kos125jCFiN7KSO',NULL,15,'2025-05-24 11:21:26','2025-05-24 11:21:26',NULL,NULL),(170,'Home_HOD','hagarwal+Home_HOD@velsof.com','$2y$12$dWSMvDxAHSqsEgbaO.WLNOr9f60YSBdu2zS9do1vX8Yiqr9H8o2b2',NULL,16,'2025-05-24 11:21:45','2025-05-24 11:21:45',NULL,NULL),(171,'Industry_and_Commerce_HOD','hagarwal+Industry_and_Commerce_HOD@velsof.com','$2y$12$uxk4dQlW9FJPEQzVTXagdeDO2UYIppde4XMNRED9qtfWmckj3E/76',NULL,18,'2025-05-24 11:22:04','2025-05-24 11:22:04',NULL,NULL),(172,'Information_Technology_HOD','hagarwal+Information_Technology_HOD@velsof.com','$2y$12$6LU6G9xliZC2jz9zECSQwOJIgY3TYE0jYBtPrwtQYG8qI5lIQq1LO',NULL,19,'2025-05-24 11:22:25','2025-05-24 11:22:25',NULL,NULL),(173,'Jal_Shakti_HOD','hagarwal+Jal_Shakti_HOD@velsof.com','$2y$12$um7sdYrHE.WkWOKocNNgFOfTG82wKnDdotRwTLjRierKCwSfQeqB6',NULL,20,'2025-05-24 11:22:43','2025-05-24 11:22:43',NULL,NULL),(174,'Housing_and_Urban_HOD','hagarwal+Housing_and_Urban_HOD@velsof.com','$2y$12$Q0rdgTOxb4s.DO16E1lEReOGAcZiGnZ5XoLQ9idFoRfvCUVpTQF0O',NULL,17,'2025-05-24 11:26:47','2025-05-24 11:26:47',NULL,NULL),(175,'Labour_&_Employment_HOD','hagarwal+Labour_&_Employment_HOD@velsof.com','$2y$12$XP5RZ44FPb876ytWVYzIKOEpheKwA3yb643kj8XE9x62LJae65gLe',NULL,21,'2025-05-24 11:27:05','2025-05-24 11:27:05',NULL,NULL),(176,'Chief_Electoral_Officer_HOD','hagarwal+Chief_Electoral_Officer_HOD@vesof.com','$2y$12$8UTHFiM0IUgmp2Cdn3eCru6Sdb7h5HPJpPSLoRlyKXhzOwtIqAo1e',NULL,22,'2025-05-24 11:28:28','2025-05-24 11:28:28',NULL,NULL),(177,'Planning&Monitoring_HOD','hagarwal+Planning&Monitoring_HOD@velsof.com','$2y$12$z26maz6szqLYr/bdajStZOJMYmSljI/vGleoC4gYFYyRpCPAQ3uK2',NULL,23,'2025-05-24 11:28:46','2025-05-24 11:28:46',NULL,NULL),(178,'Pollution_Control_Committee_HOD','hagarwal+Pollution_Control_Committee_HOD@velsof.com','$2y$12$.pkCX0nIKuL541Gb967FsO7qTSMYK3utjl0ZulPhlFO6DFfjmKlc6',NULL,24,'2025-05-24 11:29:05','2025-05-24 11:29:05',NULL,NULL),(179,'Power_Development_Department_HOD','hagarwal+Power_Development_Department_HOD@velsof.com','$2y$12$Lqo2Viciw1.gVVjF6MptKeL.8VT6GdEoBhVjn/QNJHuS7lRdQQ33y',NULL,25,'2025-05-24 11:29:27','2025-05-24 11:29:27',NULL,NULL),(180,'PWD_(R&B)_HOD','hagarwal+PWD_R&B_HOD@velsof.com','$2y$12$O8KCcdypEE4PWrThkdlP5.EerJz8xVa4W88/jtyC/w/YeXsluUh7u',NULL,26,'2025-05-24 11:30:02','2025-05-24 11:30:02',NULL,NULL),(181,'School_Education_Department_HOD','hagarwal+School_Education_Department_HOD@velsof.com','$2y$12$m/RmxIqT/zY/4CXqdXNKNO28t7be6I0oun7iE1N3MX6hJlE5qDaBS',NULL,27,'2025-05-24 11:30:22','2025-05-24 11:30:22',NULL,NULL),(182,'Transport_Department_HOD','hagarwal+Transport_Department_HOD@velsof.com','$2y$12$SboHZODO4LoHBZrIlXvQn.pwh.ac/nkDvXZvfoKc8D5KNZblpKaLW',NULL,28,'2025-05-24 11:30:44','2025-05-24 11:30:44',NULL,NULL),(183,'Tribal_affairs_Department_HOD','hagarwal+Tribal_affairs_Department_HOD@velsof.com','$2y$12$OlKb0Y8SGWWUGMJtRW7zEO1fY62bHlJR86r2bI.WMnkWg1V/eECqG',NULL,29,'2025-05-24 11:31:03','2025-05-24 11:31:03',NULL,NULL);


